{"id":16343,"date":"2009-11-07T00:00:00","date_gmt":"2009-11-07T00:00:00","guid":{"rendered":"https:\/\/fcmanrique.org\/fcm-publicacion\/guillermo-topham-cronista-oficial-de-lanzarote\/"},"modified":"2023-11-29T13:25:54","modified_gmt":"2023-11-29T13:25:54","slug":"guillermo-topham-cronista-oficial-de-lanzarote","status":"publish","type":"fcm_publicacion","link":"https:\/\/fcmanrique.org\/fr\/fcm-publicacion\/guillermo-topham-cronista-oficial-de-lanzarote\/","title":{"rendered":"Guillermo Topham. Cronista oficial de Lanzarote"},"content":{"rendered":"<p class=\"qtranxs-available-languages-message qtranxs-available-languages-message-fr\">D\u00e9sol\u00e9, cet article est seulement disponible en <a href=\"https:\/\/fcmanrique.org\/es\/wp-json\/wp\/v2\/fcm_publicacion\/16343\" class=\"qtranxs-available-language-link qtranxs-available-language-link-es\" title=\"ES\">ES<\/a>.<\/p><p><span style=\"ofont-size: 10pt;\">Este libro no es una biograf\u00eda sino que se centra en el estudio de la carrera period\u00edstica de Guillermo Topham<\/span> <span style=\"ofont-size: 10pt;\">(Arrecife, 1916-2000), y en su faceta como promotor de opini\u00f3n p\u00fablica en la Isla. Topham trabaj\u00f3 en medios de comunicaci\u00f3n locales, como <em>Pron\u00f3sticos<\/em>, <em>Antena<\/em> o <em>La Voz de Lanzarote<\/em> y tambi\u00e9n en medios regionales y nacionales, como <em>Falange<\/em>, <em>La Provincia<\/em> o la Agencia <em>Efe,<\/em> y en ellos volc\u00f3 sus dos pasiones: el periodismo y Lanzarote. Utiliz\u00f3 las cr\u00f3nicas para ponerlas al servicio de las reivindicaciones de los habitantes de su isla.<\/span><\/p>\n<p><span style=\"ofont-size: 10pt;\">La parte m\u00e1s valiosa del trabajo de Topham es su presencia como editorialista entre los a\u00f1os cuarenta y sesenta, cuando se\u00f1ala la grave situaci\u00f3n de Lanzarote: problemas de abastecimiento de alimentos, escasez de agua, nefastas comunicaciones, la agon\u00eda del campo, la pobreza, los movimientos y planes de promoci\u00f3n insular, la especulaci\u00f3n o la transici\u00f3n pol\u00edtica. El conocimiento de la etapa previa a la revoluci\u00f3n del turismo en Lanzarote tiene las claves en la obra de Topham.<\/span><\/p>\n<p><span style=\"ofont-size: 10pt;\"><strong>Mario Ferrer Pe\u00f1ate<\/strong> (Arrecife, 1979), es licenciado en Ciencias de la Informaci\u00f3n e Historia del Arte y, en la actualidad, est\u00e1 finalizando una tesis doctoral sobre la historia de la comunicaci\u00f3n social en Lanzarote y Fuerteventura. Es uno de los coordinadores de <em>Memoria Digital de Lanzarote<\/em>, un portal institucional dedicado a la difusi\u00f3n del patrimonio documental de la isla. Como investigador, ha realizado varias publicaciones sobre historia contempor\u00e1nea en revistas especializadas de Canarias. Como periodista, ha colaborado con diversos medios de comunicaci\u00f3n locales y regionales (<em>TVE<\/em>, <em>Canarias 7<\/em>, <em>Radio Lanzarote<\/em>, entre otros) y ha sido codirector de las ediciones de 2007 y 2009 de la <em>Bienal Off<\/em> del MIAC y de la revista <em>Majalula<\/em> (2005-2007).<\/span><\/p>\n<p><strong>Presentaci\u00f3n del libro, el 4 de marzo de 2010, en la Sala Saramago:&nbsp;<\/strong><a href=\"https:\/\/fcmanrique.org\/fcm-actividad\/la-fcm-presenta-los-dos-primeros-ti\/?cpg=5\" target=\"_blank\" rel=\"noopener\">Acto de presentaci\u00f3n<\/a><\/p>","protected":false},"featured_media":16344,"parent":0,"template":"","meta":{"_acf_changed":false,"ngg_post_thumbnail":0,"footnotes":""},"publicacion_coleccion":[61],"class_list":["post-16343","fcm_publicacion","type-fcm_publicacion","status-publish","has-post-thumbnail","hentry","publicacion_coleccion-islas-de-memoria"],"acf":[],"_links":{"self":[{"href":"https:\/\/fcmanrique.org\/fr\/wp-json\/wp\/v2\/fcm_publicacion\/16343","targetHints":{"allow":["GET"]}}],"collection":[{"href":"https:\/\/fcmanrique.org\/fr\/wp-json\/wp\/v2\/fcm_publicacion"}],"about":[{"href":"https:\/\/fcmanrique.org\/fr\/wp-json\/wp\/v2\/types\/fcm_publicacion"}],"version-history":[{"count":2,"href":"https:\/\/fcmanrique.org\/fr\/wp-json\/wp\/v2\/fcm_publicacion\/16343\/revisions"}],"predecessor-version":[{"id":24731,"href":"https:\/\/fcmanrique.org\/fr\/wp-json\/wp\/v2\/fcm_publicacion\/16343\/revisions\/24731"}],"wp:featuredmedia":[{"embeddable":true,"href":"https:\/\/fcmanrique.org\/fr\/wp-json\/wp\/v2\/media\/16344"}],"wp:attachment":[{"href":"https:\/\/fcmanrique.org\/fr\/wp-json\/wp\/v2\/media?parent=16343"}],"wp:term":[{"taxonomy":"publicacion_coleccion","embeddable":true,"href":"https:\/\/fcmanrique.org\/fr\/wp-json\/wp\/v2\/publicacion_coleccion?post=16343"}],"curies":[{"name":"wp","href":"https:\/\/api.w.org\/{rel}","templated":true}]}}

<p class="qtranxs-available-languages-message qtranxs-available-languages-message-fr">Désolé, cet article est seulement disponible en <a href="https://fcmanrique.org/es/wp-json/wp/v2/fcm_publicacion/16343" class="qtranxs-available-language-link qtranxs-available-language-link-es" title="ES">ES</a>.</p><p><span style="ofont-size: 10pt;">Este libro no es una biografía sino que se centra en el estudio de la carrera periodística de Guillermo Topham</span> <span style="ofont-size: 10pt;">(Arrecife, 1916-2000), y en su faceta como promotor de opinión pública en la Isla. Topham trabajó en medios de comunicación locales, como <em>Pronósticos</em>, <em>Antena</em> o <em>La Voz de Lanzarote</em> y también en medios regionales y nacionales, como <em>Falange</em>, <em>La Provincia</em> o la Agencia <em>Efe,</em> y en ellos volcó sus dos pasiones: el periodismo y Lanzarote. Utilizó las crónicas para ponerlas al servicio de las reivindicaciones de los habitantes de su isla.</span></p>
<p><span style="ofont-size: 10pt;">La parte más valiosa del trabajo de Topham es su presencia como editorialista entre los años cuarenta y sesenta, cuando señala la grave situación de Lanzarote: problemas de abastecimiento de alimentos, escasez de agua, nefastas comunicaciones, la agonía del campo, la pobreza, los movimientos y planes de promoción insular, la especulación o la transición política. El conocimiento de la etapa previa a la revolución del turismo en Lanzarote tiene las claves en la obra de Topham.</span></p>
<p><span style="ofont-size: 10pt;"><strong>Mario Ferrer Peñate</strong> (Arrecife, 1979), es licenciado en Ciencias de la Información e Historia del Arte y, en la actualidad, está finalizando una tesis doctoral sobre la historia de la comunicación social en Lanzarote y Fuerteventura. Es uno de los coordinadores de <em>Memoria Digital de Lanzarote</em>, un portal institucional dedicado a la difusión del patrimonio documental de la isla. Como investigador, ha realizado varias publicaciones sobre historia contemporánea en revistas especializadas de Canarias. Como periodista, ha colaborado con diversos medios de comunicación locales y regionales (<em>TVE</em>, <em>Canarias 7</em>, <em>Radio Lanzarote</em>, entre otros) y ha sido codirector de las ediciones de 2007 y 2009 de la <em>Bienal Off</em> del MIAC y de la revista <em>Majalula</em> (2005-2007).</span></p>
<p><strong>Presentación del libro, el 4 de marzo de 2010, en la Sala Saramago:&nbsp;</strong><a href="https://fcmanrique.org/fcm-actividad/la-fcm-presenta-los-dos-primeros-ti/?cpg=5" target="_blank" rel="noopener">Acto de presentación</a></p>
