{"id":17714,"date":"1996-06-01T00:00:00","date_gmt":"1996-06-01T00:00:00","guid":{"rendered":"https:\/\/fcmanrique.org\/fcm-publicacion\/la-fertilizacion-en-los-sistemas-agrarios-una-perspectiva-historica-2\/"},"modified":"2021-12-21T14:22:01","modified_gmt":"2021-12-21T14:22:01","slug":"la-fertilizacion-en-los-sistemas-agrarios-una-perspectiva-historica-2","status":"publish","type":"fcm_publicacion","link":"https:\/\/fcmanrique.org\/fr\/fcm-publicacion\/la-fertilizacion-en-los-sistemas-agrarios-una-perspectiva-historica-2\/","title":{"rendered":"La fertilizaci\u00f3n en los sistemas agrarios. Una perspectiva hist\u00f3rica"},"content":{"rendered":"<p class=\"qtranxs-available-languages-message qtranxs-available-languages-message-fr\">D\u00e9sol\u00e9, cet article est seulement disponible en <a href=\"https:\/\/fcmanrique.org\/es\/wp-json\/wp\/v2\/fcm_publicacion\/17714\" class=\"qtranxs-available-language-link qtranxs-available-language-link-es\" title=\"ES\">ES<\/a>.<\/p><p><!-- [if gte mso 9]><xml>\n\nNormal\n0\n21\n\nMicrosoftInternetExplorer4\n\n<\/xml><![endif]--><\/p>\n<style type=\"text\/css\">\n<!-- \/* Style Definitions *\/ p.MsoNormal, li.MsoNormal, div.MsoNormal {mso-style-parent:\"\"; margin:0cm; margin-bottom:.0001pt; font-size:11.0pt; mso-fareast-\"Times New Roman\"; mso-bidi-\"Times New Roman\";} @page Section1 {size:612.0pt 792.0pt; margin:70.85pt 3.0cm 70.85pt 3.0cm;} div.Section1 {page:Section1;} --><br \/><\/style>\n<p><!-- [if gte mso 10]>\n\n\n\n<style>\n \/* Style Definitions *\/<br \/> table.MsoNormalTable<br \/>\t{mso-style-name:\"Tabla normal\";<br \/>\tmso-style-parent:\"\";<br \/>\tfont-size:10.0pt;\"Times New Roman\";}<br \/><\/style>\n\n<![endif]--><span style=\"font-size: 10pt;\">Este libro es fruto de varios encuentros entre t\u00e9cnicos e historiadores sobre las formas de reposici\u00f3n de nutrientes en los sistemas agrarios. Comprende una parte general y otra con estudios de casos referentes a las principales regiones espa\u00f1olas. Incluye textos de Xex\u00fas Balboa, Juan de la Cruz Calvo, Lourenzo Fern\u00e1ndez y Ram\u00f3n Garrabou (eds.), Jos\u00e9 Mar\u00eda Gasc\u00f3, Manuel Gonz\u00e1lez de Molina, Antonio L\u00f3pez Estudillo, Jos\u00e9 L\u00f3pez\u2013G\u00e1lvez, Enric Mateu, Jos\u00e9 Manuel Naredo (ed.), Yann Pouliquen y Enric Saguer. 275 p\u00e1ginas.<\/span><span style=\"font-size: 10pt; line-height: 110%;\"><br \/>\n<\/span><\/p>","protected":false},"featured_media":17715,"parent":0,"template":"","meta":{"_acf_changed":false,"ngg_post_thumbnail":0,"footnotes":""},"publicacion_coleccion":[56],"class_list":["post-17714","fcm_publicacion","type-fcm_publicacion","status-publish","has-post-thumbnail","hentry","publicacion_coleccion-coediciones"],"acf":[],"_links":{"self":[{"href":"https:\/\/fcmanrique.org\/fr\/wp-json\/wp\/v2\/fcm_publicacion\/17714","targetHints":{"allow":["GET"]}}],"collection":[{"href":"https:\/\/fcmanrique.org\/fr\/wp-json\/wp\/v2\/fcm_publicacion"}],"about":[{"href":"https:\/\/fcmanrique.org\/fr\/wp-json\/wp\/v2\/types\/fcm_publicacion"}],"version-history":[{"count":3,"href":"https:\/\/fcmanrique.org\/fr\/wp-json\/wp\/v2\/fcm_publicacion\/17714\/revisions"}],"predecessor-version":[{"id":22505,"href":"https:\/\/fcmanrique.org\/fr\/wp-json\/wp\/v2\/fcm_publicacion\/17714\/revisions\/22505"}],"wp:featuredmedia":[{"embeddable":true,"href":"https:\/\/fcmanrique.org\/fr\/wp-json\/wp\/v2\/media\/17715"}],"wp:attachment":[{"href":"https:\/\/fcmanrique.org\/fr\/wp-json\/wp\/v2\/media?parent=17714"}],"wp:term":[{"taxonomy":"publicacion_coleccion","embeddable":true,"href":"https:\/\/fcmanrique.org\/fr\/wp-json\/wp\/v2\/publicacion_coleccion?post=17714"}],"curies":[{"name":"wp","href":"https:\/\/api.w.org\/{rel}","templated":true}]}}

La fertilización en los sistemas agrarios. Una perspectiva histórica

<p class="qtranxs-available-languages-message qtranxs-available-languages-message-fr">Désolé, cet article est seulement disponible en <a href="https://fcmanrique.org/es/wp-json/wp/v2/fcm_publicacion/17714" class="qtranxs-available-language-link qtranxs-available-language-link-es" title="ES">ES</a>.</p><p><!-- [if gte mso 9]><xml>

Normal
0
21

MicrosoftInternetExplorer4

</xml><![endif]--></p>
<style type="text/css">
<!-- /* Style Definitions */ p.MsoNormal, li.MsoNormal, div.MsoNormal {mso-style-parent:""; margin:0cm; margin-bottom:.0001pt; font-size:11.0pt; mso-fareast-"Times New Roman"; mso-bidi-"Times New Roman";} @page Section1 {size:612.0pt 792.0pt; margin:70.85pt 3.0cm 70.85pt 3.0cm;} div.Section1 {page:Section1;} --><br /></style>
<p><!-- [if gte mso 10]>



<style>
 /* Style Definitions */<br /> table.MsoNormalTable<br />	{mso-style-name:"Tabla normal";<br />	mso-style-parent:"";<br />	font-size:10.0pt;"Times New Roman";}<br /></style>

<![endif]--><span style="font-size: 10pt;">Este libro es fruto de varios encuentros entre técnicos e historiadores sobre las formas de reposición de nutrientes en los sistemas agrarios. Comprende una parte general y otra con estudios de casos referentes a las principales regiones españolas. Incluye textos de Xexús Balboa, Juan de la Cruz Calvo, Lourenzo Fernández y Ramón Garrabou (eds.), José María Gascó, Manuel González de Molina, Antonio López Estudillo, José López–Gálvez, Enric Mateu, José Manuel Naredo (ed.), Yann Pouliquen y Enric Saguer. 275 páginas.</span><span style="font-size: 10pt; line-height: 110%;"><br />
</span></p>
