{"id":17956,"date":"2019-05-01T22:00:36","date_gmt":"2019-05-01T22:00:36","guid":{"rendered":"https:\/\/fcmanrique.org\/?post_type=fcm_video&#038;p=17956"},"modified":"2023-06-15T18:13:29","modified_gmt":"2023-06-15T18:13:29","slug":"canarias-del-suelo-al-territorio-insostenible","status":"publish","type":"fcm_video","link":"https:\/\/fcmanrique.org\/fr\/fcm-video\/canarias-del-suelo-al-territorio-insostenible\/","title":{"rendered":"Mesa redonda. \u00abCanarias, del suelo al territorio (in)sostenible\u00bb"},"content":{"rendered":"<p class=\"qtranxs-available-languages-message qtranxs-available-languages-message-fr\">D\u00e9sol\u00e9, cet article est seulement disponible en <a href=\"https:\/\/fcmanrique.org\/es\/wp-json\/wp\/v2\/fcm_video\/17956\" class=\"qtranxs-available-language-link qtranxs-available-language-link-es\" title=\"ES\">ES<\/a>.<\/p><p>La FCM ha mantenido una posici\u00f3n muy activa de oposici\u00f3n a la Ley del Suelo tramitada por el Gobierno, al considerarla desarrollista, desreguladora, una ley estructural despojada del necesario consenso pol\u00edtico y social, que cierra la puerta a cualquier posibilidad de equilibrio entre urbanismo, actividad econ\u00f3mica y protecci\u00f3n del medio. A juicio de la instituci\u00f3n, la Ley del Suelo despliega efectos demoledores sobre el territorio, los recursos naturales y paisaj\u00edsticos y la calidad de vida de los habitantes de las Islas porque fomenta la especulaci\u00f3n, el desarrollismo y la conflictividad judicial al rebajar los controles legales de la Administraci\u00f3n.<\/p>\n<p>Fernando G\u00f3mez Aguilera, comisario de la Exposici\u00f3n que se inauguraba y director de la FCM present\u00f3 la exposici\u00f3n \u00ab\u00a0C\u00e9sar Manrique, palabra y compromiso: al poder se le incomoda\u00a0\u00bb.<\/p>\n<p>Posteriormente, participaron en la mesa redonda: Faustino Garc\u00eda M\u00e1rquez, Emma P\u00e9rez-Chac\u00f3n, Antonio P\u00e9rez y Eugenio Reyes. Moder\u00f3: Sa\u00fal Garc\u00eda.<\/p>\n<p><strong>Leer la cr\u00f3nica de la mesa redonda:<\/strong> <a href=\"https:\/\/fcmanrique.org\/fcm-c-acti-celebrada\/exposicion-manifiesto-y-mesa-redonda\/?lang=es\">https:\/\/fcmanrique.org\/fcm-c-acti-celebrada\/exposicion-manifiesto-y-mesa-redonda\/?lang=es<\/a><\/p>\n<p><strong>M\u00e1s informaci\u00f3n:<\/strong>&nbsp;<a href=\"https:\/\/fcmanrique.org\/wp-content\/uploads\/fc-manrique-exposici\u00f3n-mesa-manifiesto.pdf\">Nota de prensa<\/a><\/p>","protected":false},"featured_media":23623,"parent":0,"template":"","meta":{"_acf_changed":false,"ngg_post_thumbnail":0,"footnotes":""},"video_coleccion":[105],"class_list":["post-17956","fcm_video","type-fcm_video","status-publish","has-post-thumbnail","hentry","video_coleccion-mesa-redonda"],"acf":[],"_links":{"self":[{"href":"https:\/\/fcmanrique.org\/fr\/wp-json\/wp\/v2\/fcm_video\/17956","targetHints":{"allow":["GET"]}}],"collection":[{"href":"https:\/\/fcmanrique.org\/fr\/wp-json\/wp\/v2\/fcm_video"}],"about":[{"href":"https:\/\/fcmanrique.org\/fr\/wp-json\/wp\/v2\/types\/fcm_video"}],"version-history":[{"count":23,"href":"https:\/\/fcmanrique.org\/fr\/wp-json\/wp\/v2\/fcm_video\/17956\/revisions"}],"predecessor-version":[{"id":23540,"href":"https:\/\/fcmanrique.org\/fr\/wp-json\/wp\/v2\/fcm_video\/17956\/revisions\/23540"}],"wp:featuredmedia":[{"embeddable":true,"href":"https:\/\/fcmanrique.org\/fr\/wp-json\/wp\/v2\/media\/23623"}],"wp:attachment":[{"href":"https:\/\/fcmanrique.org\/fr\/wp-json\/wp\/v2\/media?parent=17956"}],"wp:term":[{"taxonomy":"video_coleccion","embeddable":true,"href":"https:\/\/fcmanrique.org\/fr\/wp-json\/wp\/v2\/video_coleccion?post=17956"}],"curies":[{"name":"wp","href":"https:\/\/api.w.org\/{rel}","templated":true}]}}

<p class="qtranxs-available-languages-message qtranxs-available-languages-message-fr">Désolé, cet article est seulement disponible en <a href="https://fcmanrique.org/es/wp-json/wp/v2/fcm_video/17956" class="qtranxs-available-language-link qtranxs-available-language-link-es" title="ES">ES</a>.</p><p>La FCM ha mantenido una posición muy activa de oposición a la Ley del Suelo tramitada por el Gobierno, al considerarla desarrollista, desreguladora, una ley estructural despojada del necesario consenso político y social, que cierra la puerta a cualquier posibilidad de equilibrio entre urbanismo, actividad económica y protección del medio. A juicio de la institución, la Ley del Suelo despliega efectos demoledores sobre el territorio, los recursos naturales y paisajísticos y la calidad de vida de los habitantes de las Islas porque fomenta la especulación, el desarrollismo y la conflictividad judicial al rebajar los controles legales de la Administración.</p>
<p>Fernando Gómez Aguilera, comisario de la Exposición que se inauguraba y director de la FCM presentó la exposición « César Manrique, palabra y compromiso: al poder se le incomoda ».</p>
<p>Posteriormente, participaron en la mesa redonda: Faustino García Márquez, Emma Pérez-Chacón, Antonio Pérez y Eugenio Reyes. Moderó: Saúl García.</p>
<p><strong>Leer la crónica de la mesa redonda:</strong> <a href="https://fcmanrique.org/fcm-c-acti-celebrada/exposicion-manifiesto-y-mesa-redonda/?lang=es">https://fcmanrique.org/fcm-c-acti-celebrada/exposicion-manifiesto-y-mesa-redonda/?lang=es</a></p>
<p><strong>Más información:</strong>&nbsp;<a href="https://fcmanrique.org/wp-content/uploads/fc-manrique-exposición-mesa-manifiesto.pdf">Nota de prensa</a></p>
