{"id":18865,"date":"2019-05-07T22:00:10","date_gmt":"2019-05-07T22:00:10","guid":{"rendered":"https:\/\/fcmanrique.org\/?post_type=fcm_video&#038;p=18865"},"modified":"2023-06-15T18:13:29","modified_gmt":"2023-06-15T18:13:29","slug":"conferencia-eudald-carbonell-evolucion-humana-y-conciencia-operativa-7-mayo","status":"publish","type":"fcm_video","link":"https:\/\/fcmanrique.org\/fr\/fcm-video\/conferencia-eudald-carbonell-evolucion-humana-y-conciencia-operativa-7-mayo\/","title":{"rendered":"Eudald Carbonell. \u00abEvoluci\u00f3n humana y conciencia operativa\u00bb"},"content":{"rendered":"<p class=\"qtranxs-available-languages-message qtranxs-available-languages-message-fr\">D\u00e9sol\u00e9, cet article est seulement disponible en <a href=\"https:\/\/fcmanrique.org\/es\/wp-json\/wp\/v2\/fcm_video\/18865\" class=\"qtranxs-available-language-link qtranxs-available-language-link-es\" title=\"ES\">ES<\/a>.<\/p><p><strong>Ciclo de conferencias magistrales. Pensar los l\u00edmites de nuestro tiempo<\/strong><\/p>\n<p>La intervenci\u00f3n de Carbonell se incluye en el ciclo de conferencias magistrales <em>Pensar los l\u00edmites de nuestro tiempo<\/em>, que fue inaugurado por Fernando Savater el pasado 25 de abril y continuar\u00e1 a lo largo del a\u00f1o con la participaci\u00f3n de Sonia Fern\u00e1ndez Vidal, Eduardo Mart\u00ednez de Pis\u00f3n, Marina Garc\u00e9s y Cristina Almeida.<\/p>\n<p><strong>Eudald Carbonell<\/strong> es codirector del yacimiento de la Sierra de Atapuerca, profesor de universidad, antrop\u00f3logo, ge\u00f3logo y licenciado en filosof\u00eda y letras.<\/p>\n<p><strong>Leer la cr\u00f3nica de la conferencia:&nbsp;<\/strong><a href=\"https:\/\/fcmanrique.org\/fcm-c-acti-celebrada\/eudald-carbonell-estamos-llegando-a-un-cuello-evolutivo\/?lang=es\">https:\/\/fcmanrique.org\/fcm-c-acti-celebrada\/eudald-carbonell-estamos-llegando-a-un-cuello-evolutivo\/?lang=es<\/a><\/p>\n<p><strong>M\u00e1s informaci\u00f3n:<\/strong>&nbsp;<a href=\"https:\/\/fcmanrique.org\/wp-content\/uploads\/fc-manrique-conferencia-eduald-carbonell-1.pdf\">Nota de prensa<\/a><\/p>","protected":false},"featured_media":23674,"parent":0,"template":"","meta":{"_acf_changed":false,"ngg_post_thumbnail":0,"footnotes":""},"video_coleccion":[97],"class_list":["post-18865","fcm_video","type-fcm_video","status-publish","has-post-thumbnail","hentry","video_coleccion-conferencia"],"acf":[],"_links":{"self":[{"href":"https:\/\/fcmanrique.org\/fr\/wp-json\/wp\/v2\/fcm_video\/18865","targetHints":{"allow":["GET"]}}],"collection":[{"href":"https:\/\/fcmanrique.org\/fr\/wp-json\/wp\/v2\/fcm_video"}],"about":[{"href":"https:\/\/fcmanrique.org\/fr\/wp-json\/wp\/v2\/types\/fcm_video"}],"version-history":[{"count":10,"href":"https:\/\/fcmanrique.org\/fr\/wp-json\/wp\/v2\/fcm_video\/18865\/revisions"}],"predecessor-version":[{"id":23535,"href":"https:\/\/fcmanrique.org\/fr\/wp-json\/wp\/v2\/fcm_video\/18865\/revisions\/23535"}],"wp:featuredmedia":[{"embeddable":true,"href":"https:\/\/fcmanrique.org\/fr\/wp-json\/wp\/v2\/media\/23674"}],"wp:attachment":[{"href":"https:\/\/fcmanrique.org\/fr\/wp-json\/wp\/v2\/media?parent=18865"}],"wp:term":[{"taxonomy":"video_coleccion","embeddable":true,"href":"https:\/\/fcmanrique.org\/fr\/wp-json\/wp\/v2\/video_coleccion?post=18865"}],"curies":[{"name":"wp","href":"https:\/\/api.w.org\/{rel}","templated":true}]}}

Eudald Carbonell. «Evolución humana y conciencia operativa»

<p class="qtranxs-available-languages-message qtranxs-available-languages-message-fr">Désolé, cet article est seulement disponible en <a href="https://fcmanrique.org/es/wp-json/wp/v2/fcm_video/18865" class="qtranxs-available-language-link qtranxs-available-language-link-es" title="ES">ES</a>.</p><p><strong>Ciclo de conferencias magistrales. Pensar los límites de nuestro tiempo</strong></p>
<p>La intervención de Carbonell se incluye en el ciclo de conferencias magistrales <em>Pensar los límites de nuestro tiempo</em>, que fue inaugurado por Fernando Savater el pasado 25 de abril y continuará a lo largo del año con la participación de Sonia Fernández Vidal, Eduardo Martínez de Pisón, Marina Garcés y Cristina Almeida.</p>
<p><strong>Eudald Carbonell</strong> es codirector del yacimiento de la Sierra de Atapuerca, profesor de universidad, antropólogo, geólogo y licenciado en filosofía y letras.</p>
<p><strong>Leer la crónica de la conferencia:&nbsp;</strong><a href="https://fcmanrique.org/fcm-c-acti-celebrada/eudald-carbonell-estamos-llegando-a-un-cuello-evolutivo/?lang=es">https://fcmanrique.org/fcm-c-acti-celebrada/eudald-carbonell-estamos-llegando-a-un-cuello-evolutivo/?lang=es</a></p>
<p><strong>Más información:</strong>&nbsp;<a href="https://fcmanrique.org/wp-content/uploads/fc-manrique-conferencia-eduald-carbonell-1.pdf">Nota de prensa</a></p>
