{"id":18923,"date":"2019-05-09T14:20:59","date_gmt":"2019-05-09T14:20:59","guid":{"rendered":"https:\/\/fcmanrique.org\/?post_type=fcm_video&#038;p=18923"},"modified":"2023-06-15T18:13:29","modified_gmt":"2023-06-15T18:13:29","slug":"conferencia-sonia-fernandez-vidal-cafe-cuantico-conversaciones-sobre-fisica-23-mayo","status":"publish","type":"fcm_video","link":"https:\/\/fcmanrique.org\/fr\/fcm-video\/conferencia-sonia-fernandez-vidal-cafe-cuantico-conversaciones-sobre-fisica-23-mayo\/","title":{"rendered":"Sonia Fern\u00e1ndez-Vidal. \u00abCaf\u00e9 cu\u00e1ntico: conversaciones sobre F\u00edsica\u00bb"},"content":{"rendered":"<p class=\"qtranxs-available-languages-message qtranxs-available-languages-message-fr\">D\u00e9sol\u00e9, cet article est seulement disponible en <a href=\"https:\/\/fcmanrique.org\/es\/wp-json\/wp\/v2\/fcm_video\/18923\" class=\"qtranxs-available-language-link qtranxs-available-language-link-es\" title=\"ES\">ES<\/a>.<\/p><p><strong>Ciclo de conferencias magistrales. Pensar los l\u00edmites de nuestro tiempo<\/strong><\/p>\n<p>La intervenci\u00f3n de Fern\u00e1ndez-Vidal se incluye en el ciclo de conferencias magistrales <em>Pensar los l\u00edmites de nuestro tiempo<\/em>, en el que ya han participado Fernando Savater y Eudald Carbonell, y continuar\u00e1 a lo largo del a\u00f1o con la participaci\u00f3n de Eduardo Mart\u00ednez de Pis\u00f3n, Marina Garc\u00e9s y Cristina Almeida.<\/p>\n<p><strong>Sonia Fern\u00e1ndez-Vidal<\/strong> es doctora en Informaci\u00f3n y \u00d3ptica Cu\u00e1ntica por la Universidad Aut\u00f3noma de Barcelona. Es profesora universitaria, escritora y divulgadora cient\u00edfica. Fue seleccionada por la revista Forbes como una de las 100 personas m\u00e1s creativas del mundo.<\/p>\n<p><strong>Leer la cr\u00f3nica de la conferencia<\/strong>:&nbsp;<a href=\"https:\/\/fcmanrique.org\/fcm-c-acti-celebrada\/sonia-fdez-vidal\/?lang=es\">https:\/\/fcmanrique.org\/fcm-c-acti-celebrada\/sonia-fdez-vidal\/?lang=es<\/a><\/p>\n<p><strong>M\u00e1s informaci\u00f3n:&nbsp;<\/strong><a href=\"https:\/\/fcmanrique.org\/wp-content\/uploads\/fc-manrique-sonia-fernandez-vidal-1.pdf\">Nota de prensa<\/a><\/p>","protected":false},"featured_media":23676,"parent":0,"template":"","meta":{"_acf_changed":false,"ngg_post_thumbnail":0,"footnotes":""},"video_coleccion":[97],"class_list":["post-18923","fcm_video","type-fcm_video","status-publish","has-post-thumbnail","hentry","video_coleccion-conferencia"],"acf":[],"_links":{"self":[{"href":"https:\/\/fcmanrique.org\/fr\/wp-json\/wp\/v2\/fcm_video\/18923","targetHints":{"allow":["GET"]}}],"collection":[{"href":"https:\/\/fcmanrique.org\/fr\/wp-json\/wp\/v2\/fcm_video"}],"about":[{"href":"https:\/\/fcmanrique.org\/fr\/wp-json\/wp\/v2\/types\/fcm_video"}],"version-history":[{"count":19,"href":"https:\/\/fcmanrique.org\/fr\/wp-json\/wp\/v2\/fcm_video\/18923\/revisions"}],"predecessor-version":[{"id":23538,"href":"https:\/\/fcmanrique.org\/fr\/wp-json\/wp\/v2\/fcm_video\/18923\/revisions\/23538"}],"wp:featuredmedia":[{"embeddable":true,"href":"https:\/\/fcmanrique.org\/fr\/wp-json\/wp\/v2\/media\/23676"}],"wp:attachment":[{"href":"https:\/\/fcmanrique.org\/fr\/wp-json\/wp\/v2\/media?parent=18923"}],"wp:term":[{"taxonomy":"video_coleccion","embeddable":true,"href":"https:\/\/fcmanrique.org\/fr\/wp-json\/wp\/v2\/video_coleccion?post=18923"}],"curies":[{"name":"wp","href":"https:\/\/api.w.org\/{rel}","templated":true}]}}

Sonia Fernández-Vidal. «Café cuántico: conversaciones sobre Física»

<p class="qtranxs-available-languages-message qtranxs-available-languages-message-fr">Désolé, cet article est seulement disponible en <a href="https://fcmanrique.org/es/wp-json/wp/v2/fcm_video/18923" class="qtranxs-available-language-link qtranxs-available-language-link-es" title="ES">ES</a>.</p><p><strong>Ciclo de conferencias magistrales. Pensar los límites de nuestro tiempo</strong></p>
<p>La intervención de Fernández-Vidal se incluye en el ciclo de conferencias magistrales <em>Pensar los límites de nuestro tiempo</em>, en el que ya han participado Fernando Savater y Eudald Carbonell, y continuará a lo largo del año con la participación de Eduardo Martínez de Pisón, Marina Garcés y Cristina Almeida.</p>
<p><strong>Sonia Fernández-Vidal</strong> es doctora en Información y Óptica Cuántica por la Universidad Autónoma de Barcelona. Es profesora universitaria, escritora y divulgadora científica. Fue seleccionada por la revista Forbes como una de las 100 personas más creativas del mundo.</p>
<p><strong>Leer la crónica de la conferencia</strong>:&nbsp;<a href="https://fcmanrique.org/fcm-c-acti-celebrada/sonia-fdez-vidal/?lang=es">https://fcmanrique.org/fcm-c-acti-celebrada/sonia-fdez-vidal/?lang=es</a></p>
<p><strong>Más información:&nbsp;</strong><a href="https://fcmanrique.org/wp-content/uploads/fc-manrique-sonia-fernandez-vidal-1.pdf">Nota de prensa</a></p>
