{"id":19621,"date":"2019-06-15T22:37:20","date_gmt":"2019-06-15T22:37:20","guid":{"rendered":"https:\/\/fcmanrique.org\/?post_type=fcm_video&#038;p=19621"},"modified":"2023-06-15T18:13:28","modified_gmt":"2023-06-15T18:13:28","slug":"conferencia-carme-pinos-tejiendo-la-ciudad-17-junio","status":"publish","type":"fcm_video","link":"https:\/\/fcmanrique.org\/fr\/fcm-video\/conferencia-carme-pinos-tejiendo-la-ciudad-17-junio\/","title":{"rendered":"Carme Pin\u00f3s. \u00abTejiendo la ciudad\u00bb"},"content":{"rendered":"<p class=\"qtranxs-available-languages-message qtranxs-available-languages-message-fr\">D\u00e9sol\u00e9, cet article est seulement disponible en <a href=\"https:\/\/fcmanrique.org\/es\/wp-json\/wp\/v2\/fcm_video\/19621\" class=\"qtranxs-available-language-link qtranxs-available-language-link-es\" title=\"ES\">ES<\/a>.<\/p><p><strong>Ciclo de conferencias. C\u00e9sar Manrique y sus contextos<\/strong><\/p>\n<p>La intervenci\u00f3n de Carme Pin\u00f3s se incluye en el ciclo de conferencias <em>C\u00e9sar Manrique y sus contextos<\/em> iniciado con la conferencia de Juan Vicente Aliaga, yen el que tambi\u00e9n se contar\u00e1 con la presencia de Sim\u00f3n March\u00e1n, Estrella de Diego, Patricia Molins y Jos\u00e9 Luis de la Nuez Santana. El foro est\u00e1 destinado a recoger intervenciones que traten asuntos relacionados con la obra de C\u00e9sar Manrique y con el contexto hist\u00f3rico en que desarroll\u00f3 su actividad pl\u00e1stica, paisaj\u00edstica y creativa, en general.<\/p>\n<p><strong>Carme Pin\u00f3s<\/strong> es arquitecta por la Escuela T\u00e9cnica Superior de Arquitectura de Barcelona. Tras alcanzar reconocimiento internacional junto con Enric Miralles con proyectos como el Cementerio de Igualada, funda su propio estudio en 1991.<\/p>\n<p><strong>Leer la cr\u00f3nica de la conversaci\u00f3n:<\/strong>&nbsp;<a href=\"https:\/\/fcmanrique.org\/fcm-c-acti-celebrada\/carme-pinos\/?lang=es\">https:\/\/fcmanrique.org\/fcm-c-acti-celebrada\/carme-pinos\/?lang=es<\/a><\/p>\n<p><strong>M\u00e1s informaci\u00f3n:<\/strong>&nbsp;<a href=\"https:\/\/fcmanrique.org\/wp-content\/uploads\/fc-manrique-conferencia-carme-pinos.pdf\">Nota de prensa<\/a><\/p>","protected":false},"featured_media":23630,"parent":0,"template":"","meta":{"_acf_changed":false,"ngg_post_thumbnail":0,"footnotes":""},"video_coleccion":[97],"class_list":["post-19621","fcm_video","type-fcm_video","status-publish","has-post-thumbnail","hentry","video_coleccion-conferencia"],"acf":[],"_links":{"self":[{"href":"https:\/\/fcmanrique.org\/fr\/wp-json\/wp\/v2\/fcm_video\/19621","targetHints":{"allow":["GET"]}}],"collection":[{"href":"https:\/\/fcmanrique.org\/fr\/wp-json\/wp\/v2\/fcm_video"}],"about":[{"href":"https:\/\/fcmanrique.org\/fr\/wp-json\/wp\/v2\/types\/fcm_video"}],"version-history":[{"count":11,"href":"https:\/\/fcmanrique.org\/fr\/wp-json\/wp\/v2\/fcm_video\/19621\/revisions"}],"predecessor-version":[{"id":23546,"href":"https:\/\/fcmanrique.org\/fr\/wp-json\/wp\/v2\/fcm_video\/19621\/revisions\/23546"}],"wp:featuredmedia":[{"embeddable":true,"href":"https:\/\/fcmanrique.org\/fr\/wp-json\/wp\/v2\/media\/23630"}],"wp:attachment":[{"href":"https:\/\/fcmanrique.org\/fr\/wp-json\/wp\/v2\/media?parent=19621"}],"wp:term":[{"taxonomy":"video_coleccion","embeddable":true,"href":"https:\/\/fcmanrique.org\/fr\/wp-json\/wp\/v2\/video_coleccion?post=19621"}],"curies":[{"name":"wp","href":"https:\/\/api.w.org\/{rel}","templated":true}]}}

Carme Pinós. «Tejiendo la ciudad»

<p class="qtranxs-available-languages-message qtranxs-available-languages-message-fr">Désolé, cet article est seulement disponible en <a href="https://fcmanrique.org/es/wp-json/wp/v2/fcm_video/19621" class="qtranxs-available-language-link qtranxs-available-language-link-es" title="ES">ES</a>.</p><p><strong>Ciclo de conferencias. César Manrique y sus contextos</strong></p>
<p>La intervención de Carme Pinós se incluye en el ciclo de conferencias <em>César Manrique y sus contextos</em> iniciado con la conferencia de Juan Vicente Aliaga, yen el que también se contará con la presencia de Simón Marchán, Estrella de Diego, Patricia Molins y José Luis de la Nuez Santana. El foro está destinado a recoger intervenciones que traten asuntos relacionados con la obra de César Manrique y con el contexto histórico en que desarrolló su actividad plástica, paisajística y creativa, en general.</p>
<p><strong>Carme Pinós</strong> es arquitecta por la Escuela Técnica Superior de Arquitectura de Barcelona. Tras alcanzar reconocimiento internacional junto con Enric Miralles con proyectos como el Cementerio de Igualada, funda su propio estudio en 1991.</p>
<p><strong>Leer la crónica de la conversación:</strong>&nbsp;<a href="https://fcmanrique.org/fcm-c-acti-celebrada/carme-pinos/?lang=es">https://fcmanrique.org/fcm-c-acti-celebrada/carme-pinos/?lang=es</a></p>
<p><strong>Más información:</strong>&nbsp;<a href="https://fcmanrique.org/wp-content/uploads/fc-manrique-conferencia-carme-pinos.pdf">Nota de prensa</a></p>
