{"id":19774,"date":"2019-06-24T13:41:24","date_gmt":"2019-06-24T13:41:24","guid":{"rendered":"https:\/\/fcmanrique.org\/?post_type=fcm_video&#038;p=19774"},"modified":"2023-06-15T18:13:28","modified_gmt":"2023-06-15T18:13:28","slug":"curso-ante-el-antropoceno-cuando-la-humanidad-desborda-los-limites-biofisicos-del-planeta-25-junio","status":"publish","type":"fcm_video","link":"https:\/\/fcmanrique.org\/fr\/fcm-video\/curso-ante-el-antropoceno-cuando-la-humanidad-desborda-los-limites-biofisicos-del-planeta-25-junio\/","title":{"rendered":"Ante el Antropoceno. \u00ab\u00bfHacia una crisis ecosocial de alcance civilizatorio?\u00bb (Parte 1)"},"content":{"rendered":"<p class=\"qtranxs-available-languages-message qtranxs-available-languages-message-fr\">D\u00e9sol\u00e9, cet article est seulement disponible en <a href=\"https:\/\/fcmanrique.org\/es\/wp-json\/wp\/v2\/fcm_video\/19774\" class=\"qtranxs-available-language-link qtranxs-available-language-link-es\" title=\"ES\">ES<\/a>.<\/p><p><strong><em>Ante el Antropoceno. Cuando la humanidad desborda los l\u00edmites biof\u00edsicos del planeta<\/em><\/strong><\/p>\n<p><strong>Martes, 25: <em>\u00bfHacia una crisis ecosocial de alcance civilizatorio?<\/em><\/strong> Ponentes: Carlos Montes, Manola Brunet, Susana Borr\u00e1s. Mesa redonda moderada por Cristina Monge.<\/p>\n<p><em>\u201cUna aproximaci\u00f3n sist\u00e9mica a los grandes desaf\u00edos socioecol\u00f3gicos de la humanidad en el Antropoceno\u201d.<\/em><\/p>\n<p><strong>Carlos Montes<\/strong> es catedr\u00e1tico de Ecolog\u00eda en la Universidad Aut\u00f3noma de Madrid, y presidente de la Fundaci\u00f3n Interuniversitaria Fernando Gonz\u00e1lez Bern\u00e1ldez para el estudio y la conservaci\u00f3n de los espacios naturales, una entidad que trata de romper barreras y tender puentes entre el mundo acad\u00e9mico y el de los tomadores de decisiones de la administraci\u00f3n ambiental.<\/p>\n<p>Es tambi\u00e9n director del grupo interdisciplinario de investigaci\u00f3n Laboratorio de Socioecosistemas de la Universidad Aut\u00f3noma de Madrid que estudia la interfaz entre sistemas ecol\u00f3gicos y sociales y entre investigadores, gestores y poblaci\u00f3n local bajo el marco de la Ciencia de la Sostenibilidad.<\/p>\n<p><em>\u201cEl desaf\u00edo de la transici\u00f3n clim\u00e1tica: evidencias y riesgos asociados\u201d.<\/em><\/p>\n<p><strong>Manola Brunet<\/strong> es catedr\u00e1tica de Geograf\u00eda F\u00edsica en la Universidad Rovira y Virgili, y experta internacional en monitorizaci\u00f3n, vigilancia y an\u00e1lisis del clima global. Ha ocupado diferentes cargos directivos en la Comisi\u00f3n de Climatolog\u00eda de la Organizaci\u00f3n Meteorol\u00f3gica Mundial (OMM), la Agencia de las Naciones Unidas con competencia en el tiempo, el clima y el agua de nuestro planeta. Actualmente es la presidenta de esta Comisi\u00f3n.<\/p>\n<p>Analiz\u00f3 de forma pionera el cambio, a largo plazo (de 1850 al presente), de la temperatura del aire en la Espa\u00f1a peninsular. Ha contribuido a analizar el cambio en los extremos clim\u00e1ticos a escala regional (Norteam\u00e9rica, Sudam\u00e9rica, \u00c1frica o la regi\u00f3n \u00e1rabe) y global. Ha hecho tambi\u00e9n contribuciones metodol\u00f3gicas en el campo de la homogeneizaci\u00f3n estad\u00edstica de series clim\u00e1ticas.<\/p>\n<p><strong>Leer la cr\u00f3nica del primer d\u00eda del curso:<\/strong>&nbsp;<a href=\"https:\/\/fcmanrique.org\/fcm-c-acti-celebrada\/si-no-cambiamos-la-forma-de-ver-la-naturaleza-la-naturaleza-no-cambiara-de-forma\/?lang=es\">https:\/\/fcmanrique.org\/fcm-c-acti-celebrada\/si-no-cambiamos-la-forma-de-ver-la-naturaleza-la-naturaleza-no-cambiara-de-forma\/?lang=es<\/a><\/p>\n<p><strong>M\u00e1s informaci\u00f3n:&nbsp;<\/strong><a href=\"https:\/\/fcmanrique.org\/wp-content\/uploads\/fc-manrique-programa-antropoceno.pdf\">Nota de prensa<\/a><\/p>","protected":false},"featured_media":23633,"parent":0,"template":"","meta":{"_acf_changed":false,"ngg_post_thumbnail":0,"footnotes":""},"video_coleccion":[136],"class_list":["post-19774","fcm_video","type-fcm_video","status-publish","has-post-thumbnail","hentry","video_coleccion-curso"],"acf":[],"_links":{"self":[{"href":"https:\/\/fcmanrique.org\/fr\/wp-json\/wp\/v2\/fcm_video\/19774","targetHints":{"allow":["GET"]}}],"collection":[{"href":"https:\/\/fcmanrique.org\/fr\/wp-json\/wp\/v2\/fcm_video"}],"about":[{"href":"https:\/\/fcmanrique.org\/fr\/wp-json\/wp\/v2\/types\/fcm_video"}],"version-history":[{"count":12,"href":"https:\/\/fcmanrique.org\/fr\/wp-json\/wp\/v2\/fcm_video\/19774\/revisions"}],"predecessor-version":[{"id":23635,"href":"https:\/\/fcmanrique.org\/fr\/wp-json\/wp\/v2\/fcm_video\/19774\/revisions\/23635"}],"wp:featuredmedia":[{"embeddable":true,"href":"https:\/\/fcmanrique.org\/fr\/wp-json\/wp\/v2\/media\/23633"}],"wp:attachment":[{"href":"https:\/\/fcmanrique.org\/fr\/wp-json\/wp\/v2\/media?parent=19774"}],"wp:term":[{"taxonomy":"video_coleccion","embeddable":true,"href":"https:\/\/fcmanrique.org\/fr\/wp-json\/wp\/v2\/video_coleccion?post=19774"}],"curies":[{"name":"wp","href":"https:\/\/api.w.org\/{rel}","templated":true}]}}

<p class="qtranxs-available-languages-message qtranxs-available-languages-message-fr">Désolé, cet article est seulement disponible en <a href="https://fcmanrique.org/es/wp-json/wp/v2/fcm_video/19774" class="qtranxs-available-language-link qtranxs-available-language-link-es" title="ES">ES</a>.</p><p><strong><em>Ante el Antropoceno. Cuando la humanidad desborda los límites biofísicos del planeta</em></strong></p>
<p><strong>Martes, 25: <em>¿Hacia una crisis ecosocial de alcance civilizatorio?</em></strong> Ponentes: Carlos Montes, Manola Brunet, Susana Borrás. Mesa redonda moderada por Cristina Monge.</p>
<p><em>“Una aproximación sistémica a los grandes desafíos socioecológicos de la humanidad en el Antropoceno”.</em></p>
<p><strong>Carlos Montes</strong> es catedrático de Ecología en la Universidad Autónoma de Madrid, y presidente de la Fundación Interuniversitaria Fernando González Bernáldez para el estudio y la conservación de los espacios naturales, una entidad que trata de romper barreras y tender puentes entre el mundo académico y el de los tomadores de decisiones de la administración ambiental.</p>
<p>Es también director del grupo interdisciplinario de investigación Laboratorio de Socioecosistemas de la Universidad Autónoma de Madrid que estudia la interfaz entre sistemas ecológicos y sociales y entre investigadores, gestores y población local bajo el marco de la Ciencia de la Sostenibilidad.</p>
<p><em>“El desafío de la transición climática: evidencias y riesgos asociados”.</em></p>
<p><strong>Manola Brunet</strong> es catedrática de Geografía Física en la Universidad Rovira y Virgili, y experta internacional en monitorización, vigilancia y análisis del clima global. Ha ocupado diferentes cargos directivos en la Comisión de Climatología de la Organización Meteorológica Mundial (OMM), la Agencia de las Naciones Unidas con competencia en el tiempo, el clima y el agua de nuestro planeta. Actualmente es la presidenta de esta Comisión.</p>
<p>Analizó de forma pionera el cambio, a largo plazo (de 1850 al presente), de la temperatura del aire en la España peninsular. Ha contribuido a analizar el cambio en los extremos climáticos a escala regional (Norteamérica, Sudamérica, África o la región árabe) y global. Ha hecho también contribuciones metodológicas en el campo de la homogeneización estadística de series climáticas.</p>
<p><strong>Leer la crónica del primer día del curso:</strong>&nbsp;<a href="https://fcmanrique.org/fcm-c-acti-celebrada/si-no-cambiamos-la-forma-de-ver-la-naturaleza-la-naturaleza-no-cambiara-de-forma/?lang=es">https://fcmanrique.org/fcm-c-acti-celebrada/si-no-cambiamos-la-forma-de-ver-la-naturaleza-la-naturaleza-no-cambiara-de-forma/?lang=es</a></p>
<p><strong>Más información:&nbsp;</strong><a href="https://fcmanrique.org/wp-content/uploads/fc-manrique-programa-antropoceno.pdf">Nota de prensa</a></p>
