{"id":19776,"date":"2019-06-26T17:00:34","date_gmt":"2019-06-26T17:00:34","guid":{"rendered":"https:\/\/fcmanrique.org\/?post_type=fcm_video&#038;p=19776"},"modified":"2023-06-15T18:09:19","modified_gmt":"2023-06-15T18:09:19","slug":"curso-ante-el-antropoceno-cuando-la-humanidad-desborda-los-limites-biofisicos-del-planeta-26-junio","status":"publish","type":"fcm_video","link":"https:\/\/fcmanrique.org\/fr\/fcm-video\/curso-ante-el-antropoceno-cuando-la-humanidad-desborda-los-limites-biofisicos-del-planeta-26-junio\/","title":{"rendered":"Ante el Antropoceno. \u00abNuevos tiempos, nuevos paradigmas, nuevos imaginarios\u00bb (Parte 1)"},"content":{"rendered":"<p class=\"qtranxs-available-languages-message qtranxs-available-languages-message-fr\">D\u00e9sol\u00e9, cet article est seulement disponible en <a href=\"https:\/\/fcmanrique.org\/es\/wp-json\/wp\/v2\/fcm_video\/19776\" class=\"qtranxs-available-language-link qtranxs-available-language-link-es\" title=\"ES\">ES<\/a>.<\/p><p><strong><em>Ante el Antropoceno. Cuando la humanidad desborda los l\u00edmites biof\u00edsicos del planeta<\/em><\/strong><\/p>\n<p><strong>Mi\u00e9rcoles, 26: <em>Nuevos tiempos, nuevos paradigmas, nuevos imaginarios.<\/em><\/strong> Ponentes: Jos\u00e9 Luis de Vicente, Almudena Hernando, Jorge Riechmann. Mesa redonda moderada por Joan Nogu\u00e9.<\/p>\n<p><em>\u201cVivir en la casa que arde. C\u00f3mo pensar y pensarnos en la era de la crisis planetaria\u201d.<\/em><\/p>\n<p><strong>Jos\u00e9 Luis de Vicente<\/strong> es comisario de exposiciones, escritor e investigador especializado en el an\u00e1lisis de los espacios culturales existentes entre la tecnolog\u00eda, la innovaci\u00f3n social, el arte y el dise\u00f1o.<\/p>\n<p>En la actualidad desarrolla diversos programas de investigaci\u00f3n como \u00abVisualizar\u00bb (Medialab Prado, Madrid). Es comisario de S\u00f3nar+D, \u00e1rea de innovaci\u00f3n del festival S\u00f3nar (Barcelona) y es miembro del equipo curatorial de FutureEverything Festival (Manchester). Es miembro fundador de Zzzinc, una consultor\u00eda especializada en la innovaci\u00f3n para entidades culturales.<\/p>\n<p>Ha comisariado m\u00faltiples simposios y exposiciones sobre arte y tecnolog\u00eda, ciencia y dise\u00f1o.<\/p>\n<pre>Lamentablemente, por el momento, la FCM no podr\u00e1 facilitar la difusi\u00f3n de la conferencia impartida por Jos\u00e9 L. de Vicente. Va acompa\u00f1ada de un v\u00eddeo cuyos derechos de autor han sido reclamados por sus propietarios y bloqueados para su emisi\u00f3n. S\u00ed est\u00e1 disponible la conferencia de Almudena Hernando.<\/pre>\n<p><em>\u201cLo que oculta la modernidad. Condiciones de sustentabilidad de un sujeto y un mundo futuro\u201d.<\/em><\/p>\n<p><strong>Almudena Hernando<\/strong> es Profesora Titular en el Departamento de Prehistoria de la Universidad Complutense de Madrid y miembro de su Instituto de Investigaciones Feministas.<\/p>\n<p>Dedica su investigaci\u00f3n al estudio de la identidad, tanto en sociedades orales como en la Modernidad. Ha realizado trabajo de campo con grupos ind\u00edgenas en Guatemala y Brasil, y actualmente tiene un proyecto en Etiop\u00eda.<\/p>\n<p>Ha sido investigadora invitada en las universidades de California-Los \u00c1ngeles, Berkeley, Chicago y Harvard.<\/p>\n<p><strong>Leer la cr\u00f3nica del segundo d\u00eda del curso:<\/strong>&nbsp;<a href=\"https:\/\/fcmanrique.org\/fcm-c-acti-celebrada\/antropoceno-02\/?lang=es\">https:\/\/fcmanrique.org\/fcm-c-acti-celebrada\/antropoceno-02\/?lang=es<\/a><\/p>\n<p><strong>M\u00e1s informaci\u00f3n:&nbsp;<\/strong><a href=\"https:\/\/fcmanrique.org\/wp-content\/uploads\/fc-manrique-programa-antropoceno.pdf\">Nota de prensa<\/a><\/p>","protected":false},"featured_media":23633,"parent":0,"template":"","meta":{"_acf_changed":false,"ngg_post_thumbnail":0,"footnotes":""},"video_coleccion":[136],"class_list":["post-19776","fcm_video","type-fcm_video","status-publish","has-post-thumbnail","hentry","video_coleccion-curso"],"acf":[],"_links":{"self":[{"href":"https:\/\/fcmanrique.org\/fr\/wp-json\/wp\/v2\/fcm_video\/19776","targetHints":{"allow":["GET"]}}],"collection":[{"href":"https:\/\/fcmanrique.org\/fr\/wp-json\/wp\/v2\/fcm_video"}],"about":[{"href":"https:\/\/fcmanrique.org\/fr\/wp-json\/wp\/v2\/types\/fcm_video"}],"version-history":[{"count":14,"href":"https:\/\/fcmanrique.org\/fr\/wp-json\/wp\/v2\/fcm_video\/19776\/revisions"}],"predecessor-version":[{"id":23637,"href":"https:\/\/fcmanrique.org\/fr\/wp-json\/wp\/v2\/fcm_video\/19776\/revisions\/23637"}],"wp:featuredmedia":[{"embeddable":true,"href":"https:\/\/fcmanrique.org\/fr\/wp-json\/wp\/v2\/media\/23633"}],"wp:attachment":[{"href":"https:\/\/fcmanrique.org\/fr\/wp-json\/wp\/v2\/media?parent=19776"}],"wp:term":[{"taxonomy":"video_coleccion","embeddable":true,"href":"https:\/\/fcmanrique.org\/fr\/wp-json\/wp\/v2\/video_coleccion?post=19776"}],"curies":[{"name":"wp","href":"https:\/\/api.w.org\/{rel}","templated":true}]}}

<p class="qtranxs-available-languages-message qtranxs-available-languages-message-fr">Désolé, cet article est seulement disponible en <a href="https://fcmanrique.org/es/wp-json/wp/v2/fcm_video/19776" class="qtranxs-available-language-link qtranxs-available-language-link-es" title="ES">ES</a>.</p><p><strong><em>Ante el Antropoceno. Cuando la humanidad desborda los límites biofísicos del planeta</em></strong></p>
<p><strong>Miércoles, 26: <em>Nuevos tiempos, nuevos paradigmas, nuevos imaginarios.</em></strong> Ponentes: José Luis de Vicente, Almudena Hernando, Jorge Riechmann. Mesa redonda moderada por Joan Nogué.</p>
<p><em>“Vivir en la casa que arde. Cómo pensar y pensarnos en la era de la crisis planetaria”.</em></p>
<p><strong>José Luis de Vicente</strong> es comisario de exposiciones, escritor e investigador especializado en el análisis de los espacios culturales existentes entre la tecnología, la innovación social, el arte y el diseño.</p>
<p>En la actualidad desarrolla diversos programas de investigación como «Visualizar» (Medialab Prado, Madrid). Es comisario de Sónar+D, área de innovación del festival Sónar (Barcelona) y es miembro del equipo curatorial de FutureEverything Festival (Manchester). Es miembro fundador de Zzzinc, una consultoría especializada en la innovación para entidades culturales.</p>
<p>Ha comisariado múltiples simposios y exposiciones sobre arte y tecnología, ciencia y diseño.</p>
<pre>Lamentablemente, por el momento, la FCM no podrá facilitar la difusión de la conferencia impartida por José L. de Vicente. Va acompañada de un vídeo cuyos derechos de autor han sido reclamados por sus propietarios y bloqueados para su emisión. Sí está disponible la conferencia de Almudena Hernando.</pre>
<p><em>“Lo que oculta la modernidad. Condiciones de sustentabilidad de un sujeto y un mundo futuro”.</em></p>
<p><strong>Almudena Hernando</strong> es Profesora Titular en el Departamento de Prehistoria de la Universidad Complutense de Madrid y miembro de su Instituto de Investigaciones Feministas.</p>
<p>Dedica su investigación al estudio de la identidad, tanto en sociedades orales como en la Modernidad. Ha realizado trabajo de campo con grupos indígenas en Guatemala y Brasil, y actualmente tiene un proyecto en Etiopía.</p>
<p>Ha sido investigadora invitada en las universidades de California-Los Ángeles, Berkeley, Chicago y Harvard.</p>
<p><strong>Leer la crónica del segundo día del curso:</strong>&nbsp;<a href="https://fcmanrique.org/fcm-c-acti-celebrada/antropoceno-02/?lang=es">https://fcmanrique.org/fcm-c-acti-celebrada/antropoceno-02/?lang=es</a></p>
<p><strong>Más información:&nbsp;</strong><a href="https://fcmanrique.org/wp-content/uploads/fc-manrique-programa-antropoceno.pdf">Nota de prensa</a></p>
