{"id":20098,"date":"2019-06-26T19:00:05","date_gmt":"2019-06-26T19:00:05","guid":{"rendered":"https:\/\/fcmanrique.org\/?post_type=fcm_video&#038;p=20098"},"modified":"2023-06-15T18:09:19","modified_gmt":"2023-06-15T18:09:19","slug":"curso-ante-el-antropoceno-cuando-la-humanidad-desborda-los-limites-biofisicos-del-planeta-26-de-junio-parte-2","status":"publish","type":"fcm_video","link":"https:\/\/fcmanrique.org\/fr\/fcm-video\/curso-ante-el-antropoceno-cuando-la-humanidad-desborda-los-limites-biofisicos-del-planeta-26-de-junio-parte-2\/","title":{"rendered":"Ante el Antropoceno. \u00abNuevos tiempos, nuevos paradigmas, nuevos imaginarios\u00bb (Parte 2)"},"content":{"rendered":"<p class=\"qtranxs-available-languages-message qtranxs-available-languages-message-fr\">D\u00e9sol\u00e9, cet article est seulement disponible en <a href=\"https:\/\/fcmanrique.org\/es\/wp-json\/wp\/v2\/fcm_video\/20098\" class=\"qtranxs-available-language-link qtranxs-available-language-link-es\" title=\"ES\">ES<\/a>.<\/p><p><strong><em>Ante el Antropoceno. Cuando la humanidad desborda los l\u00edmites biof\u00edsicos del planeta<\/em><\/strong><\/p>\n<p><strong>Mi\u00e9rcoles, 26: <em>Nuevos tiempos, nuevos paradigmas, nuevos imaginarios.<\/em><\/strong> Ponentes: Jos\u00e9 Luis de Vicente, Almudena Hernando, Jorge Riechmann. Mesa redonda moderada por Joan Nogu\u00e9.<\/p>\n<p><em>\u201cTransiciones ecosociales: algo mucho m\u00e1s dif\u00edcil de lo que percibimos. La propuesta del ecosocialismo descalzo<\/em><strong>\u201d.<\/strong><\/p>\n<p><strong>Jorge Riechmann <\/strong>es poeta, traductor, ensayista, matem\u00e1tico, fil\u00f3sofo, ecologista y doctor en ciencias pol\u00edticas. Como autor de una extensa obra po\u00e9tica, est\u00e1 vinculado con el grupo de poetas de la poes\u00eda de la conciencia y de la generaci\u00f3n de los ochenta o postnov\u00edsimos.<\/p>\n<p>Es profesor titular de filosof\u00eda pol\u00edtica y moral en la Universidad Aut\u00f3noma de Madrid y coordinador del Grupo de Investigaci\u00f3n Transdisciplinar sobre Transiciones Socioecol\u00f3gicas.<\/p>\n<p>Miembro de la Sociedad Espa\u00f1ola de Agricultura Ecol\u00f3gica, de Ecologistas en Acci\u00f3n, del Proyecto Gran Simio, de Cient\u00edficos por el Medio Ambiente y de Greenpeace Espa\u00f1a, entre otras organizaciones.<\/p>\n<p><em>MESA REDONDA moderada por Joan Nogu\u00e9.<\/em><\/p>\n<p><strong>Joan Nogu\u00e9<\/strong> es Catedr\u00e1tico de Geograf\u00eda Humana de la Universidad de Girona. Ha sido director del Observatorio del Paisaje de Catalu\u00f1a desde su creaci\u00f3n en 2004 hasta 2017 y sigue vinculado al mismo como asesor.<\/p>\n<p>Trabaja en dos grandes l\u00edneas de investigaci\u00f3n: el pensamiento geogr\u00e1fico y territorial y el an\u00e1lisis del paisaje desde la \u00f3ptica de los estudios culturales. Ha publicado muchos libros sobre ambas tem\u00e1ticas y numerosos art\u00edculos en revistas internacionales de reconocido prestigio.<\/p>\n<p>Es miembro del Institut d\u2019Estudis Catalans (IEC) y del comit\u00e9 cient\u00edfico de la Fondazione Benetton Studi Ricerche (Italia), as\u00ed como patr\u00f3n de la Fundaci\u00f3n BUNKA.<\/p>\n<p><strong>Leer la cr\u00f3nica del segundo d\u00eda del curso<\/strong>:&nbsp;<a href=\"https:\/\/fcmanrique.org\/fcm-c-acti-celebrada\/antropoceno-02\/?lang=es\">https:\/\/fcmanrique.org\/fcm-c-acti-celebrada\/antropoceno-02\/?lang=es<\/a><\/p>\n<p><strong>M\u00e1s informaci\u00f3n:&nbsp;<\/strong><a href=\"https:\/\/fcmanrique.org\/wp-content\/uploads\/fc-manrique-programa-antropoceno.pdf\">Nota de prensa<\/a><\/p>","protected":false},"featured_media":23633,"parent":0,"template":"","meta":{"_acf_changed":false,"ngg_post_thumbnail":0,"footnotes":""},"video_coleccion":[136],"class_list":["post-20098","fcm_video","type-fcm_video","status-publish","has-post-thumbnail","hentry","video_coleccion-curso"],"acf":[],"_links":{"self":[{"href":"https:\/\/fcmanrique.org\/fr\/wp-json\/wp\/v2\/fcm_video\/20098","targetHints":{"allow":["GET"]}}],"collection":[{"href":"https:\/\/fcmanrique.org\/fr\/wp-json\/wp\/v2\/fcm_video"}],"about":[{"href":"https:\/\/fcmanrique.org\/fr\/wp-json\/wp\/v2\/types\/fcm_video"}],"version-history":[{"count":5,"href":"https:\/\/fcmanrique.org\/fr\/wp-json\/wp\/v2\/fcm_video\/20098\/revisions"}],"predecessor-version":[{"id":23638,"href":"https:\/\/fcmanrique.org\/fr\/wp-json\/wp\/v2\/fcm_video\/20098\/revisions\/23638"}],"wp:featuredmedia":[{"embeddable":true,"href":"https:\/\/fcmanrique.org\/fr\/wp-json\/wp\/v2\/media\/23633"}],"wp:attachment":[{"href":"https:\/\/fcmanrique.org\/fr\/wp-json\/wp\/v2\/media?parent=20098"}],"wp:term":[{"taxonomy":"video_coleccion","embeddable":true,"href":"https:\/\/fcmanrique.org\/fr\/wp-json\/wp\/v2\/video_coleccion?post=20098"}],"curies":[{"name":"wp","href":"https:\/\/api.w.org\/{rel}","templated":true}]}}

<p class="qtranxs-available-languages-message qtranxs-available-languages-message-fr">Désolé, cet article est seulement disponible en <a href="https://fcmanrique.org/es/wp-json/wp/v2/fcm_video/20098" class="qtranxs-available-language-link qtranxs-available-language-link-es" title="ES">ES</a>.</p><p><strong><em>Ante el Antropoceno. Cuando la humanidad desborda los límites biofísicos del planeta</em></strong></p>
<p><strong>Miércoles, 26: <em>Nuevos tiempos, nuevos paradigmas, nuevos imaginarios.</em></strong> Ponentes: José Luis de Vicente, Almudena Hernando, Jorge Riechmann. Mesa redonda moderada por Joan Nogué.</p>
<p><em>“Transiciones ecosociales: algo mucho más difícil de lo que percibimos. La propuesta del ecosocialismo descalzo</em><strong>”.</strong></p>
<p><strong>Jorge Riechmann </strong>es poeta, traductor, ensayista, matemático, filósofo, ecologista y doctor en ciencias políticas. Como autor de una extensa obra poética, está vinculado con el grupo de poetas de la poesía de la conciencia y de la generación de los ochenta o postnovísimos.</p>
<p>Es profesor titular de filosofía política y moral en la Universidad Autónoma de Madrid y coordinador del Grupo de Investigación Transdisciplinar sobre Transiciones Socioecológicas.</p>
<p>Miembro de la Sociedad Española de Agricultura Ecológica, de Ecologistas en Acción, del Proyecto Gran Simio, de Científicos por el Medio Ambiente y de Greenpeace España, entre otras organizaciones.</p>
<p><em>MESA REDONDA moderada por Joan Nogué.</em></p>
<p><strong>Joan Nogué</strong> es Catedrático de Geografía Humana de la Universidad de Girona. Ha sido director del Observatorio del Paisaje de Cataluña desde su creación en 2004 hasta 2017 y sigue vinculado al mismo como asesor.</p>
<p>Trabaja en dos grandes líneas de investigación: el pensamiento geográfico y territorial y el análisis del paisaje desde la óptica de los estudios culturales. Ha publicado muchos libros sobre ambas temáticas y numerosos artículos en revistas internacionales de reconocido prestigio.</p>
<p>Es miembro del Institut d’Estudis Catalans (IEC) y del comité científico de la Fondazione Benetton Studi Ricerche (Italia), así como patrón de la Fundación BUNKA.</p>
<p><strong>Leer la crónica del segundo día del curso</strong>:&nbsp;<a href="https://fcmanrique.org/fcm-c-acti-celebrada/antropoceno-02/?lang=es">https://fcmanrique.org/fcm-c-acti-celebrada/antropoceno-02/?lang=es</a></p>
<p><strong>Más información:&nbsp;</strong><a href="https://fcmanrique.org/wp-content/uploads/fc-manrique-programa-antropoceno.pdf">Nota de prensa</a></p>
