{"id":20573,"date":"2019-10-10T19:00:47","date_gmt":"2019-10-10T19:00:47","guid":{"rendered":"https:\/\/fcmanrique.org\/?post_type=fcm_video&#038;p=20573"},"modified":"2023-06-15T18:09:18","modified_gmt":"2023-06-15T18:09:18","slug":"conferencia-de-manuel-vicent-travesia-literaria-10-octubre","status":"publish","type":"fcm_video","link":"https:\/\/fcmanrique.org\/fr\/fcm-video\/conferencia-de-manuel-vicent-travesia-literaria-10-octubre\/","title":{"rendered":"Manuel Vicent. \u00abTraves\u00eda literaria\u00bb"},"content":{"rendered":"<p class=\"qtranxs-available-languages-message qtranxs-available-languages-message-fr\">D\u00e9sol\u00e9, cet article est seulement disponible en <a href=\"https:\/\/fcmanrique.org\/es\/wp-json\/wp\/v2\/fcm_video\/20573\" class=\"qtranxs-available-language-link qtranxs-available-language-link-es\" title=\"ES\">ES<\/a>.<\/p><p><strong>Ciclo. El autor y su obra<\/strong><\/p>\n<p>La Fundaci\u00f3n C\u00e9sar Manrique (FCM) acogi\u00f3 la conferencia titulada <em>Traves\u00eda literaria<\/em>, impartida por el escritor Manuel Vicent. Esta actividad se enmarca dentro de la programaci\u00f3n de actividades del centenario del nacimiento de C\u00e9sar Manrique que la instituci\u00f3n que lleva su nombre celebrar\u00e1 hasta el pr\u00f3ximo 24 de abril de 2020<\/p>\n<p>Esta conferencia se incluye dentro del ciclo <em>El autor y su obra. Encuentros con<\/em><br \/>\n<em>creadores<\/em>, en el que han participado, entre otros, Jos\u00e9 Saramago, Alberto Campo Baeza, Carmen Mart\u00edn Gaite, Jos\u00e9 \u00c1ngel Valente, Susan Sontag, Juan Goytisolo, Eduardo Galeano, G\u00fcnter Grass, \u00c1ngeles Mastretta, Eduardo Mendoza o Rosa Montero.<\/p>\n<p><strong> Manuel Vicent<\/strong> es escritor y periodista. Desde hace m\u00e1s de 40 a\u00f1os colabora como columnista en el diario \u201cEl Pa\u00eds\u201d. Tambi\u00e9n ha escrito para revistas como \u201cHermano Lobo\u201d o \u201cTriunfo\u201d. Su labor period\u00edstica ha sido merecedora de una variedad de galardones, como el Premio Gonz\u00e1lez Ruano y el Premio Francisco Cerecedo, entre otros. En su faceta literaria, es autor de m\u00e1s de una decena de obras, entre las que destacan la galardonada con el Premio Alfaguara de Novela en 1966, titulada \u201cPascua y Naranja\u201d o \u201cLa balada de Ca\u00edn\u201d, por la que obtuvo el Premio Nadal en 1987.<\/p>\n<p><strong>Leer la cr\u00f3nica de la conferencia:<\/strong>&nbsp;<a href=\"https:\/\/fcmanrique.org\/fcm-c-acti-celebrada\/manuel-vicent\/?lang=es\">https:\/\/fcmanrique.org\/fcm-c-acti-celebrada\/manuel-vicent\/?lang=es<\/a><\/p>\n<p><strong>M\u00e1s informaci\u00f3n:<\/strong>&nbsp;<a href=\"https:\/\/fcmanrique.org\/wp-content\/uploads\/fc-manrique-conferencia-manuel-vicent.pdf\">Nota de prensa<\/a><\/p>","protected":false},"featured_media":23650,"parent":0,"template":"","meta":{"_acf_changed":false,"ngg_post_thumbnail":0,"footnotes":""},"video_coleccion":[97],"class_list":["post-20573","fcm_video","type-fcm_video","status-publish","has-post-thumbnail","hentry","video_coleccion-conferencia"],"acf":[],"_links":{"self":[{"href":"https:\/\/fcmanrique.org\/fr\/wp-json\/wp\/v2\/fcm_video\/20573","targetHints":{"allow":["GET"]}}],"collection":[{"href":"https:\/\/fcmanrique.org\/fr\/wp-json\/wp\/v2\/fcm_video"}],"about":[{"href":"https:\/\/fcmanrique.org\/fr\/wp-json\/wp\/v2\/types\/fcm_video"}],"version-history":[{"count":8,"href":"https:\/\/fcmanrique.org\/fr\/wp-json\/wp\/v2\/fcm_video\/20573\/revisions"}],"predecessor-version":[{"id":23578,"href":"https:\/\/fcmanrique.org\/fr\/wp-json\/wp\/v2\/fcm_video\/20573\/revisions\/23578"}],"wp:featuredmedia":[{"embeddable":true,"href":"https:\/\/fcmanrique.org\/fr\/wp-json\/wp\/v2\/media\/23650"}],"wp:attachment":[{"href":"https:\/\/fcmanrique.org\/fr\/wp-json\/wp\/v2\/media?parent=20573"}],"wp:term":[{"taxonomy":"video_coleccion","embeddable":true,"href":"https:\/\/fcmanrique.org\/fr\/wp-json\/wp\/v2\/video_coleccion?post=20573"}],"curies":[{"name":"wp","href":"https:\/\/api.w.org\/{rel}","templated":true}]}}

Manuel Vicent. «Travesía literaria»

<p class="qtranxs-available-languages-message qtranxs-available-languages-message-fr">Désolé, cet article est seulement disponible en <a href="https://fcmanrique.org/es/wp-json/wp/v2/fcm_video/20573" class="qtranxs-available-language-link qtranxs-available-language-link-es" title="ES">ES</a>.</p><p><strong>Ciclo. El autor y su obra</strong></p>
<p>La Fundación César Manrique (FCM) acogió la conferencia titulada <em>Travesía literaria</em>, impartida por el escritor Manuel Vicent. Esta actividad se enmarca dentro de la programación de actividades del centenario del nacimiento de César Manrique que la institución que lleva su nombre celebrará hasta el próximo 24 de abril de 2020</p>
<p>Esta conferencia se incluye dentro del ciclo <em>El autor y su obra. Encuentros con</em><br />
<em>creadores</em>, en el que han participado, entre otros, José Saramago, Alberto Campo Baeza, Carmen Martín Gaite, José Ángel Valente, Susan Sontag, Juan Goytisolo, Eduardo Galeano, Günter Grass, Ángeles Mastretta, Eduardo Mendoza o Rosa Montero.</p>
<p><strong> Manuel Vicent</strong> es escritor y periodista. Desde hace más de 40 años colabora como columnista en el diario “El País”. También ha escrito para revistas como “Hermano Lobo” o “Triunfo”. Su labor periodística ha sido merecedora de una variedad de galardones, como el Premio González Ruano y el Premio Francisco Cerecedo, entre otros. En su faceta literaria, es autor de más de una decena de obras, entre las que destacan la galardonada con el Premio Alfaguara de Novela en 1966, titulada “Pascua y Naranja” o “La balada de Caín”, por la que obtuvo el Premio Nadal en 1987.</p>
<p><strong>Leer la crónica de la conferencia:</strong>&nbsp;<a href="https://fcmanrique.org/fcm-c-acti-celebrada/manuel-vicent/?lang=es">https://fcmanrique.org/fcm-c-acti-celebrada/manuel-vicent/?lang=es</a></p>
<p><strong>Más información:</strong>&nbsp;<a href="https://fcmanrique.org/wp-content/uploads/fc-manrique-conferencia-manuel-vicent.pdf">Nota de prensa</a></p>
