{"id":20918,"date":"2019-11-19T19:00:58","date_gmt":"2019-11-19T19:00:58","guid":{"rendered":"https:\/\/fcmanrique.org\/?post_type=fcm_video&#038;p=20918"},"modified":"2023-06-15T18:09:18","modified_gmt":"2023-06-15T18:09:18","slug":"conferencia-afterpop-fernandez-fernandez-19-noviembre","status":"publish","type":"fcm_video","link":"https:\/\/fcmanrique.org\/fr\/fcm-video\/conferencia-afterpop-fernandez-fernandez-19-noviembre\/","title":{"rendered":"Afterpop Fern\u00e1ndez &#038; Fern\u00e1ndez. \u00abLa emisora primordial\u00bb"},"content":{"rendered":"<p class=\"qtranxs-available-languages-message qtranxs-available-languages-message-fr\">D\u00e9sol\u00e9, cet article est seulement disponible en <a href=\"https:\/\/fcmanrique.org\/es\/wp-json\/wp\/v2\/fcm_video\/20918\" class=\"qtranxs-available-language-link qtranxs-available-language-link-es\" title=\"ES\">ES<\/a>.<\/p><p><strong>Espect\u00e1culo en formato <em>Spoken word<\/em><\/strong><\/p>\n<p>La Fundaci\u00f3n C\u00e9sar Manrique (FCM) acogi\u00f3 el pasado martes, 19 de noviembre, en la sala Jos\u00e9 Saramago de La Plazuela (Arrecife), un espect\u00e1culo en formato spoken word ofrecido por el d\u00fao <em>Afterpop Fern\u00e1ndez &amp; Fern\u00e1ndez<\/em>, integrado por los escritores Agust\u00edn Fern\u00e1ndez Mallo, autor de la trilog\u00eda novel\u00edstica \u00ab\u00a0Proyecto Nocilla\u00a0\u00bb, y Eloy Fern\u00e1ndez Porta, autor de \u00ab\u00a0Emoci\u00f3nese as\u00ed\u00a0\u00bb por el que recibi\u00f3 el Premio Ciudad de Barcelona de Ensayo.<\/p>\n<p>Bajo el t\u00edtulo <em>La emisora primordial<\/em>, el d\u00fao combin\u00f3 durante su actuaci\u00f3n im\u00e1genes, m\u00fasica y texto. Esta actividad se enmarca dentro del centenario del nacimiento de C\u00e9sar Manrique que la instituci\u00f3n que lleva su nombre celebrar\u00e1 hasta el pr\u00f3ximo 24 de abril de 2020.<\/p>\n<p><strong>Leer la cr\u00f3nica de la actuaci\u00f3n:<\/strong> <a href=\"https:\/\/fcmanrique.org\/fcm-c-acti-celebrada\/afterpop-fernandezfernandez\/?lang=es\">https:\/\/fcmanrique.org\/fcm-c-acti-celebrada\/afterpop-fernandezfernandez\/?lang=es<\/a><\/p>\n<p><strong>M\u00e1s informaci\u00f3n:&nbsp;<\/strong><a href=\"https:\/\/fcmanrique.org\/wp-content\/uploads\/fc-manrique-spoken-word.pdf\">Nota de prensa<\/a><\/p>","protected":false},"featured_media":23653,"parent":0,"template":"","meta":{"_acf_changed":false,"ngg_post_thumbnail":0,"footnotes":""},"video_coleccion":[97],"class_list":["post-20918","fcm_video","type-fcm_video","status-publish","has-post-thumbnail","hentry","video_coleccion-conferencia"],"acf":[],"_links":{"self":[{"href":"https:\/\/fcmanrique.org\/fr\/wp-json\/wp\/v2\/fcm_video\/20918","targetHints":{"allow":["GET"]}}],"collection":[{"href":"https:\/\/fcmanrique.org\/fr\/wp-json\/wp\/v2\/fcm_video"}],"about":[{"href":"https:\/\/fcmanrique.org\/fr\/wp-json\/wp\/v2\/types\/fcm_video"}],"version-history":[{"count":10,"href":"https:\/\/fcmanrique.org\/fr\/wp-json\/wp\/v2\/fcm_video\/20918\/revisions"}],"predecessor-version":[{"id":23585,"href":"https:\/\/fcmanrique.org\/fr\/wp-json\/wp\/v2\/fcm_video\/20918\/revisions\/23585"}],"wp:featuredmedia":[{"embeddable":true,"href":"https:\/\/fcmanrique.org\/fr\/wp-json\/wp\/v2\/media\/23653"}],"wp:attachment":[{"href":"https:\/\/fcmanrique.org\/fr\/wp-json\/wp\/v2\/media?parent=20918"}],"wp:term":[{"taxonomy":"video_coleccion","embeddable":true,"href":"https:\/\/fcmanrique.org\/fr\/wp-json\/wp\/v2\/video_coleccion?post=20918"}],"curies":[{"name":"wp","href":"https:\/\/api.w.org\/{rel}","templated":true}]}}

Afterpop Fernández &#038; Fernández. «La emisora primordial»

<p class="qtranxs-available-languages-message qtranxs-available-languages-message-fr">Désolé, cet article est seulement disponible en <a href="https://fcmanrique.org/es/wp-json/wp/v2/fcm_video/20918" class="qtranxs-available-language-link qtranxs-available-language-link-es" title="ES">ES</a>.</p><p><strong>Espectáculo en formato <em>Spoken word</em></strong></p>
<p>La Fundación César Manrique (FCM) acogió el pasado martes, 19 de noviembre, en la sala José Saramago de La Plazuela (Arrecife), un espectáculo en formato spoken word ofrecido por el dúo <em>Afterpop Fernández &amp; Fernández</em>, integrado por los escritores Agustín Fernández Mallo, autor de la trilogía novelística « Proyecto Nocilla », y Eloy Fernández Porta, autor de « Emociónese así » por el que recibió el Premio Ciudad de Barcelona de Ensayo.</p>
<p>Bajo el título <em>La emisora primordial</em>, el dúo combinó durante su actuación imágenes, música y texto. Esta actividad se enmarca dentro del centenario del nacimiento de César Manrique que la institución que lleva su nombre celebrará hasta el próximo 24 de abril de 2020.</p>
<p><strong>Leer la crónica de la actuación:</strong> <a href="https://fcmanrique.org/fcm-c-acti-celebrada/afterpop-fernandezfernandez/?lang=es">https://fcmanrique.org/fcm-c-acti-celebrada/afterpop-fernandezfernandez/?lang=es</a></p>
<p><strong>Más información:&nbsp;</strong><a href="https://fcmanrique.org/wp-content/uploads/fc-manrique-spoken-word.pdf">Nota de prensa</a></p>
