{"id":25607,"date":"2024-06-25T10:11:16","date_gmt":"2024-06-25T10:11:16","guid":{"rendered":"https:\/\/fcmanrique.org\/?post_type=fcm_video&#038;p=25607"},"modified":"2024-10-29T11:52:44","modified_gmt":"2024-10-29T11:52:44","slug":"oscar-carpintero-limites-transicion-energetica-y-escenarios-postcrecimiento","status":"publish","type":"fcm_video","link":"https:\/\/fcmanrique.org\/fr\/fcm-video\/oscar-carpintero-limites-transicion-energetica-y-escenarios-postcrecimiento\/","title":{"rendered":"\u00abL\u00edmites, transici\u00f3n energ\u00e9tica y escenarios postcrecimiento\u00bb"},"content":{"rendered":"<p class=\"qtranxs-available-languages-message qtranxs-available-languages-message-fr\">D\u00e9sol\u00e9, cet article est seulement disponible en <a href=\"https:\/\/fcmanrique.org\/es\/wp-json\/wp\/v2\/fcm_video\/25607\" class=\"qtranxs-available-language-link qtranxs-available-language-link-es\" title=\"ES\">ES<\/a>.<\/p><p><strong>Foro de reflexi\u00f3n. Fronteras y direcciones del progreso<\/strong><\/p>\n<p>La Fundaci\u00f3n C\u00e9sar Manrique (FCM) acogi\u00f3 el pasado jueves 27 de junio de 2024, la conferencia titulada \u00ab\u00a0L\u00edmites, transici\u00f3n energ\u00e9tica y escenarios postcrecimiento\u201d, impartida por <strong>\u00d3scar Carpintero.<\/strong> El catedr\u00e1tico de Econom\u00eda Aplicada, experto en econom\u00eda ecol\u00f3gica, energ\u00eda y din\u00e1mica de sistemas, reflexion\u00f3 sobre la situaci\u00f3n actual de crisis, su contexto, y las posibilidades y limitaciones de las diversas opciones de salida para emprender un proceso de transici\u00f3n ecol\u00f3gica. El acto tuvo lugar en la sala Jos\u00e9 Saramago (La Plazuela, Arrecife) y fue transmitido a trav\u00e9s de la web de la FCM y el canal de Youtube de la FCM.<\/p>\n<p>Durante su ponencia, Carpintero razon\u00f3 sobre c\u00f3mo la crisis ecol\u00f3gica es consecuencia, entre otros aspectos, de la sobreexplotaci\u00f3n de los recursos y la insostenible generaci\u00f3n de residuos. Una situaci\u00f3n que, a juicio del conferenciante, aboca a iniciar un proceso urgente de cambio o transici\u00f3n ecol\u00f3gica, particularmente en el campo de la energ\u00eda. En este sentido, abord\u00f3 el crecimiento verde y el pacto verde que, bajo diferentes f\u00f3rmulas, mantienen la idea de que es posible continuar con la misma din\u00e1mica de crecimiento econ\u00f3mico y, a la vez, reducir el deterioro ecol\u00f3gico avanzando hacia una econom\u00eda digital e inmaterial. Por otro lado, Carpintero expuso propuestas y escenarios de decrecimiento\/postcrecimiento, que cuestionan la mitolog\u00eda del crecimiento e intentan ir a la ra\u00edz de los problemas, abordando la necesidad de cambios sist\u00e9micos y su viabilidad t\u00e9cnica y social para orientar las econom\u00edas por derroteros m\u00e1s sostenibles ambientalmente y justos socialmente.<\/p>\n<p><strong>Cr\u00f3nica de la conferencia:&nbsp;<\/strong><a href=\"https:\/\/fcmanrique.org\/fcm-actividad\/oscar-carpintero\/\" target=\"_blank\" rel=\"noopener\">Cr\u00f3nica<\/a><\/p>\n<p><strong>M\u00e1s informaci\u00f3n:<\/strong> <a href=\"https:\/\/fcmanrique.org\/wp-content\/uploads\/np-08.24.-Conferencia-Oscar-Carpintero.pdf\" target=\"_blank\" rel=\"noopener\">Nota de prensa<\/a><\/p>","protected":false},"featured_media":25743,"parent":0,"template":"","meta":{"_acf_changed":false,"ngg_post_thumbnail":0,"footnotes":""},"video_coleccion":[],"class_list":["post-25607","fcm_video","type-fcm_video","status-publish","has-post-thumbnail","hentry"],"acf":[],"_links":{"self":[{"href":"https:\/\/fcmanrique.org\/fr\/wp-json\/wp\/v2\/fcm_video\/25607","targetHints":{"allow":["GET"]}}],"collection":[{"href":"https:\/\/fcmanrique.org\/fr\/wp-json\/wp\/v2\/fcm_video"}],"about":[{"href":"https:\/\/fcmanrique.org\/fr\/wp-json\/wp\/v2\/types\/fcm_video"}],"version-history":[{"count":22,"href":"https:\/\/fcmanrique.org\/fr\/wp-json\/wp\/v2\/fcm_video\/25607\/revisions"}],"predecessor-version":[{"id":26208,"href":"https:\/\/fcmanrique.org\/fr\/wp-json\/wp\/v2\/fcm_video\/25607\/revisions\/26208"}],"wp:featuredmedia":[{"embeddable":true,"href":"https:\/\/fcmanrique.org\/fr\/wp-json\/wp\/v2\/media\/25743"}],"wp:attachment":[{"href":"https:\/\/fcmanrique.org\/fr\/wp-json\/wp\/v2\/media?parent=25607"}],"wp:term":[{"taxonomy":"video_coleccion","embeddable":true,"href":"https:\/\/fcmanrique.org\/fr\/wp-json\/wp\/v2\/video_coleccion?post=25607"}],"curies":[{"name":"wp","href":"https:\/\/api.w.org\/{rel}","templated":true}]}}

«Límites, transición energética y escenarios postcrecimiento»

<p class="qtranxs-available-languages-message qtranxs-available-languages-message-fr">Désolé, cet article est seulement disponible en <a href="https://fcmanrique.org/es/wp-json/wp/v2/fcm_video/25607" class="qtranxs-available-language-link qtranxs-available-language-link-es" title="ES">ES</a>.</p><p><strong>Foro de reflexión. Fronteras y direcciones del progreso</strong></p>
<p>La Fundación César Manrique (FCM) acogió el pasado jueves 27 de junio de 2024, la conferencia titulada « Límites, transición energética y escenarios postcrecimiento”, impartida por <strong>Óscar Carpintero.</strong> El catedrático de Economía Aplicada, experto en economía ecológica, energía y dinámica de sistemas, reflexionó sobre la situación actual de crisis, su contexto, y las posibilidades y limitaciones de las diversas opciones de salida para emprender un proceso de transición ecológica. El acto tuvo lugar en la sala José Saramago (La Plazuela, Arrecife) y fue transmitido a través de la web de la FCM y el canal de Youtube de la FCM.</p>
<p>Durante su ponencia, Carpintero razonó sobre cómo la crisis ecológica es consecuencia, entre otros aspectos, de la sobreexplotación de los recursos y la insostenible generación de residuos. Una situación que, a juicio del conferenciante, aboca a iniciar un proceso urgente de cambio o transición ecológica, particularmente en el campo de la energía. En este sentido, abordó el crecimiento verde y el pacto verde que, bajo diferentes fórmulas, mantienen la idea de que es posible continuar con la misma dinámica de crecimiento económico y, a la vez, reducir el deterioro ecológico avanzando hacia una economía digital e inmaterial. Por otro lado, Carpintero expuso propuestas y escenarios de decrecimiento/postcrecimiento, que cuestionan la mitología del crecimiento e intentan ir a la raíz de los problemas, abordando la necesidad de cambios sistémicos y su viabilidad técnica y social para orientar las economías por derroteros más sostenibles ambientalmente y justos socialmente.</p>
<p><strong>Crónica de la conferencia:&nbsp;</strong><a href="https://fcmanrique.org/fcm-actividad/oscar-carpintero/" target="_blank" rel="noopener">Crónica</a></p>
<p><strong>Más información:</strong> <a href="https://fcmanrique.org/wp-content/uploads/np-08.24.-Conferencia-Oscar-Carpintero.pdf" target="_blank" rel="noopener">Nota de prensa</a></p>
