{"id":14050,"date":"2006-09-28T00:00:00","date_gmt":"2006-09-28T00:00:00","guid":{"rendered":"https:\/\/fcmanrique.org\/fcm-actividad\/ma-jose-farinas-el-mercado-global-d\/"},"modified":"2006-09-28T00:00:00","modified_gmt":"2006-09-28T00:00:00","slug":"ma-jose-farinas-el-mercado-global-d","status":"publish","type":"fcm_actividad","link":"https:\/\/fcmanrique.org\/it\/fcm-actividad\/ma-jose-farinas-el-mercado-global-d\/","title":{"rendered":"M\u00aa Jos\u00e9 Fari\u00f1as. <em>El mercado global de la ciudadan\u00eda<\/em>"},"content":{"rendered":"<p class=\"qtranxs-available-languages-message qtranxs-available-languages-message-it\">Ci spiace, ma questo articolo \u00e8 disponibile soltanto in <a href=\"https:\/\/fcmanrique.org\/es\/wp-json\/wp\/v2\/fcm_actividad\/14050\" class=\"qtranxs-available-language-link qtranxs-available-language-link-es\" title=\"ES\">ES<\/a>.<\/p><p><\/p>\n<p class=\"MsoNormal\" style=\"text-align: justify;\"><span style=\"ofont-size: 10pt; ofont-family: Arial;\">El&nbsp; 28 de septiembre de 2006, M&ordf; Jos&eacute; Fari&ntilde;as pronunci&oacute; la conferencia titulada <em >El mercado global de la ciudadan&iacute;a<\/em>.<o:p><\/o:p><\/span><\/p>\n<p class=\"MsoNormal\" style=\"text-align: justify;\"><span style=\"ofont-size: 10pt; ofont-family: Arial;\">M&ordf; Jos&eacute; Fari&ntilde;as es Doctora en Derecho por la Universidad Complutense de Madrid, profesora titular de Filosof&iacute;a del Derecho de la Universidad Carlos III de Madrid, profesora del Master y el Doctorado en Derechos Humanos del Instituto de Derechos Humanos &ldquo;Bartolom&eacute; de las Casas&rdquo;, profesora del Master en Sociolog&iacute;a Jur&iacute;dica del Instituto Internacional de Sociolog&iacute;a Jur&iacute;dica de O&ntilde;ate y profesora del Doctorado en Derechos Humanos y Desarrollo de la Universidad Pablo de Olavide de Sevilla. <o:p><\/o:p><\/span><\/p>\n<p class=\"MsoNormal\" style=\"text-align: justify;\"><span style=\"ofont-size: 10pt; ofont-family: Arial;\">Actualmente es Asesora del Departamento de An&aacute;lisis y Estudios del Gabinete de la Presidencia del Gobierno de Espa&ntilde;a. Ha sido profesora Invitada en varias Universidades europeas y latinoamericanas. <o:p><\/o:p><\/span><\/p>\n<p class=\"MsoNormal\" style=\"margin-right: 1.7pt; text-align: justify;\"><span style=\"ofont-size: 10pt; ofont-family: Arial;\">Entre sus &uacute;ltimas publicaciones cabe destacar: <em >Globalizaci&oacute;n, Ciudadan&iacute;a y Derechos Humanos<\/em> (2&ordm; edici&oacute;n, Dykinson, 2004) y <em >Mercado sin Ciudadan&iacute;a<\/em> (Biblioteca Nueva, 2005).<o:p><\/o:p><\/span><\/p>\n<p class=\"MsoNormal\" style=\"text-align: justify;\"><span style=\"ofont-size: 10pt; ofont-family: Arial;\">En el trancurso de su intervenci&oacute;n, M&ordf; Jos&eacute; Fari&ntilde;as analiz&oacute; c&oacute;mo la ideolog&iacute;a neoliberal imperante en las &uacute;ltimas d&eacute;cadas est&aacute; afectando a la estructuraci&oacute;n de nuestras sociedades. Especialmente por lo que respecta a las posibles quiebras en los v&iacute;nculos sociales y en los espacios p&uacute;blicos de debate y discusi&oacute;n que constituyen parte esencias de nuestras democracias. <o:p><\/o:p><\/span><\/p>\n<p class=\"MsoNormal\" style=\"text-align: justify;\"><span style=\"ofont-size: 10pt; ofont-family: Arial;\">A juicio de Fari&ntilde;as, el concepto de ciudadan&iacute;a es un concepto viejo, que ahora aparece de nuevo en escena con muchos replanteamientos. Se habla de ciudadanos de primera y ciudadanos de segunda, frente a ello se proponen nuevos estatus de ciudadan&iacute;a cosmopolita y de espacio publico universal. <o:p><\/o:p><\/span><\/p>\n<p><span style=\"ofont-size: 10pt; ofont-family: Arial;\">Pero, por otra parte, existe cada vez m&aacute;s una conciencia de privatizaci&oacute;n de la ciudadan&iacute;a y de p&eacute;rdida de los espacios p&uacute;blicos de referencia, lo cual pone en tensi&oacute;n a la propio estructura democr&aacute;tica de nuestras sociedades.<\/span><\/p>","protected":false},"featured_media":14051,"parent":0,"template":"","meta":{"_acf_changed":false,"ngg_post_thumbnail":0,"footnotes":""},"actividad_tipo":[34],"actividad_lugar":[46],"actividad_departamento":[31],"actividad_ciclo":[74],"class_list":["post-14050","fcm_actividad","type-fcm_actividad","status-publish","has-post-thumbnail","hentry","actividad_tipo-conferencias","actividad_lugar-lugar-fcm","actividad_departamento-departamento-de-programas-culturales","actividad_ciclo-escuela-de-ciudadania"],"acf":[],"_links":{"self":[{"href":"https:\/\/fcmanrique.org\/it\/wp-json\/wp\/v2\/fcm_actividad\/14050","targetHints":{"allow":["GET"]}}],"collection":[{"href":"https:\/\/fcmanrique.org\/it\/wp-json\/wp\/v2\/fcm_actividad"}],"about":[{"href":"https:\/\/fcmanrique.org\/it\/wp-json\/wp\/v2\/types\/fcm_actividad"}],"version-history":[{"count":0,"href":"https:\/\/fcmanrique.org\/it\/wp-json\/wp\/v2\/fcm_actividad\/14050\/revisions"}],"wp:featuredmedia":[{"embeddable":true,"href":"https:\/\/fcmanrique.org\/it\/wp-json\/wp\/v2\/media\/14051"}],"wp:attachment":[{"href":"https:\/\/fcmanrique.org\/it\/wp-json\/wp\/v2\/media?parent=14050"}],"wp:term":[{"taxonomy":"actividad_tipo","embeddable":true,"href":"https:\/\/fcmanrique.org\/it\/wp-json\/wp\/v2\/actividad_tipo?post=14050"},{"taxonomy":"actividad_lugar","embeddable":true,"href":"https:\/\/fcmanrique.org\/it\/wp-json\/wp\/v2\/actividad_lugar?post=14050"},{"taxonomy":"actividad_departamento","embeddable":true,"href":"https:\/\/fcmanrique.org\/it\/wp-json\/wp\/v2\/actividad_departamento?post=14050"},{"taxonomy":"actividad_ciclo","embeddable":true,"href":"https:\/\/fcmanrique.org\/it\/wp-json\/wp\/v2\/actividad_ciclo?post=14050"}],"curies":[{"name":"wp","href":"https:\/\/api.w.org\/{rel}","templated":true}]}}

Mª José Fariñas. <em>El mercado global de la ciudadanía</em>

<p class="qtranxs-available-languages-message qtranxs-available-languages-message-it">Ci spiace, ma questo articolo è disponibile soltanto in <a href="https://fcmanrique.org/es/wp-json/wp/v2/fcm_actividad/14050" class="qtranxs-available-language-link qtranxs-available-language-link-es" title="ES">ES</a>.</p><p></p>
<p class="MsoNormal" style="text-align: justify;"><span style="ofont-size: 10pt; ofont-family: Arial;">El&nbsp; 28 de septiembre de 2006, M&ordf; Jos&eacute; Fari&ntilde;as pronunci&oacute; la conferencia titulada <em >El mercado global de la ciudadan&iacute;a</em>.<o:p></o:p></span></p>
<p class="MsoNormal" style="text-align: justify;"><span style="ofont-size: 10pt; ofont-family: Arial;">M&ordf; Jos&eacute; Fari&ntilde;as es Doctora en Derecho por la Universidad Complutense de Madrid, profesora titular de Filosof&iacute;a del Derecho de la Universidad Carlos III de Madrid, profesora del Master y el Doctorado en Derechos Humanos del Instituto de Derechos Humanos &ldquo;Bartolom&eacute; de las Casas&rdquo;, profesora del Master en Sociolog&iacute;a Jur&iacute;dica del Instituto Internacional de Sociolog&iacute;a Jur&iacute;dica de O&ntilde;ate y profesora del Doctorado en Derechos Humanos y Desarrollo de la Universidad Pablo de Olavide de Sevilla. <o:p></o:p></span></p>
<p class="MsoNormal" style="text-align: justify;"><span style="ofont-size: 10pt; ofont-family: Arial;">Actualmente es Asesora del Departamento de An&aacute;lisis y Estudios del Gabinete de la Presidencia del Gobierno de Espa&ntilde;a. Ha sido profesora Invitada en varias Universidades europeas y latinoamericanas. <o:p></o:p></span></p>
<p class="MsoNormal" style="margin-right: 1.7pt; text-align: justify;"><span style="ofont-size: 10pt; ofont-family: Arial;">Entre sus &uacute;ltimas publicaciones cabe destacar: <em >Globalizaci&oacute;n, Ciudadan&iacute;a y Derechos Humanos</em> (2&ordm; edici&oacute;n, Dykinson, 2004) y <em >Mercado sin Ciudadan&iacute;a</em> (Biblioteca Nueva, 2005).<o:p></o:p></span></p>
<p class="MsoNormal" style="text-align: justify;"><span style="ofont-size: 10pt; ofont-family: Arial;">En el trancurso de su intervenci&oacute;n, M&ordf; Jos&eacute; Fari&ntilde;as analiz&oacute; c&oacute;mo la ideolog&iacute;a neoliberal imperante en las &uacute;ltimas d&eacute;cadas est&aacute; afectando a la estructuraci&oacute;n de nuestras sociedades. Especialmente por lo que respecta a las posibles quiebras en los v&iacute;nculos sociales y en los espacios p&uacute;blicos de debate y discusi&oacute;n que constituyen parte esencias de nuestras democracias. <o:p></o:p></span></p>
<p class="MsoNormal" style="text-align: justify;"><span style="ofont-size: 10pt; ofont-family: Arial;">A juicio de Fari&ntilde;as, el concepto de ciudadan&iacute;a es un concepto viejo, que ahora aparece de nuevo en escena con muchos replanteamientos. Se habla de ciudadanos de primera y ciudadanos de segunda, frente a ello se proponen nuevos estatus de ciudadan&iacute;a cosmopolita y de espacio publico universal. <o:p></o:p></span></p>
<p><span style="ofont-size: 10pt; ofont-family: Arial;">Pero, por otra parte, existe cada vez m&aacute;s una conciencia de privatizaci&oacute;n de la ciudadan&iacute;a y de p&eacute;rdida de los espacios p&uacute;blicos de referencia, lo cual pone en tensi&oacute;n a la propio estructura democr&aacute;tica de nuestras sociedades.</span></p>
