{"id":14096,"date":"2006-05-16T00:00:00","date_gmt":"2006-05-16T00:00:00","guid":{"rendered":"https:\/\/fcmanrique.org\/fcm-actividad\/alegaciones-al-convenio-entre-el-ay\/"},"modified":"2024-10-04T09:31:12","modified_gmt":"2024-10-04T09:31:12","slug":"alegaciones-al-convenio-entre-el-ay","status":"publish","type":"fcm_actividad","link":"https:\/\/fcmanrique.org\/it\/fcm-actividad\/alegaciones-al-convenio-entre-el-ay\/","title":{"rendered":"Alegaciones al convenio entre el Ayuntamiento de Teguise y Algol"},"content":{"rendered":"<p class=\"qtranxs-available-languages-message qtranxs-available-languages-message-it\">Ci spiace, ma questo articolo \u00e8 disponibile soltanto in <a href=\"https:\/\/fcmanrique.org\/es\/wp-json\/wp\/v2\/fcm_actividad\/14096\" class=\"qtranxs-available-language-link qtranxs-available-language-link-es\" title=\"ES\">ES<\/a>.<\/p><p><\/p>\n<p class=\"MsoNormal\" style=\"text-align: justify;\"><span style=\"ofont-size: 10pt; ofont-family: Arial;\">La Fundaci\u00f3n C\u00e9sar Manrique present\u00f3 en mayo de <strong>2006<\/strong> un <strong>Documento de alegaciones al convenio firmado entre el Ayuntamiento de Teguise y la entidad mercantil Algol Desarrollo Inmobiliario S.L<\/strong>. <\/span><\/p>\n<p class=\"MsoNormal\" style=\"text-align: justify;\"><span style=\"ofont-size: 10pt; ofont-family: Arial;\">En el mismo se solicit\u00f3 la suspensi\u00f3n del acuerdo municipal que aprob\u00f3 dicho convenio, as\u00ed como su retirada, por considerarlo lesivo para el inter\u00e9s del municipio de Teguise, y en general para el conjunto de la Isla, adem\u00e1s de abusivo en sus cl\u00e1usulas, y por romper la l\u00f3gica de las pol\u00edticas de control del crecimiento que la Isla lleva procurando impulsar en los \u00faltimos 15 a\u00f1os. <\/span><\/p>\n<p class=\"MsoNormal\" style=\"text-align: justify;\"><span style=\"ofont-size: 10pt; ofont-family: Arial;\">Del mismo modo, la FCM expres\u00f3 diversas consideraciones sobre las contradicciones que este improcedente convenio genera con respecto al Plan Insular de Ordenaci\u00f3n del Territorio cuanto al planeamiento municipal. <\/span><\/p>\n<p class=\"MsoNormal\" style=\"text-align: justify;\"><span style=\"ofont-size: 10pt; ofont-family: Arial;\">El primero, por cuanto los cambios de uso, edificabilidad, reclasificaci\u00f3n (de casi un mill\u00f3n y medio de metros cuadrados de suelo r\u00fastico a urbano en el campo de golf) y previsi\u00f3n de grandes equipamientos comerciales y de ocio complementario deber\u00edan contemplarse desde la perspectiva global de la isla a trav\u00e9s del planeamiento insular. <\/span><\/p>\n<p class=\"MsoNormal\" style=\"text-align: justify;\"><span style=\"ofont-size: 10pt; ofont-family: Arial;\">El segundo, en tanto que el planeamiento general municipal es el instrumento adecuado para organizar y desarrollar grandes \u00e1reas urbanas residenciales como la que contempla el convenio. Derivar la planificaci\u00f3n de grandes bolsas de suelo (m\u00e1s de siete millones de metros cuadrados, en este caso) a un acuerdo entre un promotor y el Ayuntamiento, v\u00eda convenio, resulta, a juicio de la FCM, no s\u00f3lo desproporcionado, sino inaceptable desde el punto de vista urban\u00edstico.<\/span><\/p>\n<p><\/p>","protected":false},"featured_media":25991,"parent":0,"template":"","meta":{"_acf_changed":false,"ngg_post_thumbnail":0,"footnotes":""},"actividad_tipo":[39],"actividad_lugar":[46],"actividad_departamento":[29],"actividad_ciclo":[],"class_list":["post-14096","fcm_actividad","type-fcm_actividad","status-publish","has-post-thumbnail","hentry","actividad_tipo-informes-y-alegaciones","actividad_lugar-lugar-fcm","actividad_departamento-departamento-de-territorio-y-medio-ambiente"],"acf":[],"_links":{"self":[{"href":"https:\/\/fcmanrique.org\/it\/wp-json\/wp\/v2\/fcm_actividad\/14096","targetHints":{"allow":["GET"]}}],"collection":[{"href":"https:\/\/fcmanrique.org\/it\/wp-json\/wp\/v2\/fcm_actividad"}],"about":[{"href":"https:\/\/fcmanrique.org\/it\/wp-json\/wp\/v2\/types\/fcm_actividad"}],"version-history":[{"count":2,"href":"https:\/\/fcmanrique.org\/it\/wp-json\/wp\/v2\/fcm_actividad\/14096\/revisions"}],"predecessor-version":[{"id":26025,"href":"https:\/\/fcmanrique.org\/it\/wp-json\/wp\/v2\/fcm_actividad\/14096\/revisions\/26025"}],"wp:featuredmedia":[{"embeddable":true,"href":"https:\/\/fcmanrique.org\/it\/wp-json\/wp\/v2\/media\/25991"}],"wp:attachment":[{"href":"https:\/\/fcmanrique.org\/it\/wp-json\/wp\/v2\/media?parent=14096"}],"wp:term":[{"taxonomy":"actividad_tipo","embeddable":true,"href":"https:\/\/fcmanrique.org\/it\/wp-json\/wp\/v2\/actividad_tipo?post=14096"},{"taxonomy":"actividad_lugar","embeddable":true,"href":"https:\/\/fcmanrique.org\/it\/wp-json\/wp\/v2\/actividad_lugar?post=14096"},{"taxonomy":"actividad_departamento","embeddable":true,"href":"https:\/\/fcmanrique.org\/it\/wp-json\/wp\/v2\/actividad_departamento?post=14096"},{"taxonomy":"actividad_ciclo","embeddable":true,"href":"https:\/\/fcmanrique.org\/it\/wp-json\/wp\/v2\/actividad_ciclo?post=14096"}],"curies":[{"name":"wp","href":"https:\/\/api.w.org\/{rel}","templated":true}]}}

<p class="qtranxs-available-languages-message qtranxs-available-languages-message-it">Ci spiace, ma questo articolo è disponibile soltanto in <a href="https://fcmanrique.org/es/wp-json/wp/v2/fcm_actividad/14096" class="qtranxs-available-language-link qtranxs-available-language-link-es" title="ES">ES</a>.</p><p></p>
<p class="MsoNormal" style="text-align: justify;"><span style="ofont-size: 10pt; ofont-family: Arial;">La Fundación César Manrique presentó en mayo de <strong>2006</strong> un <strong>Documento de alegaciones al convenio firmado entre el Ayuntamiento de Teguise y la entidad mercantil Algol Desarrollo Inmobiliario S.L</strong>. </span></p>
<p class="MsoNormal" style="text-align: justify;"><span style="ofont-size: 10pt; ofont-family: Arial;">En el mismo se solicitó la suspensión del acuerdo municipal que aprobó dicho convenio, así como su retirada, por considerarlo lesivo para el interés del municipio de Teguise, y en general para el conjunto de la Isla, además de abusivo en sus cláusulas, y por romper la lógica de las políticas de control del crecimiento que la Isla lleva procurando impulsar en los últimos 15 años. </span></p>
<p class="MsoNormal" style="text-align: justify;"><span style="ofont-size: 10pt; ofont-family: Arial;">Del mismo modo, la FCM expresó diversas consideraciones sobre las contradicciones que este improcedente convenio genera con respecto al Plan Insular de Ordenación del Territorio cuanto al planeamiento municipal. </span></p>
<p class="MsoNormal" style="text-align: justify;"><span style="ofont-size: 10pt; ofont-family: Arial;">El primero, por cuanto los cambios de uso, edificabilidad, reclasificación (de casi un millón y medio de metros cuadrados de suelo rústico a urbano en el campo de golf) y previsión de grandes equipamientos comerciales y de ocio complementario deberían contemplarse desde la perspectiva global de la isla a través del planeamiento insular. </span></p>
<p class="MsoNormal" style="text-align: justify;"><span style="ofont-size: 10pt; ofont-family: Arial;">El segundo, en tanto que el planeamiento general municipal es el instrumento adecuado para organizar y desarrollar grandes áreas urbanas residenciales como la que contempla el convenio. Derivar la planificación de grandes bolsas de suelo (más de siete millones de metros cuadrados, en este caso) a un acuerdo entre un promotor y el Ayuntamiento, vía convenio, resulta, a juicio de la FCM, no sólo desproporcionado, sino inaceptable desde el punto de vista urbanístico.</span></p>
<p></p>
