{"id":14118,"date":"2007-04-12T00:00:00","date_gmt":"2007-04-12T00:00:00","guid":{"rendered":"https:\/\/fcmanrique.org\/fcm-actividad\/calidad-de-la-democracia-y-protecci\/"},"modified":"2023-12-13T14:54:17","modified_gmt":"2023-12-13T14:54:17","slug":"calidad-de-la-democracia-y-protecci","status":"publish","type":"fcm_actividad","link":"https:\/\/fcmanrique.org\/it\/fcm-actividad\/calidad-de-la-democracia-y-protecci\/","title":{"rendered":"Presentaci\u00f3n del libro <em>Calidad de la democracia y protecci\u00f3n ambiental en Canarias<\/em> de Federico Aguilera Klink (ed.)"},"content":{"rendered":"<p class=\"qtranxs-available-languages-message qtranxs-available-languages-message-it\">Ci spiace, ma questo articolo \u00e8 disponibile soltanto in <a href=\"https:\/\/fcmanrique.org\/es\/wp-json\/wp\/v2\/fcm_actividad\/14118\" class=\"qtranxs-available-language-link qtranxs-available-language-link-es\" title=\"ES\">ES<\/a>.<\/p><p><\/p>\n<p class=\"MsoNormal\"><span style=\"ofont-size: 10pt; ofont-family: Arial;\">El jueves 12 de abril de 2007, tuvo lugar la presentaci\u00f3n del libro <strong><em>Calidad de la democracia y protecci\u00f3n ambiental en Canarias<\/em><\/strong>, editado por la FCM dentro de la <strong>colecci\u00f3n <em>Torcusa<\/em><\/strong>. El acto consisti\u00f3 en una mesa redonda en la que participaron Gabriel Bello y dos de los autores del libro, <strong>Federico Aguilera Klink<\/strong> y J<strong>uan S\u00e1nchez Garc\u00eda<\/strong>.<\/span><\/p>\n<p class=\"MsoNormal\"><span lang=\"ES-TRAD\" style=\"ofont-size: 10pt; ofont-family: Arial;\"><strong>Gabriel Bello<\/strong> es Catedr\u00e1tico de \u00c9tica y Filosof\u00eda Pol\u00edtica de la Universidad de La Laguna, y Presidente del Comit\u00e9 de \u00c9tica de la Investigaci\u00f3n de la misma Universidad, y ha ejercido cargos acad\u00e9micos como Decano y Director de Departamento, y ha pertenecido al Comit\u00e9 de Humanidades de la ANECA (Agencia Nacional de Evaluaci\u00f3n y Acreditaci\u00f3n).<br \/>\n<\/span><\/p>\n<p class=\"MsoNormal\"><span lang=\"ES-TRAD\" style=\"ofont-size: 10pt; ofont-family: Arial;\">Ha publicado los siguientes libros: <em><span style=\"ofont-family: Arial;\">El retorno de Ulises. Sobre competencia \u00e9tica y supervivencia<\/span><\/em>, (La Laguna, Servicio de Publicaciones de la Universidad), 1988, <em><span style=\"ofont-family: Arial;\">La construcci\u00f3n \u00e9tica del otro<\/span><\/em> (Oviedo, Edit. N\u00f3bel), 1997; Premio internacional de Ensayo \u201cJovellanos\u201d); <em><span style=\"ofont-family: Arial;\">El valor de los otros. M\u00e1s all\u00e1 de la violencia intercultural<\/span><\/em> (Ed. Biblioteca Nueva, Madrid), 2006; <em><span style=\"ofont-family: Arial;\">Postcolonialismo, emigraci\u00f3n y alteridad<\/span><\/em>, Edit. Comares, Granada, 2007.<br \/>\n<\/span><\/p>\n<p class=\"MsoNormal\"><span lang=\"ES-TRAD\" style=\"ofont-size: 10pt; ofont-family: Arial;\">Adem\u00e1s, es autor de cap\u00edtulos de libros y art\u00edculos sobre el pragmatismo norteamericano cl\u00e1sico y sobre el neopragmatismo de R. Rorty, sobre la \u00e9tica de la alteridad de E. Levinas y sobre problemas de bio\u00e9tica y de \u00e9tica ecol\u00f3gica. En la actualidad trabaja sobre problemas de \u00e9tica global, y sobre la validez y alcance intercultural de los juicios morales.<\/span><\/p>\n<p class=\"MsoNormal\"><span style=\"ofont-size: 10pt; ofont-family: Arial;\"><strong>Federico Aguilera Klink<\/strong> es catedr\u00e1tico de Econom\u00eda Aplicada en la Universidad de La Laguna. Ense\u00f1a Econom\u00eda de los Recursos Naturales y Econom\u00eda Ecol\u00f3gica. Sus \u00faltimos trabajos han sido publicados en <em><span style=\"ofont-family: Arial;\">Ecolog\u00eda Pol\u00edtica, Ecological Economics, Environment and Planning C: Government and Policy, Archipi\u00e9lago, Economistas e International Journal of Water<\/span><\/em>. Algunos de sus libros son: <em><span style=\"ofont-family: Arial;\">Econom\u00eda del Agua<\/span><\/em> (1992, segunda edici\u00f3n en 1996), <em><span style=\"ofont-family: Arial;\">Canarias. Econom\u00eda, Ecolog\u00eda y Medio Ambiente<\/span><\/em> (1994, varios autores), <em><span style=\"ofont-family: Arial;\">De la econom\u00eda ambiental a la econom\u00eda ecol\u00f3gica <\/span><\/em>(1994, en colaboraci\u00f3n con Vicente Alc\u00e1ntara), <em><span style=\"ofont-family: Arial;\">Econom\u00eda de los recursos naturales: Un enfoque institucional<\/span><\/em> (1996) y <em><span style=\"ofont-family: Arial;\">Los mercados de agua en Tenerife<\/span><\/em> (2002, en colaboraci\u00f3n con Miguel S\u00e1nchez Padr\u00f3n). Ha recibido el Premio Nacional de Econom\u00eda y Medio Ambiente Lucas Mallada 2004, del Ministerio de Medio Ambiente.<\/span><\/p>\n<p class=\"MsoNormal\"><span style=\"ofont-size: 10pt; ofont-family: Arial;\"><strong>Juan S\u00e1nchez Garc\u00eda<\/strong> es profesor titular de Econom\u00eda Aplicada de la Universidad de La Laguna, investiga e imparte su docencia en Econom\u00eda Regional. Autor de art\u00edculos en revistas como <em><span style=\"ofont-family: Arial;\">Ecological Economics<\/span><\/em>, <em><span style=\"ofont-family: Arial;\">Environment and Planning C<\/span><\/em>, <em><span style=\"ofont-family: Arial;\">International Journal of Environment and Pollution<\/span><\/em>, <em><span style=\"ofont-family: Arial;\">International Journal of Water<\/span><\/em>, <em><span style=\"ofont-family: Arial;\">Agricultura y Sociedad<\/span><\/em>, <em><span style=\"ofont-family: Arial;\">Historia Industrial, <\/span><\/em>etc. Algunos de los libros en los que ha participado son <em><span style=\"ofont-family: Arial;\">Technological Change in a Spatial Context<\/span><\/em> (E. Ciciotti <em><span style=\"ofont-family: Arial;\">et al<\/span><\/em>., 1990),&nbsp; <em><span style=\"ofont-family: Arial;\">Canarias: Econom\u00eda, Ecolog\u00eda y Medio Ambiente<\/span><\/em> (1994, con otros autores), <em><span style=\"ofont-family: Arial;\">Los Planes Insulares de Ordenaci\u00f3n en Canarias. Reflexiones metodol\u00f3gicas<\/span><\/em> (1995, con otros autores, como editor), <em><span style=\"ofont-family: Arial;\">Economics With No Special Technology<\/span><\/em> (T. Arder, 1996), <em><span style=\"ofont-family: Arial;\">Experiencias sociales innovadoras y participativas<\/span><\/em> (ed., 2004) y <em><span style=\"ofont-family: Arial;\">Toma de decisiones colectivas y pol\u00edtica del suelo<\/span><\/em> (editor y coautor, 2004). Vinculado al movimiento ecologista.<\/span><\/p>\n<p class=\"MsoNormal\"><span style=\"ofont-size: 10pt; ofont-family: Arial;\">Durante su intervenci\u00f3n, Gabriel Bello se\u00f1al\u00f3 que, si bien el objeto del libro es la calidad de la democracia y su repercusi\u00f3n sobre el territorio de las Islas, subyace bajo el mismo el problema de la distribuci\u00f3n equitativa de los presupuestos p\u00fablicos. Un problema que, seg\u00fan Bello, explica que un grupo de economistas y ge\u00f3grafos se ocupen de la calidad de la democracia, un tema habitualmente exclusivo de fil\u00f3sofos de la moral y te\u00f3ricos de la pol\u00edtica.<\/span><\/p>\n<p class=\"MsoNormal\"><span style=\"ofont-size: 10pt; ofont-family: Arial;\"> Bello hizo menci\u00f3n a la utilizaci\u00f3n por parte de los gobernantes de decisiones democr\u00e1ticas autoritarias para justificar infraestructuras de necesidad dudosa y alta rentabilidad privada, recalificaciones del suelo que permiten ganancias tan desmesuradas como inmorales, u ordenamientos urban\u00edsticos concebidos siempre en funci\u00f3n del beneficio privado.<\/span><\/p>\n<p class=\"MsoNormal\"><span style=\"ofont-size: 10pt; ofont-family: Arial;\"> En la parte final de su intervenci\u00f3n, Gabriel Bello se remiti\u00f3 al papel jugado por determinados medios de comunicaci\u00f3n, comprometidos con ese modelo de decisiones autoritarias, que construyen una opini\u00f3n p\u00fablica a su medida en la que el conflicto o no aparece como tal o lo hace en tono menor.<\/span><\/p>\n<p class=\"MsoNormal\"><span style=\"ofont-size: 10pt; ofont-family: Arial;\"> Frente a ello, subray\u00f3 la defensa que los autores hacen de la democracia deliberativa, que pretende mejorar la calidad de la democracia a trav\u00e9s de procedimientos participativos y del debate y la argumentaci\u00f3n.<\/span><\/p>\n<p class=\"MsoNormal\"><span style=\"ofont-size: 10pt; ofont-family: Arial;\"> Federico Aguilera Klink incidi\u00f3 en la importancia del debate p\u00fablico en la toma de decisiones, concluyendo que no puede haber democracia de calidad si no hay debate p\u00fablico sobre las necesidades reales de los ciudadanos.<br \/>\nComo indicador de la mala calidad de la democracia, Aguilera Klink record\u00f3 que la \u00faltima reforma de la Reserva de Inversiones de Canarias (RIC) se produjo sin que se hiciera p\u00fablica informaci\u00f3n alguna sobre el destino de los fondos ejecutados hasta la fecha.<\/span><\/p>\n<p class=\"MsoNormal\"><span style=\"ofont-size: 10pt; ofont-family: Arial;\"> En este sentido, Federico Aguilera relacion\u00f3 la RIC con la ineficacia del uso de millones de euros en los \u00faltimos a\u00f1os.<br \/>\nJuan S\u00e1nchez Garc\u00eda, por su parte, abord\u00f3 la cuesti\u00f3n de la corrupci\u00f3n como un elemento que hasta la fecha hab\u00eda sido ignorada en los estudios econ\u00f3micos, y apost\u00f3 por situarla como variable explicativa dentro del conjunto de los indicadores socioecon\u00f3micos.<\/span><\/p>\n<p class=\"MsoNormal\"><span style=\"ofont-size: 10pt; ofont-family: Arial;\"> Para S\u00e1nchez Garc\u00eda, es preciso se\u00f1alar la corrupci\u00f3n como instituci\u00f3n, como adecuaci\u00f3n de las reglas del derecho a las reglas de hecho.<br \/>\n<\/span><\/p>\n<p><\/p>","protected":false},"featured_media":24728,"parent":0,"template":"","meta":{"_acf_changed":false,"ngg_post_thumbnail":0,"footnotes":""},"actividad_tipo":[36],"actividad_lugar":[46],"actividad_departamento":[31],"actividad_ciclo":[],"class_list":["post-14118","fcm_actividad","type-fcm_actividad","status-publish","has-post-thumbnail","hentry","actividad_tipo-presentacion-libros","actividad_lugar-lugar-fcm","actividad_departamento-departamento-de-programas-culturales"],"acf":[],"_links":{"self":[{"href":"https:\/\/fcmanrique.org\/it\/wp-json\/wp\/v2\/fcm_actividad\/14118","targetHints":{"allow":["GET"]}}],"collection":[{"href":"https:\/\/fcmanrique.org\/it\/wp-json\/wp\/v2\/fcm_actividad"}],"about":[{"href":"https:\/\/fcmanrique.org\/it\/wp-json\/wp\/v2\/types\/fcm_actividad"}],"version-history":[{"count":3,"href":"https:\/\/fcmanrique.org\/it\/wp-json\/wp\/v2\/fcm_actividad\/14118\/revisions"}],"predecessor-version":[{"id":24843,"href":"https:\/\/fcmanrique.org\/it\/wp-json\/wp\/v2\/fcm_actividad\/14118\/revisions\/24843"}],"wp:featuredmedia":[{"embeddable":true,"href":"https:\/\/fcmanrique.org\/it\/wp-json\/wp\/v2\/media\/24728"}],"wp:attachment":[{"href":"https:\/\/fcmanrique.org\/it\/wp-json\/wp\/v2\/media?parent=14118"}],"wp:term":[{"taxonomy":"actividad_tipo","embeddable":true,"href":"https:\/\/fcmanrique.org\/it\/wp-json\/wp\/v2\/actividad_tipo?post=14118"},{"taxonomy":"actividad_lugar","embeddable":true,"href":"https:\/\/fcmanrique.org\/it\/wp-json\/wp\/v2\/actividad_lugar?post=14118"},{"taxonomy":"actividad_departamento","embeddable":true,"href":"https:\/\/fcmanrique.org\/it\/wp-json\/wp\/v2\/actividad_departamento?post=14118"},{"taxonomy":"actividad_ciclo","embeddable":true,"href":"https:\/\/fcmanrique.org\/it\/wp-json\/wp\/v2\/actividad_ciclo?post=14118"}],"curies":[{"name":"wp","href":"https:\/\/api.w.org\/{rel}","templated":true}]}}

Presentación del libro <em>Calidad de la democracia y protección ambiental en Canarias</em> de Federico Aguilera Klink (ed.)

<p class="qtranxs-available-languages-message qtranxs-available-languages-message-it">Ci spiace, ma questo articolo è disponibile soltanto in <a href="https://fcmanrique.org/es/wp-json/wp/v2/fcm_actividad/14118" class="qtranxs-available-language-link qtranxs-available-language-link-es" title="ES">ES</a>.</p><p></p>
<p class="MsoNormal"><span style="ofont-size: 10pt; ofont-family: Arial;">El jueves 12 de abril de 2007, tuvo lugar la presentación del libro <strong><em>Calidad de la democracia y protección ambiental en Canarias</em></strong>, editado por la FCM dentro de la <strong>colección <em>Torcusa</em></strong>. El acto consistió en una mesa redonda en la que participaron Gabriel Bello y dos de los autores del libro, <strong>Federico Aguilera Klink</strong> y J<strong>uan Sánchez García</strong>.</span></p>
<p class="MsoNormal"><span lang="ES-TRAD" style="ofont-size: 10pt; ofont-family: Arial;"><strong>Gabriel Bello</strong> es Catedrático de Ética y Filosofía Política de la Universidad de La Laguna, y Presidente del Comité de Ética de la Investigación de la misma Universidad, y ha ejercido cargos académicos como Decano y Director de Departamento, y ha pertenecido al Comité de Humanidades de la ANECA (Agencia Nacional de Evaluación y Acreditación).<br />
</span></p>
<p class="MsoNormal"><span lang="ES-TRAD" style="ofont-size: 10pt; ofont-family: Arial;">Ha publicado los siguientes libros: <em><span style="ofont-family: Arial;">El retorno de Ulises. Sobre competencia ética y supervivencia</span></em>, (La Laguna, Servicio de Publicaciones de la Universidad), 1988, <em><span style="ofont-family: Arial;">La construcción ética del otro</span></em> (Oviedo, Edit. Nóbel), 1997; Premio internacional de Ensayo “Jovellanos”); <em><span style="ofont-family: Arial;">El valor de los otros. Más allá de la violencia intercultural</span></em> (Ed. Biblioteca Nueva, Madrid), 2006; <em><span style="ofont-family: Arial;">Postcolonialismo, emigración y alteridad</span></em>, Edit. Comares, Granada, 2007.<br />
</span></p>
<p class="MsoNormal"><span lang="ES-TRAD" style="ofont-size: 10pt; ofont-family: Arial;">Además, es autor de capítulos de libros y artículos sobre el pragmatismo norteamericano clásico y sobre el neopragmatismo de R. Rorty, sobre la ética de la alteridad de E. Levinas y sobre problemas de bioética y de ética ecológica. En la actualidad trabaja sobre problemas de ética global, y sobre la validez y alcance intercultural de los juicios morales.</span></p>
<p class="MsoNormal"><span style="ofont-size: 10pt; ofont-family: Arial;"><strong>Federico Aguilera Klink</strong> es catedrático de Economía Aplicada en la Universidad de La Laguna. Enseña Economía de los Recursos Naturales y Economía Ecológica. Sus últimos trabajos han sido publicados en <em><span style="ofont-family: Arial;">Ecología Política, Ecological Economics, Environment and Planning C: Government and Policy, Archipiélago, Economistas e International Journal of Water</span></em>. Algunos de sus libros son: <em><span style="ofont-family: Arial;">Economía del Agua</span></em> (1992, segunda edición en 1996), <em><span style="ofont-family: Arial;">Canarias. Economía, Ecología y Medio Ambiente</span></em> (1994, varios autores), <em><span style="ofont-family: Arial;">De la economía ambiental a la economía ecológica </span></em>(1994, en colaboración con Vicente Alcántara), <em><span style="ofont-family: Arial;">Economía de los recursos naturales: Un enfoque institucional</span></em> (1996) y <em><span style="ofont-family: Arial;">Los mercados de agua en Tenerife</span></em> (2002, en colaboración con Miguel Sánchez Padrón). Ha recibido el Premio Nacional de Economía y Medio Ambiente Lucas Mallada 2004, del Ministerio de Medio Ambiente.</span></p>
<p class="MsoNormal"><span style="ofont-size: 10pt; ofont-family: Arial;"><strong>Juan Sánchez García</strong> es profesor titular de Economía Aplicada de la Universidad de La Laguna, investiga e imparte su docencia en Economía Regional. Autor de artículos en revistas como <em><span style="ofont-family: Arial;">Ecological Economics</span></em>, <em><span style="ofont-family: Arial;">Environment and Planning C</span></em>, <em><span style="ofont-family: Arial;">International Journal of Environment and Pollution</span></em>, <em><span style="ofont-family: Arial;">International Journal of Water</span></em>, <em><span style="ofont-family: Arial;">Agricultura y Sociedad</span></em>, <em><span style="ofont-family: Arial;">Historia Industrial, </span></em>etc. Algunos de los libros en los que ha participado son <em><span style="ofont-family: Arial;">Technological Change in a Spatial Context</span></em> (E. Ciciotti <em><span style="ofont-family: Arial;">et al</span></em>., 1990),&nbsp; <em><span style="ofont-family: Arial;">Canarias: Economía, Ecología y Medio Ambiente</span></em> (1994, con otros autores), <em><span style="ofont-family: Arial;">Los Planes Insulares de Ordenación en Canarias. Reflexiones metodológicas</span></em> (1995, con otros autores, como editor), <em><span style="ofont-family: Arial;">Economics With No Special Technology</span></em> (T. Arder, 1996), <em><span style="ofont-family: Arial;">Experiencias sociales innovadoras y participativas</span></em> (ed., 2004) y <em><span style="ofont-family: Arial;">Toma de decisiones colectivas y política del suelo</span></em> (editor y coautor, 2004). Vinculado al movimiento ecologista.</span></p>
<p class="MsoNormal"><span style="ofont-size: 10pt; ofont-family: Arial;">Durante su intervención, Gabriel Bello señaló que, si bien el objeto del libro es la calidad de la democracia y su repercusión sobre el territorio de las Islas, subyace bajo el mismo el problema de la distribución equitativa de los presupuestos públicos. Un problema que, según Bello, explica que un grupo de economistas y geógrafos se ocupen de la calidad de la democracia, un tema habitualmente exclusivo de filósofos de la moral y teóricos de la política.</span></p>
<p class="MsoNormal"><span style="ofont-size: 10pt; ofont-family: Arial;"> Bello hizo mención a la utilización por parte de los gobernantes de decisiones democráticas autoritarias para justificar infraestructuras de necesidad dudosa y alta rentabilidad privada, recalificaciones del suelo que permiten ganancias tan desmesuradas como inmorales, u ordenamientos urbanísticos concebidos siempre en función del beneficio privado.</span></p>
<p class="MsoNormal"><span style="ofont-size: 10pt; ofont-family: Arial;"> En la parte final de su intervención, Gabriel Bello se remitió al papel jugado por determinados medios de comunicación, comprometidos con ese modelo de decisiones autoritarias, que construyen una opinión pública a su medida en la que el conflicto o no aparece como tal o lo hace en tono menor.</span></p>
<p class="MsoNormal"><span style="ofont-size: 10pt; ofont-family: Arial;"> Frente a ello, subrayó la defensa que los autores hacen de la democracia deliberativa, que pretende mejorar la calidad de la democracia a través de procedimientos participativos y del debate y la argumentación.</span></p>
<p class="MsoNormal"><span style="ofont-size: 10pt; ofont-family: Arial;"> Federico Aguilera Klink incidió en la importancia del debate público en la toma de decisiones, concluyendo que no puede haber democracia de calidad si no hay debate público sobre las necesidades reales de los ciudadanos.<br />
Como indicador de la mala calidad de la democracia, Aguilera Klink recordó que la última reforma de la Reserva de Inversiones de Canarias (RIC) se produjo sin que se hiciera pública información alguna sobre el destino de los fondos ejecutados hasta la fecha.</span></p>
<p class="MsoNormal"><span style="ofont-size: 10pt; ofont-family: Arial;"> En este sentido, Federico Aguilera relacionó la RIC con la ineficacia del uso de millones de euros en los últimos años.<br />
Juan Sánchez García, por su parte, abordó la cuestión de la corrupción como un elemento que hasta la fecha había sido ignorada en los estudios económicos, y apostó por situarla como variable explicativa dentro del conjunto de los indicadores socioeconómicos.</span></p>
<p class="MsoNormal"><span style="ofont-size: 10pt; ofont-family: Arial;"> Para Sánchez García, es preciso señalar la corrupción como institución, como adecuación de las reglas del derecho a las reglas de hecho.<br />
</span></p>
<p></p>
