{"id":14474,"date":"2014-06-26T00:00:00","date_gmt":"2014-06-26T00:00:00","guid":{"rendered":"https:\/\/fcmanrique.org\/fcm-actividad\/benito-cabrera-lo-primero-que-se-co\/"},"modified":"2023-12-13T15:12:39","modified_gmt":"2023-12-13T15:12:39","slug":"benito-cabrera-lo-primero-que-se-co","status":"publish","type":"fcm_actividad","link":"https:\/\/fcmanrique.org\/it\/fcm-actividad\/benito-cabrera-lo-primero-que-se-co\/","title":{"rendered":"Benito Cabrera: \u00abLo primero que se conoci\u00f3 de Canarias fue su cultura popular\u00bb"},"content":{"rendered":"<p class=\"qtranxs-available-languages-message qtranxs-available-languages-message-it\">Ci spiace, ma questo articolo \u00e8 disponibile soltanto in <a href=\"https:\/\/fcmanrique.org\/es\/wp-json\/wp\/v2\/fcm_actividad\/14474\" class=\"qtranxs-available-language-link qtranxs-available-language-link-es\" title=\"ES\">ES<\/a>.<\/p><p><!-- [if gte mso 9]><xml>\n<w:WordDocument>\n<w:View>Normal<\/w:View>\n<w:Zoom>0<\/w:Zoom>\n<w:HyphenationZone>21<\/w:HyphenationZone>\n<w:PunctuationKerning ><\/w:PunctuationKerning>\n<w:ValidateAgainstSchemas ><\/w:ValidateAgainstSchemas>\n<w:SaveIfXMLInvalid>false<\/w:SaveIfXMLInvalid>\n<w:IgnoreMixedContent>false<\/w:IgnoreMixedContent>\n<w:AlwaysShowPlaceholderText>false<\/w:AlwaysShowPlaceholderText>\n<w:Compatibility>\n<w:BreakWrappedTables ><\/w:BreakWrappedTables>\n<w:SnapToGridInCell ><\/w:SnapToGridInCell>\n<w:WrapTextWithPunct ><\/w:WrapTextWithPunct>\n<w:UseAsianBreakRules ><\/w:UseAsianBreakRules>\n<w:DontGrowAutofit ><\/w:DontGrowAutofit>\n<\/w:Compatibility>\n<w:BrowserLevel>MicrosoftInternetExplorer4<\/w:BrowserLevel>\n<\/w:WordDocument>\n<\/xml><![endif]--><!-- [if gte mso 9]><xml>\n\nNormal\n0\n21\n\nfalse\nfalse\nfalse\n\nMicrosoftInternetExplorer4\n\n<\/xml><![endif]--><\/p>\n<p style=\"text-align: left;\"><span style=\"ofont-size: 10.0pt;\">El director de la Fundaci\u00f3n C\u00e9sar Manrique, Fernando G\u00f3mez Aguilera, present\u00f3 a <strong>Benito Cabrera<\/strong> como un folclorista \u201cculto y sensible\u201d y repas\u00f3 parte de su \u201cfecunda y dilatada trayectoria\u201d como timplista, director musical, concertista en diversos pa\u00edses o escritor. El d\u00eda 26 de junio de 2014 se presentaba el libro <strong><em>Va por el aire. Apuntes sobre cultura popular canaria<\/em><\/strong>&nbsp;(Le Canarien), que recoge 94 art\u00edculos escritos por Cabrera en <em>Diario de Avisos<\/em>, en los que habla de la \u201cdensidad patrimonial del folclore\u201d. G\u00f3mez Aguilera invit\u00f3 a los asistentes a disfrutar de sus \u201cp\u00edldoras de cultura popular\u201d y agradeci\u00f3 que el libro se distancie de una pretensi\u00f3n doctrinaria y de manique\u00edsmos y que opte por dar una perspectiva abierta con un di\u00e1logo con su \u00e9poca. <\/span><\/p>\n<p style=\"text-align: left;\"><span style=\"ofont-size: 10.0pt;\"><strong>Miguel \u00c1ngel Corujo<\/strong>, director de la Agrupaci\u00f3n folcl\u00f3rica \u201cLos Campesinos\u201d y amigo de Benito Cabrera, record\u00f3 los inicios de su vieja amistad con el m\u00fasico, rememorando, primero, el primer libro que le regal\u00f3 y, despu\u00e9s el primer libro que escribi\u00f3 Cabrera: \u201cEl folclore de Lanzarote\u201d. Destac\u00f3 el pr\u00f3logo escrito para este nuevo libro por Elfidio Alonso y se\u00f1al\u00f3 que los apuntes de Benito Cabrera ayudan a comprender el origen de tradiciones, fiestas, rituales, cantos, danzas, etc. <\/span><\/p>\n<p style=\"text-align: left;\"><span style=\"ofont-size: 10.0pt;\">El editor del libro, <strong>Zebensui L\u00f3pez<\/strong>, de Le Canarien, dijo que ha sido un lujo y una responsabilidad editar este volumen \u201cque sirve en bandeja elementos de nuestra cultura\u201d y alab\u00f3 la compleja labor que supone la divulgaci\u00f3n de estos \u201celementos culturales que nos hablan de nosotros mismos\u201d y que funcionan como \u201cun espejo cultural canario\u201d. Agradeci\u00f3 a la FCM el respaldo porque es \u201cun s\u00edmbolo de la cultura no ajena a la realidad pol\u00edtica y social\u201d y una punta de lanza en la lucha contra las prospecciones petrol\u00edferas. <\/span><\/p>\n<p style=\"text-align: left;\"><span style=\"ofont-size: 10.0pt;\">Tom\u00f3 la palabra Benito Cabrera, que se confes\u00f3 apabullado por las alabanzas de sus compa\u00f1eros de mesa. Defini\u00f3 su libro como un libro de divulgaci\u00f3n y su faceta como escritor como la de un diletante que garabatea palabras en un peri\u00f3dico y pidi\u00f3 un emotivo aplauso en recuerdo de Juan Lemes, maestro artesano del timple, que hab\u00eda fallecido esa ma\u00f1ana en La Vegueta y que le ense\u00f1\u00f3 a aprender a escuchar el sonido de la madera. <\/span><\/p>\n<p style=\"text-align: left;\"><span style=\"ofont-size: 10.0pt;\">Cabrera asegur\u00f3 que en la cultura tradicional \u201chay cosas que son sencillas pero no son simplonas\u201d y que su riqueza consiste en que va por el aire y por tanto se transmite de forma difusa, siempre es actual y obliga a un redescubrimiento permanente. \u201cLo primero que se conoci\u00f3 de Canarias, antes que los mapas de Torriani, fueron las endechas de Canarias, que empezaron a aparecer en las bibliotecas europeas con ese nombre; as\u00ed que lo primero que se conoci\u00f3 de Canarias fue su cultura popular\u201d.<\/span><\/p>\n<p style=\"text-align: left;\"><span style=\"ofont-size: 10.0pt;\">Cont\u00f3 su presencia en un festival musical en un peque\u00f1o pueblo de Holanda, donde los habitantes alojan a los m\u00fasicos en sus casas. \u201cNos juntaron a todos los canarios \u2014dijo\u2014 y comenzamos a tocar un sorondongo, pero continuaron los holandeses, pregunt\u00e1ndose por qu\u00e9 toc\u00e1bamos una canci\u00f3n suya que se llama \u201cHab\u00eda una vez un ni\u00f1o que quer\u00eda ser marinero\u201d. El autor del libro se\u00f1al\u00f3 que \u201chay un paralelismo notable en otras partes del mundo con melod\u00edas y bailes que creemos de aqu\u00ed\u201d, y puso otros ejemplos de danzas del Norte de \u00c1frica o canciones irlandesas similares a las canarias. \u201cVan por el aire y recorren caminos diversos\u201d. \u201cEsa mezcla, ese sincretismo, hace que seamos ricos\u201d, dijo haciendo referencia a la tricontinentalidad de Canarias, en la que \u00c1frica sigue siendo una cuenta pendiente y explic\u00f3 el significado de palabras como guineo, guirigay o burumb\u00e9, que eran formas de cantar imitando a los moriscos. <\/span><\/p>\n<p style=\"text-align: left;\"><span style=\"ofont-size: 10.0pt;\">El libro tambi\u00e9n recoge personajes olvidados, como un se\u00f1or de 94 a\u00f1os, nacido en Gran Canaria y emigrado a los siete a\u00f1os a Nueva Orleans, donde sobrevivi\u00f3 cazando ratas y que cantaba d\u00e9cimas muy raras y preguntaba si se le entend\u00eda. \u201cAll\u00ed conoc\u00ed a gente vestida de t\u00edpicos que s\u00f3lo hablan ingl\u00e9s pero se sienten canarios\u201d. O Alcide Nunez, clarinetista de esa ciudad, de padres canarios, que los estudiosos del jazz lo colocan como uno de los pioneros de ese tipo de m\u00fasica \u201cy no lo conocemos\u201d. O Juan Pulido, que emigr\u00f3 a Argentina y fue cantante de tangos antes que Carlos Gardel. Era de Gran Canaria, actu\u00f3 en Broadway, vendi\u00f3 miles de discos y fue el primero que interpret\u00f3 isas, malague\u00f1as y fol\u00edas con orquesta. O Luisa Linares, que naci\u00f3 en la calle La Porra de Arrecife y que, junto a el grupo Los Galindos, triunf\u00f3 en Am\u00e9rica.<\/span><\/p>\n<p style=\"text-align: left;\"><span style=\"ofont-size: 10.0pt;\">Benito Cabrera termin\u00f3 su intervenci\u00f3n apostando por una canariedad m\u00e1s abierta \u201cy que nos hace ser m\u00e1s interesantes de lo que creemos que somos\u201d. El libro est\u00e1 basado, seg\u00fan \u00e9l mismo, en esas peque\u00f1as cosas, en an\u00e9cdotas de la cultura canaria. \u201cLo de \u2018lo nuestro\u2019 \u2014se\u00f1al\u00f3\u2014 es en realidad \u2018lo de todos\u2019, y as\u00ed lo entendi\u00f3 la Unesco cuando declara lugares y tradiciones como Patrimonio de la Humanidad\u201d.<\/span><\/p>\n<p style=\"text-align: left;\"><span style=\"ofont-size: 10.0pt;\">Cerr\u00f3 el acto el timplista <strong>Alexis Lemes Socas<\/strong> interpretando algunos de sus temas.<\/span><\/p>\n<p><!-- [if gte mso 9]><![endif]--><!-- [if !mso]>\n\n\n\n<style>\nst1:*{behavior:url(#ieooui) }<br \/><\/style>\n\n<![endif]--><!-- [if gte mso 10]>\n\n\n\n<style>\n \/* Style Definitions *\/<br \/> table.MsoNormalTable<br \/>\t{mso-style-name:\"Tabla normal\";<br \/>\tmso-style-parent:\"\";<br \/>\t\"Times New Roman\";}<br \/><\/style>\n\n<![endif]--> <!-- [if gte mso 9]><xml>\n<w:LatentStyles DefLockedState=\"false\" LatentStyleCount=\"156\">\n<\/w:LatentStyles>\n<\/xml><![endif]--><!-- [if !mso]><objectclassid=\"clsid:38481807-CA0E-42D2-BF39-B33AF135CC4D\" id=ieooui><\/object>\n\n\n\n<style>\nst1:*{behavior:url(#ieooui) }<br \/><\/style>\n\n<![endif]--><!-- [if gte mso 10]>\n\n\n\n<style>\n\/* Style Definitions *\/<br \/>table.MsoNormalTable<br \/>{mso-style-name:\"Tabla normal\";<br \/>mso-tstyle-rowband-size:0;<br \/>mso-tstyle-colband-size:0;<br \/>mso-style-noshow:yes;<br \/>mso-style-parent:\"\";<br \/>mso-padding-alt:0cm 5.4pt 0cm 5.4pt;<br \/>mso-para-margin:0cm;<br \/>mso-para-<br \/>mso-pagination:widow-orphan;<\/p>\n\n\n\n\n<p>ofont-family:\"Times New Roman\";<br \/>mso-ansi-language:#0400;<br \/>mso-fareast-language:#0400;<br \/>mso-bidi-language:#0400;}<br \/><\/style>\n\n<![endif]--><\/p>","protected":false},"featured_media":14476,"parent":0,"template":"","meta":{"_acf_changed":false,"ngg_post_thumbnail":0,"footnotes":""},"actividad_tipo":[36],"actividad_lugar":[49],"actividad_departamento":[31],"actividad_ciclo":[],"class_list":["post-14474","fcm_actividad","type-fcm_actividad","status-publish","has-post-thumbnail","hentry","actividad_tipo-presentacion-libros","actividad_lugar-lugar-sala-saramago","actividad_departamento-departamento-de-programas-culturales"],"acf":[],"_links":{"self":[{"href":"https:\/\/fcmanrique.org\/it\/wp-json\/wp\/v2\/fcm_actividad\/14474","targetHints":{"allow":["GET"]}}],"collection":[{"href":"https:\/\/fcmanrique.org\/it\/wp-json\/wp\/v2\/fcm_actividad"}],"about":[{"href":"https:\/\/fcmanrique.org\/it\/wp-json\/wp\/v2\/types\/fcm_actividad"}],"version-history":[{"count":4,"href":"https:\/\/fcmanrique.org\/it\/wp-json\/wp\/v2\/fcm_actividad\/14474\/revisions"}],"predecessor-version":[{"id":24850,"href":"https:\/\/fcmanrique.org\/it\/wp-json\/wp\/v2\/fcm_actividad\/14474\/revisions\/24850"}],"wp:featuredmedia":[{"embeddable":true,"href":"https:\/\/fcmanrique.org\/it\/wp-json\/wp\/v2\/media\/14476"}],"wp:attachment":[{"href":"https:\/\/fcmanrique.org\/it\/wp-json\/wp\/v2\/media?parent=14474"}],"wp:term":[{"taxonomy":"actividad_tipo","embeddable":true,"href":"https:\/\/fcmanrique.org\/it\/wp-json\/wp\/v2\/actividad_tipo?post=14474"},{"taxonomy":"actividad_lugar","embeddable":true,"href":"https:\/\/fcmanrique.org\/it\/wp-json\/wp\/v2\/actividad_lugar?post=14474"},{"taxonomy":"actividad_departamento","embeddable":true,"href":"https:\/\/fcmanrique.org\/it\/wp-json\/wp\/v2\/actividad_departamento?post=14474"},{"taxonomy":"actividad_ciclo","embeddable":true,"href":"https:\/\/fcmanrique.org\/it\/wp-json\/wp\/v2\/actividad_ciclo?post=14474"}],"curies":[{"name":"wp","href":"https:\/\/api.w.org\/{rel}","templated":true}]}}

Benito Cabrera: «Lo primero que se conoció de Canarias fue su cultura popular»

<p class="qtranxs-available-languages-message qtranxs-available-languages-message-it">Ci spiace, ma questo articolo è disponibile soltanto in <a href="https://fcmanrique.org/es/wp-json/wp/v2/fcm_actividad/14474" class="qtranxs-available-language-link qtranxs-available-language-link-es" title="ES">ES</a>.</p><p><!-- [if gte mso 9]><xml>
<w:WordDocument>
<w:View>Normal</w:View>
<w:Zoom>0</w:Zoom>
<w:HyphenationZone>21</w:HyphenationZone>
<w:PunctuationKerning ></w:PunctuationKerning>
<w:ValidateAgainstSchemas ></w:ValidateAgainstSchemas>
<w:SaveIfXMLInvalid>false</w:SaveIfXMLInvalid>
<w:IgnoreMixedContent>false</w:IgnoreMixedContent>
<w:AlwaysShowPlaceholderText>false</w:AlwaysShowPlaceholderText>
<w:Compatibility>
<w:BreakWrappedTables ></w:BreakWrappedTables>
<w:SnapToGridInCell ></w:SnapToGridInCell>
<w:WrapTextWithPunct ></w:WrapTextWithPunct>
<w:UseAsianBreakRules ></w:UseAsianBreakRules>
<w:DontGrowAutofit ></w:DontGrowAutofit>
</w:Compatibility>
<w:BrowserLevel>MicrosoftInternetExplorer4</w:BrowserLevel>
</w:WordDocument>
</xml><![endif]--><!-- [if gte mso 9]><xml>

Normal
0
21

false
false
false

MicrosoftInternetExplorer4

</xml><![endif]--></p>
<p style="text-align: left;"><span style="ofont-size: 10.0pt;">El director de la Fundación César Manrique, Fernando Gómez Aguilera, presentó a <strong>Benito Cabrera</strong> como un folclorista “culto y sensible” y repasó parte de su “fecunda y dilatada trayectoria” como timplista, director musical, concertista en diversos países o escritor. El día 26 de junio de 2014 se presentaba el libro <strong><em>Va por el aire. Apuntes sobre cultura popular canaria</em></strong>&nbsp;(Le Canarien), que recoge 94 artículos escritos por Cabrera en <em>Diario de Avisos</em>, en los que habla de la “densidad patrimonial del folclore”. Gómez Aguilera invitó a los asistentes a disfrutar de sus “píldoras de cultura popular” y agradeció que el libro se distancie de una pretensión doctrinaria y de maniqueísmos y que opte por dar una perspectiva abierta con un diálogo con su época. </span></p>
<p style="text-align: left;"><span style="ofont-size: 10.0pt;"><strong>Miguel Ángel Corujo</strong>, director de la Agrupación folclórica “Los Campesinos” y amigo de Benito Cabrera, recordó los inicios de su vieja amistad con el músico, rememorando, primero, el primer libro que le regaló y, después el primer libro que escribió Cabrera: “El folclore de Lanzarote”. Destacó el prólogo escrito para este nuevo libro por Elfidio Alonso y señaló que los apuntes de Benito Cabrera ayudan a comprender el origen de tradiciones, fiestas, rituales, cantos, danzas, etc. </span></p>
<p style="text-align: left;"><span style="ofont-size: 10.0pt;">El editor del libro, <strong>Zebensui López</strong>, de Le Canarien, dijo que ha sido un lujo y una responsabilidad editar este volumen “que sirve en bandeja elementos de nuestra cultura” y alabó la compleja labor que supone la divulgación de estos “elementos culturales que nos hablan de nosotros mismos” y que funcionan como “un espejo cultural canario”. Agradeció a la FCM el respaldo porque es “un símbolo de la cultura no ajena a la realidad política y social” y una punta de lanza en la lucha contra las prospecciones petrolíferas. </span></p>
<p style="text-align: left;"><span style="ofont-size: 10.0pt;">Tomó la palabra Benito Cabrera, que se confesó apabullado por las alabanzas de sus compañeros de mesa. Definió su libro como un libro de divulgación y su faceta como escritor como la de un diletante que garabatea palabras en un periódico y pidió un emotivo aplauso en recuerdo de Juan Lemes, maestro artesano del timple, que había fallecido esa mañana en La Vegueta y que le enseñó a aprender a escuchar el sonido de la madera. </span></p>
<p style="text-align: left;"><span style="ofont-size: 10.0pt;">Cabrera aseguró que en la cultura tradicional “hay cosas que son sencillas pero no son simplonas” y que su riqueza consiste en que va por el aire y por tanto se transmite de forma difusa, siempre es actual y obliga a un redescubrimiento permanente. “Lo primero que se conoció de Canarias, antes que los mapas de Torriani, fueron las endechas de Canarias, que empezaron a aparecer en las bibliotecas europeas con ese nombre; así que lo primero que se conoció de Canarias fue su cultura popular”.</span></p>
<p style="text-align: left;"><span style="ofont-size: 10.0pt;">Contó su presencia en un festival musical en un pequeño pueblo de Holanda, donde los habitantes alojan a los músicos en sus casas. “Nos juntaron a todos los canarios —dijo— y comenzamos a tocar un sorondongo, pero continuaron los holandeses, preguntándose por qué tocábamos una canción suya que se llama “Había una vez un niño que quería ser marinero”. El autor del libro señaló que “hay un paralelismo notable en otras partes del mundo con melodías y bailes que creemos de aquí”, y puso otros ejemplos de danzas del Norte de África o canciones irlandesas similares a las canarias. “Van por el aire y recorren caminos diversos”. “Esa mezcla, ese sincretismo, hace que seamos ricos”, dijo haciendo referencia a la tricontinentalidad de Canarias, en la que África sigue siendo una cuenta pendiente y explicó el significado de palabras como guineo, guirigay o burumbé, que eran formas de cantar imitando a los moriscos. </span></p>
<p style="text-align: left;"><span style="ofont-size: 10.0pt;">El libro también recoge personajes olvidados, como un señor de 94 años, nacido en Gran Canaria y emigrado a los siete años a Nueva Orleans, donde sobrevivió cazando ratas y que cantaba décimas muy raras y preguntaba si se le entendía. “Allí conocí a gente vestida de típicos que sólo hablan inglés pero se sienten canarios”. O Alcide Nunez, clarinetista de esa ciudad, de padres canarios, que los estudiosos del jazz lo colocan como uno de los pioneros de ese tipo de música “y no lo conocemos”. O Juan Pulido, que emigró a Argentina y fue cantante de tangos antes que Carlos Gardel. Era de Gran Canaria, actuó en Broadway, vendió miles de discos y fue el primero que interpretó isas, malagueñas y folías con orquesta. O Luisa Linares, que nació en la calle La Porra de Arrecife y que, junto a el grupo Los Galindos, triunfó en América.</span></p>
<p style="text-align: left;"><span style="ofont-size: 10.0pt;">Benito Cabrera terminó su intervención apostando por una canariedad más abierta “y que nos hace ser más interesantes de lo que creemos que somos”. El libro está basado, según él mismo, en esas pequeñas cosas, en anécdotas de la cultura canaria. “Lo de ‘lo nuestro’ —señaló— es en realidad ‘lo de todos’, y así lo entendió la Unesco cuando declara lugares y tradiciones como Patrimonio de la Humanidad”.</span></p>
<p style="text-align: left;"><span style="ofont-size: 10.0pt;">Cerró el acto el timplista <strong>Alexis Lemes Socas</strong> interpretando algunos de sus temas.</span></p>
<p><!-- [if gte mso 9]><![endif]--><!-- [if !mso]>



<style>
st1:*{behavior:url(#ieooui) }<br /></style>

<![endif]--><!-- [if gte mso 10]>



<style>
 /* Style Definitions */<br /> table.MsoNormalTable<br />	{mso-style-name:"Tabla normal";<br />	mso-style-parent:"";<br />	"Times New Roman";}<br /></style>

<![endif]--> <!-- [if gte mso 9]><xml>
<w:LatentStyles DefLockedState="false" LatentStyleCount="156">
</w:LatentStyles>
</xml><![endif]--><!-- [if !mso]><objectclassid="clsid:38481807-CA0E-42D2-BF39-B33AF135CC4D" id=ieooui></object>



<style>
st1:*{behavior:url(#ieooui) }<br /></style>

<![endif]--><!-- [if gte mso 10]>



<style>
/* Style Definitions */<br />table.MsoNormalTable<br />{mso-style-name:"Tabla normal";<br />mso-tstyle-rowband-size:0;<br />mso-tstyle-colband-size:0;<br />mso-style-noshow:yes;<br />mso-style-parent:"";<br />mso-padding-alt:0cm 5.4pt 0cm 5.4pt;<br />mso-para-margin:0cm;<br />mso-para-<br />mso-pagination:widow-orphan;</p>




<p>ofont-family:"Times New Roman";<br />mso-ansi-language:#0400;<br />mso-fareast-language:#0400;<br />mso-bidi-language:#0400;}<br /></style>

<![endif]--></p>
