{"id":17528,"date":"2018-09-21T11:04:55","date_gmt":"2018-09-21T11:04:55","guid":{"rendered":"https:\/\/fcmanrique.org\/?post_type=fcm_actividad&#038;p=17528"},"modified":"2024-01-16T15:15:38","modified_gmt":"2024-01-16T15:15:38","slug":"conferencia-de-selena-millares-el-pasado-20-de-septiembre","status":"publish","type":"fcm_actividad","link":"https:\/\/fcmanrique.org\/it\/fcm-actividad\/conferencia-de-selena-millares-el-pasado-20-de-septiembre\/","title":{"rendered":"Selena Millares: &#8220;Lanzarote, el oasis de arte de la familia Millares Sall&#8221;"},"content":{"rendered":"<p class=\"qtranxs-available-languages-message qtranxs-available-languages-message-it\">Ci spiace, ma questo articolo \u00e8 disponibile soltanto in <a href=\"https:\/\/fcmanrique.org\/es\/wp-json\/wp\/v2\/fcm_actividad\/17528\" class=\"qtranxs-available-language-link qtranxs-available-language-link-es\" title=\"ES\">ES<\/a>.<\/p><p>Lanzarote fue el oasis de los Millares Sall. El poeta Jos\u00e9 Mar\u00eda Millares y su hermano Manolo, el pintor, reconocieron p\u00fablicamente que su estancia en Arrecife hab\u00eda sido uno de los momentos m\u00e1s dulces de su vida. \u201cEn Arrecife se hicieron todos artistas\u201d, se\u00f1ala Selena Millares, catedr\u00e1tica de Literatura Hispanoamericana en la Universidad Aut\u00f3noma de Madrid e hija de Totoyo, el timplista, el peque\u00f1o de los Millares Sall. Selena es autora de <i>El Faro y la noche<\/i>, las memorias de la familia en forma de novela. En la Fundaci\u00f3n C\u00e9sar Manrique , el d\u00eda 20 de septiembre pronunci\u00f3 la conferencia <i><strong>Encrucijadas art\u00edsticas del imaginario insular: C\u00e9sar Manrique y la familia Millares<\/strong>,<\/i> que dividi\u00f3 en cuatro partes: los antecedentes del millarismo, de \u201cuna familia que era una celebraci\u00f3n colectiva de las artes\u201d repleta de pintores, m\u00fasicos, escritores; la primera estancia de la familia en Arrecife en 1928; la segunda, entre 1936 y 1938; y finalmente, la \u00faltima parte, el devenir de los artistas. El hilo conductor es el padre, el poeta y profesor de instituto Juan Millares Carl\u00f3.<\/p>\n<div>\n<p><a href=\"https:\/\/fcmanrique.org\/wp-content\/uploads\/fc-manrique-selena-millares-web1-8x5.jpg\"><img loading=\"lazy\" decoding=\"async\" class=\"alignnone size-full wp-image-17530\" src=\"https:\/\/fcmanrique.org\/wp-content\/uploads\/fc-manrique-selena-millares-web1-8x5.jpg\" alt=\"\" width=\"800\" height=\"531\" srcset=\"https:\/\/fcmanrique.org\/wp-content\/uploads\/fc-manrique-selena-millares-web1-8x5.jpg 800w, https:\/\/fcmanrique.org\/wp-content\/uploads\/fc-manrique-selena-millares-web1-8x5-300x199.jpg 300w, https:\/\/fcmanrique.org\/wp-content\/uploads\/fc-manrique-selena-millares-web1-8x5-768x510.jpg 768w, https:\/\/fcmanrique.org\/wp-content\/uploads\/fc-manrique-selena-millares-web1-8x5-289x192.jpg 289w\" sizes=\"auto, (max-width: 800px) 100vw, 800px\" \/><\/a><\/p>\n<p>Esta historia de los Millares comienza con otro Millares, Agust\u00edn Millares Torres, hijo de m\u00fasico de cuerda, nieto de m\u00fasico de catedral, y excomulgado por el obispo debido a no rectificar su opini\u00f3n sobre dos prelados. Tambi\u00e9n fue novelista y poeta, amigo de Men\u00e9ndez Pelayo y P\u00e9rez Gald\u00f3s y autor de <i>Historia General de las Islas Canarias<\/i> y de<i> Historia de la Inquisici\u00f3n en las Islas Canarias<\/i>. Sus hijos fueron los Millares Cubas, dramaturgos y m\u00fasicos. Uno de ellos tambi\u00e9n se llam\u00f3 Agust\u00edn y tuvo otro hijo del mismo nombre y uno m\u00e1s que se llam\u00f3 Juan: Juan Millares Carl\u00f3, primo a su vez de otros artistas, Claudio y Josefina de la Torre. Su t\u00edo fue el pintor Juan Carl\u00f3, gran bohemio contempor\u00e1neo de Tom\u00e1s Morales, Saulo Tor\u00f3n o Alonso Quesada. Millares Carl\u00f3 se cas\u00f3 con la pianista Dolores Sall Bravo de Laguna y tuvieron nueve hijos, entre los que est\u00e1n los poetas Jos\u00e9 Mar\u00eda, Sixto y Agust\u00edn, el pintor Manolo, la pintora Jane, Eduardo, dibujante conocido como Cho-Jua\u00e1, y los m\u00fasicos Yeya y Totoyo, los m\u00e1s j\u00f3venes.<\/p>\n<p><a href=\"https:\/\/fcmanrique.org\/wp-content\/uploads\/fc-manrique-selena-millares-11.jpg\"><img loading=\"lazy\" decoding=\"async\" class=\"alignnone size-full wp-image-17652\" src=\"https:\/\/fcmanrique.org\/wp-content\/uploads\/fc-manrique-selena-millares-11.jpg\" alt=\"\" width=\"800\" height=\"532\" srcset=\"https:\/\/fcmanrique.org\/wp-content\/uploads\/fc-manrique-selena-millares-11.jpg 800w, https:\/\/fcmanrique.org\/wp-content\/uploads\/fc-manrique-selena-millares-11-300x200.jpg 300w, https:\/\/fcmanrique.org\/wp-content\/uploads\/fc-manrique-selena-millares-11-768x511.jpg 768w, https:\/\/fcmanrique.org\/wp-content\/uploads\/fc-manrique-selena-millares-11-289x192.jpg 289w\" sizes=\"auto, (max-width: 800px) 100vw, 800px\" \/><\/a><\/p>\n<p>En 1928 la familia se traslada a Arrecife por primera vez. El padre gana la c\u00e1tedra en el Instituto de las Cuatro esquinas pero solo permanecen un curso. \u201cEran muchos hijos, la vida era dura y no llegaba el sustento\u201d, asegura Selena. En Arrecife entabla amistad con el escritor Agust\u00edn Espinosa, comisario regio del instituto, con quien conversaba y beb\u00eda muchas noches. Juan era fornido y Agust\u00edn d\u00e9bil y algunas veladas acababan con el primero cargando en brazos al segundo y \u00e9ste diciendo: \u201cLe debo la vida\u201d. Ambos dieron clase a C\u00e9sar Manrique, que ya traba amistad con algunos de los hijos, tambi\u00e9n alumnos.<\/p>\n<p><a href=\"https:\/\/fcmanrique.org\/wp-content\/uploads\/fc-manrique-selena-millares-12.jpg\"><img loading=\"lazy\" decoding=\"async\" class=\"alignnone size-full wp-image-17653\" src=\"https:\/\/fcmanrique.org\/wp-content\/uploads\/fc-manrique-selena-millares-12.jpg\" alt=\"\" width=\"800\" height=\"543\" srcset=\"https:\/\/fcmanrique.org\/wp-content\/uploads\/fc-manrique-selena-millares-12.jpg 800w, https:\/\/fcmanrique.org\/wp-content\/uploads\/fc-manrique-selena-millares-12-300x204.jpg 300w, https:\/\/fcmanrique.org\/wp-content\/uploads\/fc-manrique-selena-millares-12-768x521.jpg 768w, https:\/\/fcmanrique.org\/wp-content\/uploads\/fc-manrique-selena-millares-12-289x196.jpg 289w\" sizes=\"auto, (max-width: 800px) 100vw, 800px\" \/><\/a><\/p>\n<p>La segunda estancia es obligada. Agust\u00edn Millares Sall hab\u00eda sido detenido con 19 a\u00f1os y enviado a un campo de concentraci\u00f3n en Gran Canaria. Le ofrecen la alternativa del destierro y vuelve de nuevo a Arrecife toda la familia, esta vez, con dos hijos m\u00e1s. Hab\u00eda adem\u00e1s otra raz\u00f3n: la depuraci\u00f3n del padre. Juan, que en ocasiones sustitu\u00eda al profesor de religi\u00f3n en el Instituto P\u00e9rez Gald\u00f3s, fue delatado por el presb\u00edtero Manuel Socorro porque hab\u00eda comentado en clase que la creencia de que un Cristo de madera pudiera sudar sangre era una supercher\u00eda. Ocho cartas del sacerdote en su contra acabaron por hacer efecto y Millares Carl\u00f3 pierde la c\u00e1tedra. En Arrecife cierra el instituto y \u201cel hogar se convierte en escuela\u201d. Los ni\u00f1os dejan de tener una educaci\u00f3n reglada y se vuelcan en el arte. El padre escrib\u00eda obras de teatro c\u00f3micas que representan entre todos, dibuja para ellos y elaboran una revista familiar con poemas y dibujos que se completan de forma colectiva. Aparecen los primeros dibujos de Manolo Millares, con once a\u00f1os. Pero no dej\u00f3 de haber problemas. Agust\u00edn fue denunciado por un ch\u00f3fer que escuch\u00f3 una conversaci\u00f3n sobre pol\u00edtica. Otra vez la primera opci\u00f3n es el campo de concentraci\u00f3n y, en esta ocasi\u00f3n, la alternativa es ingresar en Falange. Dolores tiene que vender su piano para comprar los uniformes, y tras el piano acabar\u00e1n vendiendo los muebles para poder comer. La tragedia sigue: Sixto, muy debilitado, decide ingresar en el ej\u00e9rcito para no ser una carga y muere con 19 a\u00f1os de tuberculosis.<\/p>\n<p>Vuelven a Las Palmas y siguieron cultivando las artes. Los hermanos mantienen la amistad con C\u00e9sar Manrique aunque Manolo y C\u00e9sar, adem\u00e1s de la amistad, mantienen diferencias. Y sigue la vinculaci\u00f3n con Lanzarote: Jane expone en la Isla, Cho-Jua\u00e1 hace los folletos del primer hotel, el Fariones y Manolo dedica varios poemas a la Isla. \u201cEl arte sigue siendo el centro de la vida familiar\u201d, dice Selena. Contin\u00faan haciendo revistas familiares como <i>La Pandilla <\/i>o <i>Viento y marea<\/i>. Una de ellas, <i>Planas de poes\u00eda<\/i>, editada entre 1949 y 1951, llega hasta la Brigada pol\u00edtico social. Detienen a Jos\u00e9 Mar\u00eda, que fue encarcelado, interrogado acerca de una inexistente imprenta rusa y torturado. No pueden publicar nada hasta que en los a\u00f1os sesenta vuelven con <i>Millares<\/i>, una revista familiar, haciendo lo mismo que empezaron a hacer en Arrecife en los a\u00f1os treinta.<\/p>\n<p><a href=\"https:\/\/fcmanrique.org\/wp-content\/uploads\/fc-manrique-selena-millares-13.jpg\"><img loading=\"lazy\" decoding=\"async\" class=\"alignnone size-full wp-image-17654\" src=\"https:\/\/fcmanrique.org\/wp-content\/uploads\/fc-manrique-selena-millares-13.jpg\" alt=\"\" width=\"800\" height=\"534\" srcset=\"https:\/\/fcmanrique.org\/wp-content\/uploads\/fc-manrique-selena-millares-13.jpg 800w, https:\/\/fcmanrique.org\/wp-content\/uploads\/fc-manrique-selena-millares-13-300x200.jpg 300w, https:\/\/fcmanrique.org\/wp-content\/uploads\/fc-manrique-selena-millares-13-768x513.jpg 768w, https:\/\/fcmanrique.org\/wp-content\/uploads\/fc-manrique-selena-millares-13-289x193.jpg 289w\" sizes=\"auto, (max-width: 800px) 100vw, 800px\" \/><\/a><\/p>\n<p>Mientras tanto, los padres, Juan y Dolores viven de manera muy pobre, en azoteas prestadas. Juan amaba la docencia pero no pod\u00eda dar clase. Segu\u00eda escribiendo poemas y obras c\u00f3micas que enviaba a su familia para mantenerla unida. Despu\u00e9s de veinte a\u00f1os le permiten dar clase, pero en La Palma. Sin embargo, vuelve la desgracia. Un c\u00e1ncer de laringe le deja sin voz y tiene que dejar de nuevo las aulas. Muere en marzo de 1965 sin ver su obra publicada, una obra que su nieta, Selena Millares, recopila y publica. Este es su epitafio:<\/p>\n<p><i>La mano que estas l\u00edneas escribe<\/i><\/p>\n<p><i>en tiempo no lejano estar\u00e1 inerte<\/i><\/p>\n<p><i>cuando la hora final al fin arribe<\/i><\/p>\n<p><i>lo que haya de quedar ser\u00e1 m\u00e1s fuerte.&nbsp;<\/i><\/p>\n<\/div>\n<p><a href=\"https:\/\/fcmanrique.org\/wp-content\/uploads\/fc-manrique-invitacion-selena-millares-8x5.jpg\"><img loading=\"lazy\" decoding=\"async\" class=\"alignnone size-full wp-image-17533\" src=\"https:\/\/fcmanrique.org\/wp-content\/uploads\/fc-manrique-invitacion-selena-millares-8x5.jpg\" alt=\"\" width=\"800\" height=\"528\" srcset=\"https:\/\/fcmanrique.org\/wp-content\/uploads\/fc-manrique-invitacion-selena-millares-8x5.jpg 800w, https:\/\/fcmanrique.org\/wp-content\/uploads\/fc-manrique-invitacion-selena-millares-8x5-300x198.jpg 300w, https:\/\/fcmanrique.org\/wp-content\/uploads\/fc-manrique-invitacion-selena-millares-8x5-768x507.jpg 768w, https:\/\/fcmanrique.org\/wp-content\/uploads\/fc-manrique-invitacion-selena-millares-8x5-289x191.jpg 289w\" sizes=\"auto, (max-width: 800px) 100vw, 800px\" \/><\/a><\/p>\n<p><strong>M\u00e1s informaci\u00f3n:&nbsp;<\/strong><a href=\"https:\/\/fcmanrique.org\/wp-content\/uploads\/fc-manrique-conferencia-selena-millares.pdf\" target=\"_blank\" rel=\"noopener\">Nota de prensa <\/a><\/p>","protected":false},"featured_media":17655,"parent":0,"template":"","meta":{"_acf_changed":false,"ngg_post_thumbnail":0,"footnotes":""},"actividad_tipo":[34],"actividad_lugar":[49],"actividad_departamento":[],"actividad_ciclo":[73],"class_list":["post-17528","fcm_actividad","type-fcm_actividad","status-publish","has-post-thumbnail","hentry","actividad_tipo-conferencias","actividad_lugar-lugar-sala-saramago","actividad_ciclo-foro-archipielago"],"acf":[],"_links":{"self":[{"href":"https:\/\/fcmanrique.org\/it\/wp-json\/wp\/v2\/fcm_actividad\/17528","targetHints":{"allow":["GET"]}}],"collection":[{"href":"https:\/\/fcmanrique.org\/it\/wp-json\/wp\/v2\/fcm_actividad"}],"about":[{"href":"https:\/\/fcmanrique.org\/it\/wp-json\/wp\/v2\/types\/fcm_actividad"}],"version-history":[{"count":12,"href":"https:\/\/fcmanrique.org\/it\/wp-json\/wp\/v2\/fcm_actividad\/17528\/revisions"}],"predecessor-version":[{"id":24917,"href":"https:\/\/fcmanrique.org\/it\/wp-json\/wp\/v2\/fcm_actividad\/17528\/revisions\/24917"}],"wp:featuredmedia":[{"embeddable":true,"href":"https:\/\/fcmanrique.org\/it\/wp-json\/wp\/v2\/media\/17655"}],"wp:attachment":[{"href":"https:\/\/fcmanrique.org\/it\/wp-json\/wp\/v2\/media?parent=17528"}],"wp:term":[{"taxonomy":"actividad_tipo","embeddable":true,"href":"https:\/\/fcmanrique.org\/it\/wp-json\/wp\/v2\/actividad_tipo?post=17528"},{"taxonomy":"actividad_lugar","embeddable":true,"href":"https:\/\/fcmanrique.org\/it\/wp-json\/wp\/v2\/actividad_lugar?post=17528"},{"taxonomy":"actividad_departamento","embeddable":true,"href":"https:\/\/fcmanrique.org\/it\/wp-json\/wp\/v2\/actividad_departamento?post=17528"},{"taxonomy":"actividad_ciclo","embeddable":true,"href":"https:\/\/fcmanrique.org\/it\/wp-json\/wp\/v2\/actividad_ciclo?post=17528"}],"curies":[{"name":"wp","href":"https:\/\/api.w.org\/{rel}","templated":true}]}}

<p class="qtranxs-available-languages-message qtranxs-available-languages-message-it">Ci spiace, ma questo articolo è disponibile soltanto in <a href="https://fcmanrique.org/es/wp-json/wp/v2/fcm_actividad/17528" class="qtranxs-available-language-link qtranxs-available-language-link-es" title="ES">ES</a>.</p><p>Lanzarote fue el oasis de los Millares Sall. El poeta José María Millares y su hermano Manolo, el pintor, reconocieron públicamente que su estancia en Arrecife había sido uno de los momentos más dulces de su vida. “En Arrecife se hicieron todos artistas”, señala Selena Millares, catedrática de Literatura Hispanoamericana en la Universidad Autónoma de Madrid e hija de Totoyo, el timplista, el pequeño de los Millares Sall. Selena es autora de <i>El Faro y la noche</i>, las memorias de la familia en forma de novela. En la Fundación César Manrique , el día 20 de septiembre pronunció la conferencia <i><strong>Encrucijadas artísticas del imaginario insular: César Manrique y la familia Millares</strong>,</i> que dividió en cuatro partes: los antecedentes del millarismo, de “una familia que era una celebración colectiva de las artes” repleta de pintores, músicos, escritores; la primera estancia de la familia en Arrecife en 1928; la segunda, entre 1936 y 1938; y finalmente, la última parte, el devenir de los artistas. El hilo conductor es el padre, el poeta y profesor de instituto Juan Millares Carló.</p>
<div>
<p><a href="https://fcmanrique.org/wp-content/uploads/fc-manrique-selena-millares-web1-8x5.jpg"><img loading="lazy" decoding="async" class="alignnone size-full wp-image-17530" src="https://fcmanrique.org/wp-content/uploads/fc-manrique-selena-millares-web1-8x5.jpg" alt="" width="800" height="531" srcset="https://fcmanrique.org/wp-content/uploads/fc-manrique-selena-millares-web1-8x5.jpg 800w, https://fcmanrique.org/wp-content/uploads/fc-manrique-selena-millares-web1-8x5-300x199.jpg 300w, https://fcmanrique.org/wp-content/uploads/fc-manrique-selena-millares-web1-8x5-768x510.jpg 768w, https://fcmanrique.org/wp-content/uploads/fc-manrique-selena-millares-web1-8x5-289x192.jpg 289w" sizes="auto, (max-width: 800px) 100vw, 800px" /></a></p>
<p>Esta historia de los Millares comienza con otro Millares, Agustín Millares Torres, hijo de músico de cuerda, nieto de músico de catedral, y excomulgado por el obispo debido a no rectificar su opinión sobre dos prelados. También fue novelista y poeta, amigo de Menéndez Pelayo y Pérez Galdós y autor de <i>Historia General de las Islas Canarias</i> y de<i> Historia de la Inquisición en las Islas Canarias</i>. Sus hijos fueron los Millares Cubas, dramaturgos y músicos. Uno de ellos también se llamó Agustín y tuvo otro hijo del mismo nombre y uno más que se llamó Juan: Juan Millares Carló, primo a su vez de otros artistas, Claudio y Josefina de la Torre. Su tío fue el pintor Juan Carló, gran bohemio contemporáneo de Tomás Morales, Saulo Torón o Alonso Quesada. Millares Carló se casó con la pianista Dolores Sall Bravo de Laguna y tuvieron nueve hijos, entre los que están los poetas José María, Sixto y Agustín, el pintor Manolo, la pintora Jane, Eduardo, dibujante conocido como Cho-Juaá, y los músicos Yeya y Totoyo, los más jóvenes.</p>
<p><a href="https://fcmanrique.org/wp-content/uploads/fc-manrique-selena-millares-11.jpg"><img loading="lazy" decoding="async" class="alignnone size-full wp-image-17652" src="https://fcmanrique.org/wp-content/uploads/fc-manrique-selena-millares-11.jpg" alt="" width="800" height="532" srcset="https://fcmanrique.org/wp-content/uploads/fc-manrique-selena-millares-11.jpg 800w, https://fcmanrique.org/wp-content/uploads/fc-manrique-selena-millares-11-300x200.jpg 300w, https://fcmanrique.org/wp-content/uploads/fc-manrique-selena-millares-11-768x511.jpg 768w, https://fcmanrique.org/wp-content/uploads/fc-manrique-selena-millares-11-289x192.jpg 289w" sizes="auto, (max-width: 800px) 100vw, 800px" /></a></p>
<p>En 1928 la familia se traslada a Arrecife por primera vez. El padre gana la cátedra en el Instituto de las Cuatro esquinas pero solo permanecen un curso. “Eran muchos hijos, la vida era dura y no llegaba el sustento”, asegura Selena. En Arrecife entabla amistad con el escritor Agustín Espinosa, comisario regio del instituto, con quien conversaba y bebía muchas noches. Juan era fornido y Agustín débil y algunas veladas acababan con el primero cargando en brazos al segundo y éste diciendo: “Le debo la vida”. Ambos dieron clase a César Manrique, que ya traba amistad con algunos de los hijos, también alumnos.</p>
<p><a href="https://fcmanrique.org/wp-content/uploads/fc-manrique-selena-millares-12.jpg"><img loading="lazy" decoding="async" class="alignnone size-full wp-image-17653" src="https://fcmanrique.org/wp-content/uploads/fc-manrique-selena-millares-12.jpg" alt="" width="800" height="543" srcset="https://fcmanrique.org/wp-content/uploads/fc-manrique-selena-millares-12.jpg 800w, https://fcmanrique.org/wp-content/uploads/fc-manrique-selena-millares-12-300x204.jpg 300w, https://fcmanrique.org/wp-content/uploads/fc-manrique-selena-millares-12-768x521.jpg 768w, https://fcmanrique.org/wp-content/uploads/fc-manrique-selena-millares-12-289x196.jpg 289w" sizes="auto, (max-width: 800px) 100vw, 800px" /></a></p>
<p>La segunda estancia es obligada. Agustín Millares Sall había sido detenido con 19 años y enviado a un campo de concentración en Gran Canaria. Le ofrecen la alternativa del destierro y vuelve de nuevo a Arrecife toda la familia, esta vez, con dos hijos más. Había además otra razón: la depuración del padre. Juan, que en ocasiones sustituía al profesor de religión en el Instituto Pérez Galdós, fue delatado por el presbítero Manuel Socorro porque había comentado en clase que la creencia de que un Cristo de madera pudiera sudar sangre era una superchería. Ocho cartas del sacerdote en su contra acabaron por hacer efecto y Millares Carló pierde la cátedra. En Arrecife cierra el instituto y “el hogar se convierte en escuela”. Los niños dejan de tener una educación reglada y se vuelcan en el arte. El padre escribía obras de teatro cómicas que representan entre todos, dibuja para ellos y elaboran una revista familiar con poemas y dibujos que se completan de forma colectiva. Aparecen los primeros dibujos de Manolo Millares, con once años. Pero no dejó de haber problemas. Agustín fue denunciado por un chófer que escuchó una conversación sobre política. Otra vez la primera opción es el campo de concentración y, en esta ocasión, la alternativa es ingresar en Falange. Dolores tiene que vender su piano para comprar los uniformes, y tras el piano acabarán vendiendo los muebles para poder comer. La tragedia sigue: Sixto, muy debilitado, decide ingresar en el ejército para no ser una carga y muere con 19 años de tuberculosis.</p>
<p>Vuelven a Las Palmas y siguieron cultivando las artes. Los hermanos mantienen la amistad con César Manrique aunque Manolo y César, además de la amistad, mantienen diferencias. Y sigue la vinculación con Lanzarote: Jane expone en la Isla, Cho-Juaá hace los folletos del primer hotel, el Fariones y Manolo dedica varios poemas a la Isla. “El arte sigue siendo el centro de la vida familiar”, dice Selena. Continúan haciendo revistas familiares como <i>La Pandilla </i>o <i>Viento y marea</i>. Una de ellas, <i>Planas de poesía</i>, editada entre 1949 y 1951, llega hasta la Brigada político social. Detienen a José María, que fue encarcelado, interrogado acerca de una inexistente imprenta rusa y torturado. No pueden publicar nada hasta que en los años sesenta vuelven con <i>Millares</i>, una revista familiar, haciendo lo mismo que empezaron a hacer en Arrecife en los años treinta.</p>
<p><a href="https://fcmanrique.org/wp-content/uploads/fc-manrique-selena-millares-13.jpg"><img loading="lazy" decoding="async" class="alignnone size-full wp-image-17654" src="https://fcmanrique.org/wp-content/uploads/fc-manrique-selena-millares-13.jpg" alt="" width="800" height="534" srcset="https://fcmanrique.org/wp-content/uploads/fc-manrique-selena-millares-13.jpg 800w, https://fcmanrique.org/wp-content/uploads/fc-manrique-selena-millares-13-300x200.jpg 300w, https://fcmanrique.org/wp-content/uploads/fc-manrique-selena-millares-13-768x513.jpg 768w, https://fcmanrique.org/wp-content/uploads/fc-manrique-selena-millares-13-289x193.jpg 289w" sizes="auto, (max-width: 800px) 100vw, 800px" /></a></p>
<p>Mientras tanto, los padres, Juan y Dolores viven de manera muy pobre, en azoteas prestadas. Juan amaba la docencia pero no podía dar clase. Seguía escribiendo poemas y obras cómicas que enviaba a su familia para mantenerla unida. Después de veinte años le permiten dar clase, pero en La Palma. Sin embargo, vuelve la desgracia. Un cáncer de laringe le deja sin voz y tiene que dejar de nuevo las aulas. Muere en marzo de 1965 sin ver su obra publicada, una obra que su nieta, Selena Millares, recopila y publica. Este es su epitafio:</p>
<p><i>La mano que estas líneas escribe</i></p>
<p><i>en tiempo no lejano estará inerte</i></p>
<p><i>cuando la hora final al fin arribe</i></p>
<p><i>lo que haya de quedar será más fuerte.&nbsp;</i></p>
</div>
<p><a href="https://fcmanrique.org/wp-content/uploads/fc-manrique-invitacion-selena-millares-8x5.jpg"><img loading="lazy" decoding="async" class="alignnone size-full wp-image-17533" src="https://fcmanrique.org/wp-content/uploads/fc-manrique-invitacion-selena-millares-8x5.jpg" alt="" width="800" height="528" srcset="https://fcmanrique.org/wp-content/uploads/fc-manrique-invitacion-selena-millares-8x5.jpg 800w, https://fcmanrique.org/wp-content/uploads/fc-manrique-invitacion-selena-millares-8x5-300x198.jpg 300w, https://fcmanrique.org/wp-content/uploads/fc-manrique-invitacion-selena-millares-8x5-768x507.jpg 768w, https://fcmanrique.org/wp-content/uploads/fc-manrique-invitacion-selena-millares-8x5-289x191.jpg 289w" sizes="auto, (max-width: 800px) 100vw, 800px" /></a></p>
<p><strong>Más información:&nbsp;</strong><a href="https://fcmanrique.org/wp-content/uploads/fc-manrique-conferencia-selena-millares.pdf" target="_blank" rel="noopener">Nota de prensa </a></p>
