{"id":22968,"date":"2022-09-23T12:45:55","date_gmt":"2022-09-23T12:45:55","guid":{"rendered":"https:\/\/fcmanrique.org\/?post_type=fcm_actividad&#038;p=22968"},"modified":"2023-12-01T13:30:30","modified_gmt":"2023-12-01T13:30:30","slug":"joan-nogue-el-paisaje-es-la-hermana-pobre-de-la-ordenacion-del-territorio","status":"publish","type":"fcm_actividad","link":"https:\/\/fcmanrique.org\/it\/fcm-actividad\/joan-nogue-el-paisaje-es-la-hermana-pobre-de-la-ordenacion-del-territorio\/","title":{"rendered":"Joan Nogu\u00e9: \u00abEl paisaje es la hermana pobre de la ordenaci\u00f3n del territorio\u00bb"},"content":{"rendered":"<p class=\"qtranxs-available-languages-message qtranxs-available-languages-message-it\">Ci spiace, ma questo articolo \u00e8 disponibile soltanto in <a href=\"https:\/\/fcmanrique.org\/es\/wp-json\/wp\/v2\/fcm_actividad\/22968\" class=\"qtranxs-available-language-link qtranxs-available-language-link-es\" title=\"ES\">ES<\/a>.<\/p><p><strong>Joan Nogu\u00e9<\/strong>, el d\u00eda 21 de septiembre de 2022, dividi\u00f3 el taller \u2018El poder del paisaje. De la mirada individual a la acci\u00f3n colectiva\u2019 en tres bloques: el paisaje como bien com\u00fan, el reencuentro con el lugar y educar la mirada para conseguir una \u00e9tica colectiva. Nogu\u00e9 es ya un habitual en la Fundaci\u00f3n C\u00e9sar Manrique. El ge\u00f3grafo, exdirector del Observatorio del Paisaje de Catalu\u00f1a, ten\u00eda previsto impartir este taller en marzo de 2020 y se congratul\u00f3 de que la Fundaci\u00f3n C\u00e9sar Manrique optara por recuperarlo tras la pandemia.<\/p>\n<p><a href=\"https:\/\/fcmanrique.org\/wp-content\/uploads\/fc-manrique-taller-el-poder-del-paisaje-joan-nogue2.jpg\"><img loading=\"lazy\" decoding=\"async\" class=\"alignnone wp-image-22991 size-full\" src=\"https:\/\/fcmanrique.org\/wp-content\/uploads\/fc-manrique-taller-el-poder-del-paisaje-joan-nogue2.jpg\" alt=\"\" width=\"920\" height=\"649\" srcset=\"https:\/\/fcmanrique.org\/wp-content\/uploads\/fc-manrique-taller-el-poder-del-paisaje-joan-nogue2.jpg 920w, https:\/\/fcmanrique.org\/wp-content\/uploads\/fc-manrique-taller-el-poder-del-paisaje-joan-nogue2-300x212.jpg 300w, https:\/\/fcmanrique.org\/wp-content\/uploads\/fc-manrique-taller-el-poder-del-paisaje-joan-nogue2-768x542.jpg 768w, https:\/\/fcmanrique.org\/wp-content\/uploads\/fc-manrique-taller-el-poder-del-paisaje-joan-nogue2-289x204.jpg 289w\" sizes=\"auto, (max-width: 920px) 100vw, 920px\" \/><\/a><\/p>\n<p><strong>El bien com\u00fan.<\/strong> Seg\u00fan Nogu\u00e9, es la tercera v\u00eda entre la propiedad privada y la p\u00fablica, los dos polos que instaur\u00f3 la modernidad, cuyo peso var\u00eda, pero que son los dos pilares de la ret\u00f3rica moderna. \u201cDurante a\u00f1os, nos han dicho que no hay otra forma, pero la restituci\u00f3n del bien com\u00fan choca de lleno contra esta concepci\u00f3n y es evidente que hay otras alternativas\u201d, se\u00f1al\u00f3. El bien com\u00fan se puede referir al agua, a espacios p\u00fablicos o al paisaje, a algo material y a algo inmaterial. Es tangible e intangible a la vez. \u201cConcebir el paisaje como bien com\u00fan es un salto hacia adelante\u201d. Es de todos y no es de nadie. De ah\u00ed la dificultad para su gesti\u00f3n y tambi\u00e9n los intentos del poder de mantener al paisaje como una mera cuesti\u00f3n est\u00e9tica. Sin embargo, aunque el paisaje sea subjetivo, tiene un componente social. \u201cSe argumenta que si es subjetivo no puede ser objeto de la ordenaci\u00f3n por parte del sector p\u00fablico, y normalmente se hace para justificar estructuras pesadas en el territorio\u201d. De hecho, seg\u00fan Nogu\u00e9, el paisaje es la hermana pobre de la ordenaci\u00f3n territorial. Es cierto que la percepci\u00f3n es sesgada, pero se puede llegar a objetivar. El paisaje tiene valores sociales, hist\u00f3ricos y est\u00e9ticos, tiene valores objetivos. \u201cSabemos cu\u00e1ndo traspasamos una l\u00ednea roja de destrucci\u00f3n del paisaje\u201d. Coment\u00f3 que cuando hay intervenciones que fracturan el territorio y degradan el paisaje \u201cse usa el argumento de que todo es cuesti\u00f3n de acostumbrarse, y no es verdad. Si aceptamos esto estamos perdidos\u201d.<\/p>\n<p><a href=\"https:\/\/fcmanrique.org\/wp-content\/uploads\/fc-manrique-taller-el-poder-del-paisaje-joan-nogue3.jpg\"><img loading=\"lazy\" decoding=\"async\" class=\"alignnone wp-image-22992 size-full\" src=\"https:\/\/fcmanrique.org\/wp-content\/uploads\/fc-manrique-taller-el-poder-del-paisaje-joan-nogue3.jpg\" alt=\"\" width=\"920\" height=\"633\" srcset=\"https:\/\/fcmanrique.org\/wp-content\/uploads\/fc-manrique-taller-el-poder-del-paisaje-joan-nogue3.jpg 920w, https:\/\/fcmanrique.org\/wp-content\/uploads\/fc-manrique-taller-el-poder-del-paisaje-joan-nogue3-300x206.jpg 300w, https:\/\/fcmanrique.org\/wp-content\/uploads\/fc-manrique-taller-el-poder-del-paisaje-joan-nogue3-768x528.jpg 768w, https:\/\/fcmanrique.org\/wp-content\/uploads\/fc-manrique-taller-el-poder-del-paisaje-joan-nogue3-289x199.jpg 289w\" sizes=\"auto, (max-width: 920px) 100vw, 920px\" \/><\/a><\/p>\n<p><strong>El reencuentro con el lugar. <\/strong>Ese reencuentro se produce a trav\u00e9s de nuevas f\u00f3rmulas porque las relaciones de la gente con los lugares est\u00e1n cambiando de forma muy positiva. \u201cYa no basta con paisajes sublimes, sino que se trata de vivir en paz con los paisajes cotidianos; en armon\u00eda\u201d. Es un cambio de paradigma en nuestra relaci\u00f3n con el territorio. El espacio geogr\u00e1fico tambi\u00e9n es existencial y hay m\u00faltiples ejemplos que ilustran este cambio. Van surgiendo nuevas ruralidades, una vuelta, o una incorporaci\u00f3n al campo. Tambi\u00e9n proliferan circuitos alternativos de producci\u00f3n y de consumo que generan miles de microcambios que despu\u00e9s generar\u00e1n macrocambios. Se est\u00e1 viendo una reinvenci\u00f3n de antiguas profesiones como estrategia para recuperar el car\u00e1cter de un lugar, como, por ejemplo, una escuela de pastores. Adem\u00e1s, asistimos a una recuperaci\u00f3n de la esencia del lugar como f\u00f3rmula de revitalizaci\u00f3n econ\u00f3mica y cambio cultural. Uno de los ejemplos m\u00e1s claros en este sentido es la comarca del Priorat, que experiment\u00f3 la vuelta de j\u00f3venes que se hab\u00edan marchado y de personas relacionadas con el mundo de la cultura que \u201ctienen claro que el tema central debe ser el paisaje\u201d. Por otro lado, est\u00e1 la revitalizaci\u00f3n de \u00e1reas marginales despobladas a trav\u00e9s de proyectos culturales de calidad, como el Centre d\u2019art i natura de Farrera, que naci\u00f3 hace m\u00e1s de veinte a\u00f1os, cuando solo quedaban dos personas en el pueblo. Hay m\u00e1s ejemplos: nuevas formas de gesti\u00f3n del territorio de car\u00e1cter horizontal y no recogidas por la legislaci\u00f3n vigente, como las redes de custodia del territorio, o nuevas formas de gobernanza local, como las que surgen en la regi\u00f3n italiana de Abruzzos, destruida por un terremoto y cuya reconstrucci\u00f3n va m\u00e1s all\u00e1 de lo f\u00edsico. Tambi\u00e9n en Italia, la iniciativa <em>Luoghi di valoi <\/em>(lugares con valor) que recopila durante diez a\u00f1os espacios importantes para los ciudadanos que no coinciden precisamente con los se\u00f1alados por Patrimonio, o la red local \u2018Territorios por el paisaje\u2019 o la iniciativa colectiva Wikipedra. \u201cEn todas ellas, el paisaje tiene un papel como eje vertebrador\u201d.<\/p>\n<p><strong>Educar la mirada para conseguir una \u00e9tica colectiva.<\/strong> \u00bfCu\u00e1l es el papel de la sociedad civil en los procesos de patrimonializaci\u00f3n de lugares y paisajes? \u00bfCu\u00e1l es el papel de los expertos? \u00bfQui\u00e9n decide lo que es patrimonio y lo que no lo es? No se trata, explica Nogu\u00e9, de catalogar todo, sino de tener en cuenta al paisaje. El director del taller expuso, de nuevo, otras iniciativas ciudadanas que ponen este hecho de manifiesto, como el \u2018Museo en la calle\u2019, que recoge elementos significativos de la calle que se acaban perdiendo, o el proyecto \u2018Carreteras, paisaje y turismo\u2019, que revela que las carreteras, las m\u00e1s antiguas, tambi\u00e9n son un valor patrimonial, que permiten entender el paisaje y que no hace falta ampliarlas. Mostr\u00f3 una iniciativa de la Administraci\u00f3n, el Mapa de unidades de paisaje, que traspasa la divisi\u00f3n municipal o administrativa y agrupa los lugares en porciones de territorio con un mismo car\u00e1cter. \u201cLos mapas -dice Nogu\u00e9- marcan nuestra percepci\u00f3n del mundo, educan la mirada, son un instrumento de poder extraordinario, pero son una selecci\u00f3n arbitraria de la realidad y no hay que sacralizarlos\u201d.<\/p>\n<p><a href=\"https:\/\/fcmanrique.org\/wp-content\/uploads\/fc-manrique-taller-el-poder-del-paisaje-joan-nogue1.jpg\"><img loading=\"lazy\" decoding=\"async\" class=\"alignnone wp-image-22990 size-full\" src=\"https:\/\/fcmanrique.org\/wp-content\/uploads\/fc-manrique-taller-el-poder-del-paisaje-joan-nogue1.jpg\" alt=\"\" width=\"920\" height=\"616\" srcset=\"https:\/\/fcmanrique.org\/wp-content\/uploads\/fc-manrique-taller-el-poder-del-paisaje-joan-nogue1.jpg 920w, https:\/\/fcmanrique.org\/wp-content\/uploads\/fc-manrique-taller-el-poder-del-paisaje-joan-nogue1-300x201.jpg 300w, https:\/\/fcmanrique.org\/wp-content\/uploads\/fc-manrique-taller-el-poder-del-paisaje-joan-nogue1-768x514.jpg 768w, https:\/\/fcmanrique.org\/wp-content\/uploads\/fc-manrique-taller-el-poder-del-paisaje-joan-nogue1-289x194.jpg 289w\" sizes=\"auto, (max-width: 920px) 100vw, 920px\" \/><\/a><\/p>\n<p>Finalmente, apunt\u00f3 hacia la educaci\u00f3n: la formal y la informal. \u201cEducar la mirada es fundamental porque la concienciaci\u00f3n ciudadana es el primer paso para una \u00e9tica colectiva y la \u00e9tica colectiva, a su vez, favorece los valores individuales\u201d. Nogu\u00e9 se\u00f1al\u00f3 la mayor satisfacci\u00f3n durante sus doce a\u00f1os al frente del Observatorio del paisaje de Catalu\u00f1a: haber logrado crear ese clima \u00e9tico colectivo en algunos \u00e1mbitos. Lograr la \u201cconversi\u00f3n\u201d de alg\u00fan alcalde\u201d o de gente que hasta entonces no hab\u00eda disfrutado de su paisaje y ahora lo ama y, por tanto, lo protege. Y, \u00bfc\u00f3mo conseguir un clima \u00e9tico colectivo? A trav\u00e9s de la acci\u00f3n, con estrategias de actuaci\u00f3n desde la sociedad civil. En el paisaje, la \u00e9tica y la est\u00e9tica deben ir de la mano. Un paisaje precioso no es completo si sus acu\u00edferos est\u00e1n contaminados. Y por \u00faltimo: \u201cSi se destruye un paisaje, se destruye la identidad de un lugar\u201d.<\/p>\n<p><strong>M\u00e1s informaci\u00f3n:<\/strong> <a href=\"https:\/\/fcmanrique.org\/wp-content\/uploads\/fc-manrique-taller-joan-nogue.pdf\" target=\"_blank\" rel=\"noopener\">Nota de prensa<\/a><\/p>\n<p><strong>M\u00e1s informaci\u00f3n del taller: <\/strong><a href=\"https:\/\/fcmanrique.org\/wp-content\/uploads\/fc-manrique-taller-el-poder-del-paisaje-joan-nogue-diptico.pdf\" target=\"_blank\" rel=\"noopener\">D\u00edptico<\/a><\/p>\n<p><a href=\"https:\/\/fcmanrique.org\/wp-content\/uploads\/fc-manrique-taller-el-poder-del-paisaje-joan-nogue-diptico.jpg\"><img loading=\"lazy\" decoding=\"async\" class=\"alignnone size-full wp-image-22750\" src=\"https:\/\/fcmanrique.org\/wp-content\/uploads\/fc-manrique-taller-el-poder-del-paisaje-joan-nogue-diptico.jpg\" alt=\"\" width=\"2481\" height=\"2481\" srcset=\"https:\/\/fcmanrique.org\/wp-content\/uploads\/fc-manrique-taller-el-poder-del-paisaje-joan-nogue-diptico.jpg 2481w, https:\/\/fcmanrique.org\/wp-content\/uploads\/fc-manrique-taller-el-poder-del-paisaje-joan-nogue-diptico-300x300.jpg 300w, https:\/\/fcmanrique.org\/wp-content\/uploads\/fc-manrique-taller-el-poder-del-paisaje-joan-nogue-diptico-1024x1024.jpg 1024w, https:\/\/fcmanrique.org\/wp-content\/uploads\/fc-manrique-taller-el-poder-del-paisaje-joan-nogue-diptico-150x150.jpg 150w, https:\/\/fcmanrique.org\/wp-content\/uploads\/fc-manrique-taller-el-poder-del-paisaje-joan-nogue-diptico-768x768.jpg 768w, https:\/\/fcmanrique.org\/wp-content\/uploads\/fc-manrique-taller-el-poder-del-paisaje-joan-nogue-diptico-246x246.jpg 246w, https:\/\/fcmanrique.org\/wp-content\/uploads\/fc-manrique-taller-el-poder-del-paisaje-joan-nogue-diptico-1536x1536.jpg 1536w, https:\/\/fcmanrique.org\/wp-content\/uploads\/fc-manrique-taller-el-poder-del-paisaje-joan-nogue-diptico-2048x2048.jpg 2048w\" sizes=\"auto, (max-width: 2481px) 100vw, 2481px\" \/><\/a><\/p>","protected":false},"featured_media":22989,"parent":0,"template":"","meta":{"_acf_changed":false,"ngg_post_thumbnail":0,"footnotes":""},"actividad_tipo":[35],"actividad_lugar":[49],"actividad_departamento":[29],"actividad_ciclo":[],"class_list":["post-22968","fcm_actividad","type-fcm_actividad","status-publish","has-post-thumbnail","hentry","actividad_tipo-cursos-y-talleres","actividad_lugar-lugar-sala-saramago","actividad_departamento-departamento-de-territorio-y-medio-ambiente"],"acf":[],"_links":{"self":[{"href":"https:\/\/fcmanrique.org\/it\/wp-json\/wp\/v2\/fcm_actividad\/22968","targetHints":{"allow":["GET"]}}],"collection":[{"href":"https:\/\/fcmanrique.org\/it\/wp-json\/wp\/v2\/fcm_actividad"}],"about":[{"href":"https:\/\/fcmanrique.org\/it\/wp-json\/wp\/v2\/types\/fcm_actividad"}],"version-history":[{"count":8,"href":"https:\/\/fcmanrique.org\/it\/wp-json\/wp\/v2\/fcm_actividad\/22968\/revisions"}],"predecessor-version":[{"id":24813,"href":"https:\/\/fcmanrique.org\/it\/wp-json\/wp\/v2\/fcm_actividad\/22968\/revisions\/24813"}],"wp:featuredmedia":[{"embeddable":true,"href":"https:\/\/fcmanrique.org\/it\/wp-json\/wp\/v2\/media\/22989"}],"wp:attachment":[{"href":"https:\/\/fcmanrique.org\/it\/wp-json\/wp\/v2\/media?parent=22968"}],"wp:term":[{"taxonomy":"actividad_tipo","embeddable":true,"href":"https:\/\/fcmanrique.org\/it\/wp-json\/wp\/v2\/actividad_tipo?post=22968"},{"taxonomy":"actividad_lugar","embeddable":true,"href":"https:\/\/fcmanrique.org\/it\/wp-json\/wp\/v2\/actividad_lugar?post=22968"},{"taxonomy":"actividad_departamento","embeddable":true,"href":"https:\/\/fcmanrique.org\/it\/wp-json\/wp\/v2\/actividad_departamento?post=22968"},{"taxonomy":"actividad_ciclo","embeddable":true,"href":"https:\/\/fcmanrique.org\/it\/wp-json\/wp\/v2\/actividad_ciclo?post=22968"}],"curies":[{"name":"wp","href":"https:\/\/api.w.org\/{rel}","templated":true}]}}

Joan Nogué: «El paisaje es la hermana pobre de la ordenación del territorio»

<p class="qtranxs-available-languages-message qtranxs-available-languages-message-it">Ci spiace, ma questo articolo è disponibile soltanto in <a href="https://fcmanrique.org/es/wp-json/wp/v2/fcm_actividad/22968" class="qtranxs-available-language-link qtranxs-available-language-link-es" title="ES">ES</a>.</p><p><strong>Joan Nogué</strong>, el día 21 de septiembre de 2022, dividió el taller ‘El poder del paisaje. De la mirada individual a la acción colectiva’ en tres bloques: el paisaje como bien común, el reencuentro con el lugar y educar la mirada para conseguir una ética colectiva. Nogué es ya un habitual en la Fundación César Manrique. El geógrafo, exdirector del Observatorio del Paisaje de Cataluña, tenía previsto impartir este taller en marzo de 2020 y se congratuló de que la Fundación César Manrique optara por recuperarlo tras la pandemia.</p>
<p><a href="https://fcmanrique.org/wp-content/uploads/fc-manrique-taller-el-poder-del-paisaje-joan-nogue2.jpg"><img loading="lazy" decoding="async" class="alignnone wp-image-22991 size-full" src="https://fcmanrique.org/wp-content/uploads/fc-manrique-taller-el-poder-del-paisaje-joan-nogue2.jpg" alt="" width="920" height="649" srcset="https://fcmanrique.org/wp-content/uploads/fc-manrique-taller-el-poder-del-paisaje-joan-nogue2.jpg 920w, https://fcmanrique.org/wp-content/uploads/fc-manrique-taller-el-poder-del-paisaje-joan-nogue2-300x212.jpg 300w, https://fcmanrique.org/wp-content/uploads/fc-manrique-taller-el-poder-del-paisaje-joan-nogue2-768x542.jpg 768w, https://fcmanrique.org/wp-content/uploads/fc-manrique-taller-el-poder-del-paisaje-joan-nogue2-289x204.jpg 289w" sizes="auto, (max-width: 920px) 100vw, 920px" /></a></p>
<p><strong>El bien común.</strong> Según Nogué, es la tercera vía entre la propiedad privada y la pública, los dos polos que instauró la modernidad, cuyo peso varía, pero que son los dos pilares de la retórica moderna. “Durante años, nos han dicho que no hay otra forma, pero la restitución del bien común choca de lleno contra esta concepción y es evidente que hay otras alternativas”, señaló. El bien común se puede referir al agua, a espacios públicos o al paisaje, a algo material y a algo inmaterial. Es tangible e intangible a la vez. “Concebir el paisaje como bien común es un salto hacia adelante”. Es de todos y no es de nadie. De ahí la dificultad para su gestión y también los intentos del poder de mantener al paisaje como una mera cuestión estética. Sin embargo, aunque el paisaje sea subjetivo, tiene un componente social. “Se argumenta que si es subjetivo no puede ser objeto de la ordenación por parte del sector público, y normalmente se hace para justificar estructuras pesadas en el territorio”. De hecho, según Nogué, el paisaje es la hermana pobre de la ordenación territorial. Es cierto que la percepción es sesgada, pero se puede llegar a objetivar. El paisaje tiene valores sociales, históricos y estéticos, tiene valores objetivos. “Sabemos cuándo traspasamos una línea roja de destrucción del paisaje”. Comentó que cuando hay intervenciones que fracturan el territorio y degradan el paisaje “se usa el argumento de que todo es cuestión de acostumbrarse, y no es verdad. Si aceptamos esto estamos perdidos”.</p>
<p><a href="https://fcmanrique.org/wp-content/uploads/fc-manrique-taller-el-poder-del-paisaje-joan-nogue3.jpg"><img loading="lazy" decoding="async" class="alignnone wp-image-22992 size-full" src="https://fcmanrique.org/wp-content/uploads/fc-manrique-taller-el-poder-del-paisaje-joan-nogue3.jpg" alt="" width="920" height="633" srcset="https://fcmanrique.org/wp-content/uploads/fc-manrique-taller-el-poder-del-paisaje-joan-nogue3.jpg 920w, https://fcmanrique.org/wp-content/uploads/fc-manrique-taller-el-poder-del-paisaje-joan-nogue3-300x206.jpg 300w, https://fcmanrique.org/wp-content/uploads/fc-manrique-taller-el-poder-del-paisaje-joan-nogue3-768x528.jpg 768w, https://fcmanrique.org/wp-content/uploads/fc-manrique-taller-el-poder-del-paisaje-joan-nogue3-289x199.jpg 289w" sizes="auto, (max-width: 920px) 100vw, 920px" /></a></p>
<p><strong>El reencuentro con el lugar. </strong>Ese reencuentro se produce a través de nuevas fórmulas porque las relaciones de la gente con los lugares están cambiando de forma muy positiva. “Ya no basta con paisajes sublimes, sino que se trata de vivir en paz con los paisajes cotidianos; en armonía”. Es un cambio de paradigma en nuestra relación con el territorio. El espacio geográfico también es existencial y hay múltiples ejemplos que ilustran este cambio. Van surgiendo nuevas ruralidades, una vuelta, o una incorporación al campo. También proliferan circuitos alternativos de producción y de consumo que generan miles de microcambios que después generarán macrocambios. Se está viendo una reinvención de antiguas profesiones como estrategia para recuperar el carácter de un lugar, como, por ejemplo, una escuela de pastores. Además, asistimos a una recuperación de la esencia del lugar como fórmula de revitalización económica y cambio cultural. Uno de los ejemplos más claros en este sentido es la comarca del Priorat, que experimentó la vuelta de jóvenes que se habían marchado y de personas relacionadas con el mundo de la cultura que “tienen claro que el tema central debe ser el paisaje”. Por otro lado, está la revitalización de áreas marginales despobladas a través de proyectos culturales de calidad, como el Centre d’art i natura de Farrera, que nació hace más de veinte años, cuando solo quedaban dos personas en el pueblo. Hay más ejemplos: nuevas formas de gestión del territorio de carácter horizontal y no recogidas por la legislación vigente, como las redes de custodia del territorio, o nuevas formas de gobernanza local, como las que surgen en la región italiana de Abruzzos, destruida por un terremoto y cuya reconstrucción va más allá de lo físico. También en Italia, la iniciativa <em>Luoghi di valoi </em>(lugares con valor) que recopila durante diez años espacios importantes para los ciudadanos que no coinciden precisamente con los señalados por Patrimonio, o la red local ‘Territorios por el paisaje’ o la iniciativa colectiva Wikipedra. “En todas ellas, el paisaje tiene un papel como eje vertebrador”.</p>
<p><strong>Educar la mirada para conseguir una ética colectiva.</strong> ¿Cuál es el papel de la sociedad civil en los procesos de patrimonialización de lugares y paisajes? ¿Cuál es el papel de los expertos? ¿Quién decide lo que es patrimonio y lo que no lo es? No se trata, explica Nogué, de catalogar todo, sino de tener en cuenta al paisaje. El director del taller expuso, de nuevo, otras iniciativas ciudadanas que ponen este hecho de manifiesto, como el ‘Museo en la calle’, que recoge elementos significativos de la calle que se acaban perdiendo, o el proyecto ‘Carreteras, paisaje y turismo’, que revela que las carreteras, las más antiguas, también son un valor patrimonial, que permiten entender el paisaje y que no hace falta ampliarlas. Mostró una iniciativa de la Administración, el Mapa de unidades de paisaje, que traspasa la división municipal o administrativa y agrupa los lugares en porciones de territorio con un mismo carácter. “Los mapas -dice Nogué- marcan nuestra percepción del mundo, educan la mirada, son un instrumento de poder extraordinario, pero son una selección arbitraria de la realidad y no hay que sacralizarlos”.</p>
<p><a href="https://fcmanrique.org/wp-content/uploads/fc-manrique-taller-el-poder-del-paisaje-joan-nogue1.jpg"><img loading="lazy" decoding="async" class="alignnone wp-image-22990 size-full" src="https://fcmanrique.org/wp-content/uploads/fc-manrique-taller-el-poder-del-paisaje-joan-nogue1.jpg" alt="" width="920" height="616" srcset="https://fcmanrique.org/wp-content/uploads/fc-manrique-taller-el-poder-del-paisaje-joan-nogue1.jpg 920w, https://fcmanrique.org/wp-content/uploads/fc-manrique-taller-el-poder-del-paisaje-joan-nogue1-300x201.jpg 300w, https://fcmanrique.org/wp-content/uploads/fc-manrique-taller-el-poder-del-paisaje-joan-nogue1-768x514.jpg 768w, https://fcmanrique.org/wp-content/uploads/fc-manrique-taller-el-poder-del-paisaje-joan-nogue1-289x194.jpg 289w" sizes="auto, (max-width: 920px) 100vw, 920px" /></a></p>
<p>Finalmente, apuntó hacia la educación: la formal y la informal. “Educar la mirada es fundamental porque la concienciación ciudadana es el primer paso para una ética colectiva y la ética colectiva, a su vez, favorece los valores individuales”. Nogué señaló la mayor satisfacción durante sus doce años al frente del Observatorio del paisaje de Cataluña: haber logrado crear ese clima ético colectivo en algunos ámbitos. Lograr la “conversión” de algún alcalde” o de gente que hasta entonces no había disfrutado de su paisaje y ahora lo ama y, por tanto, lo protege. Y, ¿cómo conseguir un clima ético colectivo? A través de la acción, con estrategias de actuación desde la sociedad civil. En el paisaje, la ética y la estética deben ir de la mano. Un paisaje precioso no es completo si sus acuíferos están contaminados. Y por último: “Si se destruye un paisaje, se destruye la identidad de un lugar”.</p>
<p><strong>Más información:</strong> <a href="https://fcmanrique.org/wp-content/uploads/fc-manrique-taller-joan-nogue.pdf" target="_blank" rel="noopener">Nota de prensa</a></p>
<p><strong>Más información del taller: </strong><a href="https://fcmanrique.org/wp-content/uploads/fc-manrique-taller-el-poder-del-paisaje-joan-nogue-diptico.pdf" target="_blank" rel="noopener">Díptico</a></p>
<p><a href="https://fcmanrique.org/wp-content/uploads/fc-manrique-taller-el-poder-del-paisaje-joan-nogue-diptico.jpg"><img loading="lazy" decoding="async" class="alignnone size-full wp-image-22750" src="https://fcmanrique.org/wp-content/uploads/fc-manrique-taller-el-poder-del-paisaje-joan-nogue-diptico.jpg" alt="" width="2481" height="2481" srcset="https://fcmanrique.org/wp-content/uploads/fc-manrique-taller-el-poder-del-paisaje-joan-nogue-diptico.jpg 2481w, https://fcmanrique.org/wp-content/uploads/fc-manrique-taller-el-poder-del-paisaje-joan-nogue-diptico-300x300.jpg 300w, https://fcmanrique.org/wp-content/uploads/fc-manrique-taller-el-poder-del-paisaje-joan-nogue-diptico-1024x1024.jpg 1024w, https://fcmanrique.org/wp-content/uploads/fc-manrique-taller-el-poder-del-paisaje-joan-nogue-diptico-150x150.jpg 150w, https://fcmanrique.org/wp-content/uploads/fc-manrique-taller-el-poder-del-paisaje-joan-nogue-diptico-768x768.jpg 768w, https://fcmanrique.org/wp-content/uploads/fc-manrique-taller-el-poder-del-paisaje-joan-nogue-diptico-246x246.jpg 246w, https://fcmanrique.org/wp-content/uploads/fc-manrique-taller-el-poder-del-paisaje-joan-nogue-diptico-1536x1536.jpg 1536w, https://fcmanrique.org/wp-content/uploads/fc-manrique-taller-el-poder-del-paisaje-joan-nogue-diptico-2048x2048.jpg 2048w" sizes="auto, (max-width: 2481px) 100vw, 2481px" /></a></p>
