{"id":25043,"date":"2023-05-04T12:34:17","date_gmt":"2023-05-04T12:34:17","guid":{"rendered":"https:\/\/fcmanrique.org\/?post_type=fcm_actividad&#038;p=25043"},"modified":"2024-04-15T08:17:02","modified_gmt":"2024-04-15T08:17:02","slug":"la-fcm-publica-paisaje-en-celuloide","status":"publish","type":"fcm_actividad","link":"https:\/\/fcmanrique.org\/it\/fcm-actividad\/la-fcm-publica-paisaje-en-celuloide\/","title":{"rendered":"La FCM publica <em>Paisaje en celuloide<\/em>"},"content":{"rendered":"<p class=\"qtranxs-available-languages-message qtranxs-available-languages-message-it\">Ci spiace, ma questo articolo \u00e8 disponibile soltanto in <a href=\"https:\/\/fcmanrique.org\/es\/wp-json\/wp\/v2\/fcm_actividad\/25043\" class=\"qtranxs-available-language-link qtranxs-available-language-link-es\" title=\"ES\">ES<\/a>.<\/p><p>La FCM publica<em><strong><a href=\"https:\/\/fcmanrique.org\/fcm-publicacion\/paisaje-en-celuloide\/\" target=\"_blank\" rel=\"noopener\"> Paisaje en celuloide<\/a>, <\/strong><\/em>un libro que estudia c\u00f3mo las singulares cualidades paisaj\u00edsticas y clim\u00e1ticas del archipi\u00e9lago canario han hecho de \u00e9l un lugar atractivo para el rodaje de numerosas producciones cinematogr\u00e1ficas. A finales del siglo XIX se exhibieron en Canarias las primeras im\u00e1genes animadas y se realizaron las primeras filmaciones: lo importante no era lo representado, sino el hecho de contemplar cualquier fen\u00f3meno isle\u00f1o en una sala oscura y que quedase constancia de ello. As\u00ed, los motivos de representaci\u00f3n eran de lo m\u00e1s dispares desde actividades rurales o urbanas, agr\u00edcolas o industriales, hasta deportes aut\u00f3ctonos o visitas de personajes ilustres.<\/p>\n<p><strong>M\u00e1s informaci\u00f3n:<\/strong>&nbsp;<a href=\"https:\/\/fcmanrique.org\/wp-content\/uploads\/np-10.23.-Presentacion-libro-Jose-Fernando.pdf\">Nota de prensa<\/a><\/p>\n<p><strong>Presentaci\u00f3n del libro, el 13 de junio de 2023, en la Sala Jos\u00e9 Saramago:<\/strong>&nbsp;<a href=\"https:\/\/fcmanrique.org\/fcm-actividad\/jose-diaz\/?cpg=1\" target=\"_blank\" rel=\"noopener\">Acto de presentaci\u00f3n<\/a><\/p>","protected":false},"featured_media":25038,"parent":0,"template":"","meta":{"_acf_changed":false,"ngg_post_thumbnail":0,"footnotes":""},"actividad_tipo":[],"actividad_lugar":[],"actividad_departamento":[],"actividad_ciclo":[],"class_list":["post-25043","fcm_actividad","type-fcm_actividad","status-publish","has-post-thumbnail","hentry"],"acf":[],"_links":{"self":[{"href":"https:\/\/fcmanrique.org\/it\/wp-json\/wp\/v2\/fcm_actividad\/25043","targetHints":{"allow":["GET"]}}],"collection":[{"href":"https:\/\/fcmanrique.org\/it\/wp-json\/wp\/v2\/fcm_actividad"}],"about":[{"href":"https:\/\/fcmanrique.org\/it\/wp-json\/wp\/v2\/types\/fcm_actividad"}],"version-history":[{"count":7,"href":"https:\/\/fcmanrique.org\/it\/wp-json\/wp\/v2\/fcm_actividad\/25043\/revisions"}],"predecessor-version":[{"id":25238,"href":"https:\/\/fcmanrique.org\/it\/wp-json\/wp\/v2\/fcm_actividad\/25043\/revisions\/25238"}],"wp:featuredmedia":[{"embeddable":true,"href":"https:\/\/fcmanrique.org\/it\/wp-json\/wp\/v2\/media\/25038"}],"wp:attachment":[{"href":"https:\/\/fcmanrique.org\/it\/wp-json\/wp\/v2\/media?parent=25043"}],"wp:term":[{"taxonomy":"actividad_tipo","embeddable":true,"href":"https:\/\/fcmanrique.org\/it\/wp-json\/wp\/v2\/actividad_tipo?post=25043"},{"taxonomy":"actividad_lugar","embeddable":true,"href":"https:\/\/fcmanrique.org\/it\/wp-json\/wp\/v2\/actividad_lugar?post=25043"},{"taxonomy":"actividad_departamento","embeddable":true,"href":"https:\/\/fcmanrique.org\/it\/wp-json\/wp\/v2\/actividad_departamento?post=25043"},{"taxonomy":"actividad_ciclo","embeddable":true,"href":"https:\/\/fcmanrique.org\/it\/wp-json\/wp\/v2\/actividad_ciclo?post=25043"}],"curies":[{"name":"wp","href":"https:\/\/api.w.org\/{rel}","templated":true}]}}

<p class="qtranxs-available-languages-message qtranxs-available-languages-message-it">Ci spiace, ma questo articolo è disponibile soltanto in <a href="https://fcmanrique.org/es/wp-json/wp/v2/fcm_actividad/25043" class="qtranxs-available-language-link qtranxs-available-language-link-es" title="ES">ES</a>.</p><p>La FCM publica<em><strong><a href="https://fcmanrique.org/fcm-publicacion/paisaje-en-celuloide/" target="_blank" rel="noopener"> Paisaje en celuloide</a>, </strong></em>un libro que estudia cómo las singulares cualidades paisajísticas y climáticas del archipiélago canario han hecho de él un lugar atractivo para el rodaje de numerosas producciones cinematográficas. A finales del siglo XIX se exhibieron en Canarias las primeras imágenes animadas y se realizaron las primeras filmaciones: lo importante no era lo representado, sino el hecho de contemplar cualquier fenómeno isleño en una sala oscura y que quedase constancia de ello. Así, los motivos de representación eran de lo más dispares desde actividades rurales o urbanas, agrícolas o industriales, hasta deportes autóctonos o visitas de personajes ilustres.</p>
<p><strong>Más información:</strong>&nbsp;<a href="https://fcmanrique.org/wp-content/uploads/np-10.23.-Presentacion-libro-Jose-Fernando.pdf">Nota de prensa</a></p>
<p><strong>Presentación del libro, el 13 de junio de 2023, en la Sala José Saramago:</strong>&nbsp;<a href="https://fcmanrique.org/fcm-actividad/jose-diaz/?cpg=1" target="_blank" rel="noopener">Acto de presentación</a></p>
