{"id":27250,"date":"2025-10-10T13:12:41","date_gmt":"2025-10-10T13:12:41","guid":{"rendered":"https:\/\/fcmanrique.org\/?post_type=fcm_actividad&#038;p=27250"},"modified":"2025-12-11T11:21:13","modified_gmt":"2025-12-11T11:21:13","slug":"lidia-romero-los-bancales-son-un-legado-amenazado-que-tenemos-la-obligacion-de-conservar","status":"publish","type":"fcm_actividad","link":"https:\/\/fcmanrique.org\/it\/fcm-actividad\/lidia-romero-los-bancales-son-un-legado-amenazado-que-tenemos-la-obligacion-de-conservar\/","title":{"rendered":"Romero: \u00abLos bancales, un legado que debemos conservar\u00bb"},"content":{"rendered":"<p class=\"qtranxs-available-languages-message qtranxs-available-languages-message-it\">Ci spiace, ma questo articolo \u00e8 disponibile soltanto in <a href=\"https:\/\/fcmanrique.org\/es\/wp-json\/wp\/v2\/fcm_actividad\/27250\" class=\"qtranxs-available-language-link qtranxs-available-language-link-es\" title=\"ES\">ES<\/a>.<\/p><p>En 2019, se celebr\u00f3 en Canarias el IV Congreso mundial de la asociaci\u00f3n ITLA (Asociaci\u00f3n Internacional de Estudiosos de Terrazas), \u201cTerritorios de terrazas y bancales: Re-encantar bancales\u201d. Para aquella ocasi\u00f3n, la ge\u00f3grafa Lidia E. Romero le encarg\u00f3 a su amigo, el verseador Yeray Rodr\u00edguez, que compusiera unos versos sobre los bancales, un texto que titul\u00f3 <em>Asombros, esfuerzo y met\u00e1fora<\/em>, con cuya grabaci\u00f3n comenz\u00f3 la conferencia titulada \u201cPaisajes de bancales: herencia viva y retos de futuro\u201d, impartida por Romero el 9 de octubre en la sala Jos\u00e9 Saramago de la Fundaci\u00f3n C\u00e9sar Manrique.<\/p>\n<p><a href=\"https:\/\/fcmanrique.org\/wp-content\/uploads\/fc-manrique-lidia-romero-actividad-1.jpg\"><img loading=\"lazy\" decoding=\"async\" class=\"alignnone size-full wp-image-27251\" src=\"https:\/\/fcmanrique.org\/wp-content\/uploads\/fc-manrique-lidia-romero-actividad-1.jpg\" alt=\"\" width=\"1440\" height=\"960\" srcset=\"https:\/\/fcmanrique.org\/wp-content\/uploads\/fc-manrique-lidia-romero-actividad-1.jpg 1440w, https:\/\/fcmanrique.org\/wp-content\/uploads\/fc-manrique-lidia-romero-actividad-1-300x200.jpg 300w, https:\/\/fcmanrique.org\/wp-content\/uploads\/fc-manrique-lidia-romero-actividad-1-1024x683.jpg 1024w, https:\/\/fcmanrique.org\/wp-content\/uploads\/fc-manrique-lidia-romero-actividad-1-768x512.jpg 768w, https:\/\/fcmanrique.org\/wp-content\/uploads\/fc-manrique-lidia-romero-actividad-1-289x193.jpg 289w\" sizes=\"auto, (max-width: 1440px) 100vw, 1440px\" \/><\/a><\/p>\n<p>Los bancales son el resultado de la intervenci\u00f3n humana sobre vertientes y\/o cauces para construir superficies llanas donde antes no las hab\u00eda con el fin de cultivar alimentos, principalmente. En ocasiones, se hacen con muros de piedra seca y hay quien los llama los \u201cpaisajes del hambre\u201d, aunque esta definici\u00f3n no incluye la realidad de todos ellos. Romero se\u00f1al\u00f3 que, para hacernos una idea sobre la importancia de los bancales en Canarias, la cantidad de piedra seca que hay en La Gomera tiene el mismo volumen en metros cuadrados que las treinta principales pir\u00e1mides de Egipto.<\/p>\n<p>Los bancales tambi\u00e9n son sistemas socioecol\u00f3gicos complejos. Tienen una relaci\u00f3n directa entre la sociedad y el territorio. Hay una tipolog\u00eda amplia, con muchos tipos de terrazas y variadas denominaciones: bancales de bolsillo, cadenas, nateros, traveseros, etc. Existe una gran cantidad de t\u00e9rminos en todo el mundo, y en Canarias hay hasta 13 nombres diferentes, a los que se suman muchas otras formas de designarlos en cada isla. En cuanto a su antig\u00fcedad y dispersi\u00f3n, existen varios focos, no un \u00fanico origen, pero se remontan a 3.000 a\u00f1os antes de Cristo en algunos lugares, mientras que en Europa, en Italia y Creta, se han llegado a datar en m\u00e1s de 4.000 a\u00f1os.<\/p>\n<p><a href=\"https:\/\/fcmanrique.org\/wp-content\/uploads\/fc-manrique-lidia-romero-actividad-4.jpg\"><img loading=\"lazy\" decoding=\"async\" class=\"alignnone size-full wp-image-27257\" src=\"https:\/\/fcmanrique.org\/wp-content\/uploads\/fc-manrique-lidia-romero-actividad-4.jpg\" alt=\"\" width=\"1440\" height=\"960\" srcset=\"https:\/\/fcmanrique.org\/wp-content\/uploads\/fc-manrique-lidia-romero-actividad-4.jpg 1440w, https:\/\/fcmanrique.org\/wp-content\/uploads\/fc-manrique-lidia-romero-actividad-4-300x200.jpg 300w, https:\/\/fcmanrique.org\/wp-content\/uploads\/fc-manrique-lidia-romero-actividad-4-1024x683.jpg 1024w, https:\/\/fcmanrique.org\/wp-content\/uploads\/fc-manrique-lidia-romero-actividad-4-768x512.jpg 768w, https:\/\/fcmanrique.org\/wp-content\/uploads\/fc-manrique-lidia-romero-actividad-4-289x193.jpg 289w\" sizes=\"auto, (max-width: 1440px) 100vw, 1440px\" \/><\/a><\/p>\n<p>Estos sistemas presentan muchos beneficios. El primero es el aprovisionamiento de alimentos, pero tambi\u00e9n sirven para regular el agua, de muchas maneras diferentes. Son antierosivos, tienen una funci\u00f3n geomorfol\u00f3gica, retienen el suelo y, adem\u00e1s, sirven como cortafuegos contra los incendios. Tienen una inercia, que hace que, aunque est\u00e9n abandonados, sigan sirviendo como contenedores de suelo. Los muros, por otra parte, son aut\u00e9nticos jardines verticales, reservorios de biodiversidad y llevan a cabo servicios ecosist\u00e9micos de resiliencia.<\/p>\n<p>Por otro lado, tambi\u00e9n tienen funciones culturales, son retazos de historia. Para componerlos hace falta tener un gran conocimiento del territorio. Tambi\u00e9n son fuentes de inspiraci\u00f3n para artistas, como escritores poetas, pintores o escultores. Son un patrimonio de todos, un legado, y \u201ctenemos la obligaci\u00f3n de conservarlos\u201d, se\u00f1al\u00f3 Romero.<\/p>\n<p>Son paisajes culturales, algunos a\u00fan vivos, en uso, y otros no. Unos pocos, son sitios hist\u00f3ricos, monumentos o patrimonio inmaterial. En Canarias los hay en todas las islas, al menos \u201cel arte y el oficio de los muros de piedra seca\u201d, aunque no se hayan declarado Bien de Inter\u00e9s Cultural. Existen 119 paisajes culturales en la lista de Patrimonio Mundial de la UNESCO, de los que el 27 por ciento esconde alg\u00fan tipo de bancales. La mayor\u00eda de ellos est\u00e1n en Europa y se encuentran incluidos dentro de la red de Sistemas Importantes del Patrimonio Agr\u00edcola Mundial (SIPAM). De estos, una cuarta parte son aterrazados.<\/p>\n<p><a href=\"https:\/\/fcmanrique.org\/wp-content\/uploads\/fc-manrique-lidia-romero-4.jpg\"><img loading=\"lazy\" decoding=\"async\" class=\"alignnone size-full wp-image-27254\" src=\"https:\/\/fcmanrique.org\/wp-content\/uploads\/fc-manrique-lidia-romero-4.jpg\" alt=\"\" width=\"1440\" height=\"960\" srcset=\"https:\/\/fcmanrique.org\/wp-content\/uploads\/fc-manrique-lidia-romero-4.jpg 1440w, https:\/\/fcmanrique.org\/wp-content\/uploads\/fc-manrique-lidia-romero-4-300x200.jpg 300w, https:\/\/fcmanrique.org\/wp-content\/uploads\/fc-manrique-lidia-romero-4-1024x683.jpg 1024w, https:\/\/fcmanrique.org\/wp-content\/uploads\/fc-manrique-lidia-romero-4-768x512.jpg 768w, https:\/\/fcmanrique.org\/wp-content\/uploads\/fc-manrique-lidia-romero-4-289x193.jpg 289w\" sizes=\"auto, (max-width: 1440px) 100vw, 1440px\" \/><\/a><\/p>\n<p>Las terrazas o bancales poseen valores est\u00e9ticos, tur\u00edsticos, culturales y est\u00e1n muy amenazados por el abandono, por la erosi\u00f3n y por otros usos, como la ganader\u00eda. Tambi\u00e9n est\u00e1n \u201colvidados o ninguneados\u201d. \u201cEn la cartograf\u00eda, los bancales est\u00e1n invisibilizados\u201d, se\u00f1al\u00f3 Romero. En Lanzarote se pueden considerar bancales, en algunos casos, a los enarenados, el jable o las gavias, adem\u00e1s de los nateros o los paredones. As\u00ed como a las vi\u00f1as contenidas en los cr\u00e1teres de volcanes. De 24 edificios volc\u00e1nicos que hay en La Geria, en nueve de ellos hay \u201cbancales de bolsillo\u201d.<\/p>\n<p>Romero explic\u00f3 que existe una gran cantidad de estudios sobre los bancales en Lanzarote, Gran Canaria y La Gomera, y hay propuestas de futuro para realizar proyectos de todo tipo en torno a ellos Son muchos los retos de futuro, matiz\u00f3. A juicio de la ge\u00f3grafa, la reconversi\u00f3n de estos paisajes se podr\u00eda orientar hacia la agricultura regenerativa con soluciones basadas en la naturaleza que sean \u201cnaturales y sostenibles\u201d, o como retenedores de suelo o para adaptarse al cambio clim\u00e1tico como sumideros de carbono. Tambi\u00e9n se pueden destinar para el ecoturismo, que es \u201cuna determinada actitud frente al territorio\u201d y para acercar, en definitiva, a la gente al mundo rural: hacer rutas, huertos urbanos y otro tipo de propuestas, con usos terap\u00e9uticos, de formaci\u00f3n, de reuni\u00f3n, para hacer ferias, estrategias did\u00e1cticas, etc., o iniciativas como \u201cadopta un bancal\u201d. Para Romero, \u201cse puede hacer ciencia ciudadana o conciencia ciudadana\u201d. La ciudadan\u00eda puede protegerlos recopilando datos o proponiendo proyectos para los bancales.<\/p>\n<p><a href=\"https:\/\/fcmanrique.org\/wp-content\/uploads\/fcmanrique-fronteras-y-direcciones-lidia-romero-invitacion.jpg\"><img loading=\"lazy\" decoding=\"async\" class=\"alignnone size-full wp-image-27107\" src=\"https:\/\/fcmanrique.org\/wp-content\/uploads\/fcmanrique-fronteras-y-direcciones-lidia-romero-invitacion.jpg\" alt=\"\" width=\"1200\" height=\"1200\" srcset=\"https:\/\/fcmanrique.org\/wp-content\/uploads\/fcmanrique-fronteras-y-direcciones-lidia-romero-invitacion.jpg 1200w, https:\/\/fcmanrique.org\/wp-content\/uploads\/fcmanrique-fronteras-y-direcciones-lidia-romero-invitacion-300x300.jpg 300w, https:\/\/fcmanrique.org\/wp-content\/uploads\/fcmanrique-fronteras-y-direcciones-lidia-romero-invitacion-1024x1024.jpg 1024w, https:\/\/fcmanrique.org\/wp-content\/uploads\/fcmanrique-fronteras-y-direcciones-lidia-romero-invitacion-150x150.jpg 150w, https:\/\/fcmanrique.org\/wp-content\/uploads\/fcmanrique-fronteras-y-direcciones-lidia-romero-invitacion-768x768.jpg 768w, https:\/\/fcmanrique.org\/wp-content\/uploads\/fcmanrique-fronteras-y-direcciones-lidia-romero-invitacion-246x246.jpg 246w\" sizes=\"auto, (max-width: 1200px) 100vw, 1200px\" \/><\/a><\/p>\n<p><strong>M\u00e1s informaci\u00f3n: <\/strong><a href=\"https:\/\/fcmanrique.org\/wp-content\/uploads\/np-12.25.-Conferencia-Lidia-E.-Romero.pdf\" target=\"_blank\" rel=\"noopener\">Nota de prensa<\/a>&nbsp;<\/p>\n<p><strong>Grabaci\u00f3n de la conferencia:<\/strong>&nbsp;<a href=\"https:\/\/fcmanrique.org\/fcm-video\/conferencia-lidia-e-romero\/\" target=\"_blank\" rel=\"noopener\">Grabaci\u00f3n<\/a><\/p>","protected":false},"featured_media":27252,"parent":0,"template":"","meta":{"_acf_changed":false,"ngg_post_thumbnail":0,"footnotes":""},"actividad_tipo":[34],"actividad_lugar":[49],"actividad_departamento":[31],"actividad_ciclo":[73],"class_list":["post-27250","fcm_actividad","type-fcm_actividad","status-publish","has-post-thumbnail","hentry","actividad_tipo-conferencias","actividad_lugar-lugar-sala-saramago","actividad_departamento-departamento-de-programas-culturales","actividad_ciclo-foro-archipielago"],"acf":[],"_links":{"self":[{"href":"https:\/\/fcmanrique.org\/it\/wp-json\/wp\/v2\/fcm_actividad\/27250","targetHints":{"allow":["GET"]}}],"collection":[{"href":"https:\/\/fcmanrique.org\/it\/wp-json\/wp\/v2\/fcm_actividad"}],"about":[{"href":"https:\/\/fcmanrique.org\/it\/wp-json\/wp\/v2\/types\/fcm_actividad"}],"version-history":[{"count":10,"href":"https:\/\/fcmanrique.org\/it\/wp-json\/wp\/v2\/fcm_actividad\/27250\/revisions"}],"predecessor-version":[{"id":27477,"href":"https:\/\/fcmanrique.org\/it\/wp-json\/wp\/v2\/fcm_actividad\/27250\/revisions\/27477"}],"wp:featuredmedia":[{"embeddable":true,"href":"https:\/\/fcmanrique.org\/it\/wp-json\/wp\/v2\/media\/27252"}],"wp:attachment":[{"href":"https:\/\/fcmanrique.org\/it\/wp-json\/wp\/v2\/media?parent=27250"}],"wp:term":[{"taxonomy":"actividad_tipo","embeddable":true,"href":"https:\/\/fcmanrique.org\/it\/wp-json\/wp\/v2\/actividad_tipo?post=27250"},{"taxonomy":"actividad_lugar","embeddable":true,"href":"https:\/\/fcmanrique.org\/it\/wp-json\/wp\/v2\/actividad_lugar?post=27250"},{"taxonomy":"actividad_departamento","embeddable":true,"href":"https:\/\/fcmanrique.org\/it\/wp-json\/wp\/v2\/actividad_departamento?post=27250"},{"taxonomy":"actividad_ciclo","embeddable":true,"href":"https:\/\/fcmanrique.org\/it\/wp-json\/wp\/v2\/actividad_ciclo?post=27250"}],"curies":[{"name":"wp","href":"https:\/\/api.w.org\/{rel}","templated":true}]}}

<p class="qtranxs-available-languages-message qtranxs-available-languages-message-it">Ci spiace, ma questo articolo è disponibile soltanto in <a href="https://fcmanrique.org/es/wp-json/wp/v2/fcm_actividad/27250" class="qtranxs-available-language-link qtranxs-available-language-link-es" title="ES">ES</a>.</p><p>En 2019, se celebró en Canarias el IV Congreso mundial de la asociación ITLA (Asociación Internacional de Estudiosos de Terrazas), “Territorios de terrazas y bancales: Re-encantar bancales”. Para aquella ocasión, la geógrafa Lidia E. Romero le encargó a su amigo, el verseador Yeray Rodríguez, que compusiera unos versos sobre los bancales, un texto que tituló <em>Asombros, esfuerzo y metáfora</em>, con cuya grabación comenzó la conferencia titulada “Paisajes de bancales: herencia viva y retos de futuro”, impartida por Romero el 9 de octubre en la sala José Saramago de la Fundación César Manrique.</p>
<p><a href="https://fcmanrique.org/wp-content/uploads/fc-manrique-lidia-romero-actividad-1.jpg"><img loading="lazy" decoding="async" class="alignnone size-full wp-image-27251" src="https://fcmanrique.org/wp-content/uploads/fc-manrique-lidia-romero-actividad-1.jpg" alt="" width="1440" height="960" srcset="https://fcmanrique.org/wp-content/uploads/fc-manrique-lidia-romero-actividad-1.jpg 1440w, https://fcmanrique.org/wp-content/uploads/fc-manrique-lidia-romero-actividad-1-300x200.jpg 300w, https://fcmanrique.org/wp-content/uploads/fc-manrique-lidia-romero-actividad-1-1024x683.jpg 1024w, https://fcmanrique.org/wp-content/uploads/fc-manrique-lidia-romero-actividad-1-768x512.jpg 768w, https://fcmanrique.org/wp-content/uploads/fc-manrique-lidia-romero-actividad-1-289x193.jpg 289w" sizes="auto, (max-width: 1440px) 100vw, 1440px" /></a></p>
<p>Los bancales son el resultado de la intervención humana sobre vertientes y/o cauces para construir superficies llanas donde antes no las había con el fin de cultivar alimentos, principalmente. En ocasiones, se hacen con muros de piedra seca y hay quien los llama los “paisajes del hambre”, aunque esta definición no incluye la realidad de todos ellos. Romero señaló que, para hacernos una idea sobre la importancia de los bancales en Canarias, la cantidad de piedra seca que hay en La Gomera tiene el mismo volumen en metros cuadrados que las treinta principales pirámides de Egipto.</p>
<p>Los bancales también son sistemas socioecológicos complejos. Tienen una relación directa entre la sociedad y el territorio. Hay una tipología amplia, con muchos tipos de terrazas y variadas denominaciones: bancales de bolsillo, cadenas, nateros, traveseros, etc. Existe una gran cantidad de términos en todo el mundo, y en Canarias hay hasta 13 nombres diferentes, a los que se suman muchas otras formas de designarlos en cada isla. En cuanto a su antigüedad y dispersión, existen varios focos, no un único origen, pero se remontan a 3.000 años antes de Cristo en algunos lugares, mientras que en Europa, en Italia y Creta, se han llegado a datar en más de 4.000 años.</p>
<p><a href="https://fcmanrique.org/wp-content/uploads/fc-manrique-lidia-romero-actividad-4.jpg"><img loading="lazy" decoding="async" class="alignnone size-full wp-image-27257" src="https://fcmanrique.org/wp-content/uploads/fc-manrique-lidia-romero-actividad-4.jpg" alt="" width="1440" height="960" srcset="https://fcmanrique.org/wp-content/uploads/fc-manrique-lidia-romero-actividad-4.jpg 1440w, https://fcmanrique.org/wp-content/uploads/fc-manrique-lidia-romero-actividad-4-300x200.jpg 300w, https://fcmanrique.org/wp-content/uploads/fc-manrique-lidia-romero-actividad-4-1024x683.jpg 1024w, https://fcmanrique.org/wp-content/uploads/fc-manrique-lidia-romero-actividad-4-768x512.jpg 768w, https://fcmanrique.org/wp-content/uploads/fc-manrique-lidia-romero-actividad-4-289x193.jpg 289w" sizes="auto, (max-width: 1440px) 100vw, 1440px" /></a></p>
<p>Estos sistemas presentan muchos beneficios. El primero es el aprovisionamiento de alimentos, pero también sirven para regular el agua, de muchas maneras diferentes. Son antierosivos, tienen una función geomorfológica, retienen el suelo y, además, sirven como cortafuegos contra los incendios. Tienen una inercia, que hace que, aunque estén abandonados, sigan sirviendo como contenedores de suelo. Los muros, por otra parte, son auténticos jardines verticales, reservorios de biodiversidad y llevan a cabo servicios ecosistémicos de resiliencia.</p>
<p>Por otro lado, también tienen funciones culturales, son retazos de historia. Para componerlos hace falta tener un gran conocimiento del territorio. También son fuentes de inspiración para artistas, como escritores poetas, pintores o escultores. Son un patrimonio de todos, un legado, y “tenemos la obligación de conservarlos”, señaló Romero.</p>
<p>Son paisajes culturales, algunos aún vivos, en uso, y otros no. Unos pocos, son sitios históricos, monumentos o patrimonio inmaterial. En Canarias los hay en todas las islas, al menos “el arte y el oficio de los muros de piedra seca”, aunque no se hayan declarado Bien de Interés Cultural. Existen 119 paisajes culturales en la lista de Patrimonio Mundial de la UNESCO, de los que el 27 por ciento esconde algún tipo de bancales. La mayoría de ellos están en Europa y se encuentran incluidos dentro de la red de Sistemas Importantes del Patrimonio Agrícola Mundial (SIPAM). De estos, una cuarta parte son aterrazados.</p>
<p><a href="https://fcmanrique.org/wp-content/uploads/fc-manrique-lidia-romero-4.jpg"><img loading="lazy" decoding="async" class="alignnone size-full wp-image-27254" src="https://fcmanrique.org/wp-content/uploads/fc-manrique-lidia-romero-4.jpg" alt="" width="1440" height="960" srcset="https://fcmanrique.org/wp-content/uploads/fc-manrique-lidia-romero-4.jpg 1440w, https://fcmanrique.org/wp-content/uploads/fc-manrique-lidia-romero-4-300x200.jpg 300w, https://fcmanrique.org/wp-content/uploads/fc-manrique-lidia-romero-4-1024x683.jpg 1024w, https://fcmanrique.org/wp-content/uploads/fc-manrique-lidia-romero-4-768x512.jpg 768w, https://fcmanrique.org/wp-content/uploads/fc-manrique-lidia-romero-4-289x193.jpg 289w" sizes="auto, (max-width: 1440px) 100vw, 1440px" /></a></p>
<p>Las terrazas o bancales poseen valores estéticos, turísticos, culturales y están muy amenazados por el abandono, por la erosión y por otros usos, como la ganadería. También están “olvidados o ninguneados”. “En la cartografía, los bancales están invisibilizados”, señaló Romero. En Lanzarote se pueden considerar bancales, en algunos casos, a los enarenados, el jable o las gavias, además de los nateros o los paredones. Así como a las viñas contenidas en los cráteres de volcanes. De 24 edificios volcánicos que hay en La Geria, en nueve de ellos hay “bancales de bolsillo”.</p>
<p>Romero explicó que existe una gran cantidad de estudios sobre los bancales en Lanzarote, Gran Canaria y La Gomera, y hay propuestas de futuro para realizar proyectos de todo tipo en torno a ellos Son muchos los retos de futuro, matizó. A juicio de la geógrafa, la reconversión de estos paisajes se podría orientar hacia la agricultura regenerativa con soluciones basadas en la naturaleza que sean “naturales y sostenibles”, o como retenedores de suelo o para adaptarse al cambio climático como sumideros de carbono. También se pueden destinar para el ecoturismo, que es “una determinada actitud frente al territorio” y para acercar, en definitiva, a la gente al mundo rural: hacer rutas, huertos urbanos y otro tipo de propuestas, con usos terapéuticos, de formación, de reunión, para hacer ferias, estrategias didácticas, etc., o iniciativas como “adopta un bancal”. Para Romero, “se puede hacer ciencia ciudadana o conciencia ciudadana”. La ciudadanía puede protegerlos recopilando datos o proponiendo proyectos para los bancales.</p>
<p><a href="https://fcmanrique.org/wp-content/uploads/fcmanrique-fronteras-y-direcciones-lidia-romero-invitacion.jpg"><img loading="lazy" decoding="async" class="alignnone size-full wp-image-27107" src="https://fcmanrique.org/wp-content/uploads/fcmanrique-fronteras-y-direcciones-lidia-romero-invitacion.jpg" alt="" width="1200" height="1200" srcset="https://fcmanrique.org/wp-content/uploads/fcmanrique-fronteras-y-direcciones-lidia-romero-invitacion.jpg 1200w, https://fcmanrique.org/wp-content/uploads/fcmanrique-fronteras-y-direcciones-lidia-romero-invitacion-300x300.jpg 300w, https://fcmanrique.org/wp-content/uploads/fcmanrique-fronteras-y-direcciones-lidia-romero-invitacion-1024x1024.jpg 1024w, https://fcmanrique.org/wp-content/uploads/fcmanrique-fronteras-y-direcciones-lidia-romero-invitacion-150x150.jpg 150w, https://fcmanrique.org/wp-content/uploads/fcmanrique-fronteras-y-direcciones-lidia-romero-invitacion-768x768.jpg 768w, https://fcmanrique.org/wp-content/uploads/fcmanrique-fronteras-y-direcciones-lidia-romero-invitacion-246x246.jpg 246w" sizes="auto, (max-width: 1200px) 100vw, 1200px" /></a></p>
<p><strong>Más información: </strong><a href="https://fcmanrique.org/wp-content/uploads/np-12.25.-Conferencia-Lidia-E.-Romero.pdf" target="_blank" rel="noopener">Nota de prensa</a>&nbsp;</p>
<p><strong>Grabación de la conferencia:</strong>&nbsp;<a href="https://fcmanrique.org/fcm-video/conferencia-lidia-e-romero/" target="_blank" rel="noopener">Grabación</a></p>
