{"id":3463,"date":"2016-06-14T00:00:00","date_gmt":"2016-06-14T00:00:00","guid":{"rendered":"https:\/\/fcmanrique.org\/2016\/06\/14\/presentacion-en-lanzarote-de-la-plataforma-por-un-territorio-sostenible-canarias-no-es-un-solar-no-al-anteproyecto-de-ley-del-suelo\/?lang=es"},"modified":"2018-06-25T14:51:27","modified_gmt":"2018-06-25T14:51:27","slug":"presentacion-en-lanzarote-de-la-plataforma-por-un-territorio-sostenible-canarias-no-es-un-solar-no-al-anteproyecto-de-ley-del-suelo","status":"publish","type":"fcm_actividad","link":"https:\/\/fcmanrique.org\/it\/fcm-actividad\/presentacion-en-lanzarote-de-la-plataforma-por-un-territorio-sostenible-canarias-no-es-un-solar-no-al-anteproyecto-de-ley-del-suelo\/","title":{"rendered":"Presentaci\u00f3n en Lanzarote de la Plataforma <em>Por un territorio sostenible. Canarias no es un solar. No al Anteproyecto de Ley del Suelo<\/em>"},"content":{"rendered":"<p>El pr\u00f3ximo jueves 16 de junio, a las 20.30 h., en un acto que se celebrar\u00e1 en la sede de la Fundaci\u00f3n C\u00e9sar Manrique (Tah\u00edche) se presentar\u00e1 en Lanzarote la Plataforma Por un territorio sostenible. Canarias no es un solar. No al Anteproyecto de Ley del Suelo. Con tal motivo, se ha organizado un coloquio en el que participar\u00e1n cuatro representantes de las organizaciones incluidas en la Plataforma: Faustino Garc\u00eda M\u00e1rquez, ex director de la Agencia Canaria de Desarrollo Sostenible; Eugenio Reyes, de Ben Magec-Ecologistas en Acci\u00f3n; Antonio P\u00e9rez, secretario insular de Comisiones Obreras en Gran Canaria; y Fernando G\u00f3mez Aguilera, Director de la Fundaci\u00f3n C\u00e9sar Manrique.<\/p>\n<p>Desde la Plataforma se invita a las organizaciones sociales, pol\u00edticas y profesionales a participar en el acto y a sumarse a una iniciativa cuyos objetivos son, entre otros, la conservaci\u00f3n y la cohesi\u00f3n del territorio, la calidad de vida y el empleo, adem\u00e1s del rechazo al actual Anteproyecto de Ley del Suelo promovido por el Gobierno de Canarias.<\/p>\n<p>Numerosas organizaciones ecologistas, sociales y culturales de todo el Archipi\u00e9lago, junto a sindicatos, partidos pol\u00edticos y diversas personalidades de la sociedad canaria (en documento adjunto se relacionan los integrantes) han unido esfuerzos en una Plataforma para luchar contra el Anteproyecto de la Ley del Suelo, pedir su retira inmediata, y reclamar un nuevo proceso participativo y legislativo que concluya en una Ley del Territorio (que no del suelo) con ambici\u00f3n de sostenibilidad y futuro en beneficio de Canarias, del conjunto de sus ciudadanos y de las generaciones futuras.<\/p>\n<p>El objetivo de esta Plataforma es informar a la ciudadan\u00eda sobre las consecuencias negativas de este Anteproyecto para la sostenibilidad del territorio en Canarias. Para sus integrantes, el Anteproyecto de la Ley del Suelo debilita la integridad territorial de las Islas y va contra la calidad de vida de los ciudadanos, la productividad agraria, la calidad y cantidad de empleo, la conservaci\u00f3n de los valores naturales y paisaj\u00edsticos del Archipi\u00e9lago y la calidad democr\u00e1tica. Se plantea, adem\u00e1s, que abrir\u00e1 un nuevo ciclo desarrollista, especulativo y de inseguridad jur\u00eddica en el Archipi\u00e9lago.<\/p>\n<p>La uni\u00f3n de sectores tan diversos de la sociedad canaria pone de manifiesto que s\u00ed existe una oposici\u00f3n que considera que Canarias no es un solar y lleva tiempo trabajando en contra de este Anteproyecto de Ley del Suelo, a pesar de que el Gobierno de Canarias asegura no percibir \u201cmuchas posiciones negativas\u201d y de vender la ilusi\u00f3n de la creaci\u00f3n de empleo.<\/p>\n<p>Desde la Plataforma, que reclama la retirada del actual Anteproyecto por haber nacido vac\u00edo de participaci\u00f3n ciudadana y de amplios consensos, se considera que es de m\u00e1xima importancia abrir un proceso de informaci\u00f3n, debate p\u00fablico, concienciaci\u00f3n y movilizaci\u00f3n para luchar contra este negativo Anteproyecto de Ley del Suelo por las alarmas sociales que est\u00e1 generando y por resultar nocivo para las Islas, desmotando definitivamente la cultura del territorio que se hab\u00eda acumulado en los \u00faltimos lustros.<\/p>\n<div class=\"materiales-title\">Materiales<\/div>\n<p><a class=\"materiales-obj\" href=\"\/recursos\/noticia\/575ff638np06-16 presentacion plataforma ley suelo sin adhesioness.pdf\">Nota de prensa<\/a><\/p>\n<p><a class=\"materiales-obj\" href=\"\/recursos\/noticia\/575ff4dcsuscriptores de la plataforma.pdf\">Suscriptores de la Plataforma el 14 de junio<\/a><\/p>","protected":false},"featured_media":3464,"parent":0,"template":"","meta":{"_acf_changed":false,"ngg_post_thumbnail":0,"footnotes":""},"actividad_tipo":[37],"actividad_lugar":[],"actividad_departamento":[],"actividad_ciclo":[],"class_list":["post-3463","fcm_actividad","type-fcm_actividad","status-publish","has-post-thumbnail","hentry","actividad_tipo-otras-actividades"],"acf":[],"_links":{"self":[{"href":"https:\/\/fcmanrique.org\/it\/wp-json\/wp\/v2\/fcm_actividad\/3463","targetHints":{"allow":["GET"]}}],"collection":[{"href":"https:\/\/fcmanrique.org\/it\/wp-json\/wp\/v2\/fcm_actividad"}],"about":[{"href":"https:\/\/fcmanrique.org\/it\/wp-json\/wp\/v2\/types\/fcm_actividad"}],"version-history":[{"count":8,"href":"https:\/\/fcmanrique.org\/it\/wp-json\/wp\/v2\/fcm_actividad\/3463\/revisions"}],"predecessor-version":[{"id":17285,"href":"https:\/\/fcmanrique.org\/it\/wp-json\/wp\/v2\/fcm_actividad\/3463\/revisions\/17285"}],"wp:featuredmedia":[{"embeddable":true,"href":"https:\/\/fcmanrique.org\/it\/wp-json\/wp\/v2\/media\/3464"}],"wp:attachment":[{"href":"https:\/\/fcmanrique.org\/it\/wp-json\/wp\/v2\/media?parent=3463"}],"wp:term":[{"taxonomy":"actividad_tipo","embeddable":true,"href":"https:\/\/fcmanrique.org\/it\/wp-json\/wp\/v2\/actividad_tipo?post=3463"},{"taxonomy":"actividad_lugar","embeddable":true,"href":"https:\/\/fcmanrique.org\/it\/wp-json\/wp\/v2\/actividad_lugar?post=3463"},{"taxonomy":"actividad_departamento","embeddable":true,"href":"https:\/\/fcmanrique.org\/it\/wp-json\/wp\/v2\/actividad_departamento?post=3463"},{"taxonomy":"actividad_ciclo","embeddable":true,"href":"https:\/\/fcmanrique.org\/it\/wp-json\/wp\/v2\/actividad_ciclo?post=3463"}],"curies":[{"name":"wp","href":"https:\/\/api.w.org\/{rel}","templated":true}]}}

Presentación en Lanzarote de la Plataforma <em>Por un territorio sostenible. Canarias no es un solar. No al Anteproyecto de Ley del Suelo</em>

<p>El próximo jueves 16 de junio, a las 20.30 h., en un acto que se celebrará en la sede de la Fundación César Manrique (Tahíche) se presentará en Lanzarote la Plataforma Por un territorio sostenible. Canarias no es un solar. No al Anteproyecto de Ley del Suelo. Con tal motivo, se ha organizado un coloquio en el que participarán cuatro representantes de las organizaciones incluidas en la Plataforma: Faustino García Márquez, ex director de la Agencia Canaria de Desarrollo Sostenible; Eugenio Reyes, de Ben Magec-Ecologistas en Acción; Antonio Pérez, secretario insular de Comisiones Obreras en Gran Canaria; y Fernando Gómez Aguilera, Director de la Fundación César Manrique.</p>
<p>Desde la Plataforma se invita a las organizaciones sociales, políticas y profesionales a participar en el acto y a sumarse a una iniciativa cuyos objetivos son, entre otros, la conservación y la cohesión del territorio, la calidad de vida y el empleo, además del rechazo al actual Anteproyecto de Ley del Suelo promovido por el Gobierno de Canarias.</p>
<p>Numerosas organizaciones ecologistas, sociales y culturales de todo el Archipiélago, junto a sindicatos, partidos políticos y diversas personalidades de la sociedad canaria (en documento adjunto se relacionan los integrantes) han unido esfuerzos en una Plataforma para luchar contra el Anteproyecto de la Ley del Suelo, pedir su retira inmediata, y reclamar un nuevo proceso participativo y legislativo que concluya en una Ley del Territorio (que no del suelo) con ambición de sostenibilidad y futuro en beneficio de Canarias, del conjunto de sus ciudadanos y de las generaciones futuras.</p>
<p>El objetivo de esta Plataforma es informar a la ciudadanía sobre las consecuencias negativas de este Anteproyecto para la sostenibilidad del territorio en Canarias. Para sus integrantes, el Anteproyecto de la Ley del Suelo debilita la integridad territorial de las Islas y va contra la calidad de vida de los ciudadanos, la productividad agraria, la calidad y cantidad de empleo, la conservación de los valores naturales y paisajísticos del Archipiélago y la calidad democrática. Se plantea, además, que abrirá un nuevo ciclo desarrollista, especulativo y de inseguridad jurídica en el Archipiélago.</p>
<p>La unión de sectores tan diversos de la sociedad canaria pone de manifiesto que sí existe una oposición que considera que Canarias no es un solar y lleva tiempo trabajando en contra de este Anteproyecto de Ley del Suelo, a pesar de que el Gobierno de Canarias asegura no percibir “muchas posiciones negativas” y de vender la ilusión de la creación de empleo.</p>
<p>Desde la Plataforma, que reclama la retirada del actual Anteproyecto por haber nacido vacío de participación ciudadana y de amplios consensos, se considera que es de máxima importancia abrir un proceso de información, debate público, concienciación y movilización para luchar contra este negativo Anteproyecto de Ley del Suelo por las alarmas sociales que está generando y por resultar nocivo para las Islas, desmotando definitivamente la cultura del territorio que se había acumulado en los últimos lustros.</p>
<div class="materiales-title">Materiales</div>
<p><a class="materiales-obj" href="/recursos/noticia/575ff638np06-16 presentacion plataforma ley suelo sin adhesioness.pdf">Nota de prensa</a></p>
<p><a class="materiales-obj" href="/recursos/noticia/575ff4dcsuscriptores de la plataforma.pdf">Suscriptores de la Plataforma el 14 de junio</a></p>
