{"id":4675,"date":"2017-10-09T10:57:09","date_gmt":"2017-10-09T10:57:09","guid":{"rendered":"https:\/\/fcmanrique.org\/?p=4675"},"modified":"2022-10-19T13:59:35","modified_gmt":"2022-10-19T13:59:35","slug":"festival-de-cine-medioambiental-en-la-sala-jose-saramago","status":"publish","type":"fcm_actividad","link":"https:\/\/fcmanrique.org\/it\/fcm-actividad\/festival-de-cine-medioambiental-en-la-sala-jose-saramago\/","title":{"rendered":"Festival de Cine Medioambiental en la Sala Jos\u00e9 Saramago"},"content":{"rendered":"<p>Los d\u00edas 4, 5 y 6 de octubre, en la Sala Jos\u00e9 Saramago de la FCM se proyectaron cuatro largometrajes y una selecci\u00f3n de cortometrajes que hab\u00edan sido presentados previamente en la sede de Tenerife con motivo del&nbsp;19\u00ba Festival Internacional de Cine Medioambiental de Canarias (FICMEC).<\/p>\n<p>Adem\u00e1s, hubo 4 sesiones de ma\u00f1ana en las que se trabajaba con los colegios que quisieron participar en la actividad.<\/p>\n<p>Programa FICMEC en Lanzarote &#8211; portada. PDF:<\/p>\n<p><a href=\"https:\/\/fcmanrique.org\/wp-content\/uploads\/fc-manrique-programa-ficmec-sala-saramago-portada.pdf\">fc-manrique-programa-ficmec-sala-saramago-portada<\/a><\/p>\n<p>Programa FICMEC en Lanzarote. PDF:<\/p>\n<p><a href=\"https:\/\/fcmanrique.org\/wp-content\/uploads\/fc-manrique-programa-ficmec-sala-saramago-programa.pdf\">fc-manrique-programa-ficmec-sala-saramago-programa<\/a><\/p>\n<p>Nota de prensa en PDF:<\/p>\n<p><a href=\"https:\/\/fcmanrique.org\/wp-content\/uploads\/fc-manrique-cine-medioambiental-ficmec.pdf\">fc-manrique-cine-medioambiental-ficmec<\/a><\/p>\n<p><a href=\"https:\/\/fcmanrique.org\/wp-content\/uploads\/fc-manrique-inv-digital-cine-ficmec-m.jpg\"><img loading=\"lazy\" decoding=\"async\" class=\"alignnone wp-image-4663\" src=\"https:\/\/fcmanrique.org\/wp-content\/uploads\/fc-manrique-inv-digital-cine-ficmec-m.jpg\" alt=\"\" width=\"591\" height=\"392\" srcset=\"https:\/\/fcmanrique.org\/wp-content\/uploads\/fc-manrique-inv-digital-cine-ficmec-m.jpg 3513w, https:\/\/fcmanrique.org\/wp-content\/uploads\/fc-manrique-inv-digital-cine-ficmec-m-300x199.jpg 300w, https:\/\/fcmanrique.org\/wp-content\/uploads\/fc-manrique-inv-digital-cine-ficmec-m-768x509.jpg 768w, https:\/\/fcmanrique.org\/wp-content\/uploads\/fc-manrique-inv-digital-cine-ficmec-m-1024x679.jpg 1024w\" sizes=\"auto, (max-width: 591px) 100vw, 591px\" \/><\/a><\/p>\n<p>&nbsp;<\/p>\n<p><a href=\"https:\/\/fcmanrique.org\/wp-content\/uploads\/fc-manrique-ficmec-01.jpg\"><img loading=\"lazy\" decoding=\"async\" class=\"alignnone wp-image-4685\" src=\"https:\/\/fcmanrique.org\/wp-content\/uploads\/fc-manrique-ficmec-01.jpg\" alt=\"\" width=\"344\" height=\"219\" srcset=\"https:\/\/fcmanrique.org\/wp-content\/uploads\/fc-manrique-ficmec-01.jpg 2126w, https:\/\/fcmanrique.org\/wp-content\/uploads\/fc-manrique-ficmec-01-300x191.jpg 300w, https:\/\/fcmanrique.org\/wp-content\/uploads\/fc-manrique-ficmec-01-768x488.jpg 768w, https:\/\/fcmanrique.org\/wp-content\/uploads\/fc-manrique-ficmec-01-1024x651.jpg 1024w\" sizes=\"auto, (max-width: 344px) 100vw, 344px\" \/><\/a>&nbsp;<a href=\"https:\/\/fcmanrique.org\/wp-content\/uploads\/fc-manrique-ficmec-02.jpg\"><img loading=\"lazy\" decoding=\"async\" class=\"alignnone wp-image-4686\" src=\"https:\/\/fcmanrique.org\/wp-content\/uploads\/fc-manrique-ficmec-02.jpg\" alt=\"\" width=\"313\" height=\"208\" srcset=\"https:\/\/fcmanrique.org\/wp-content\/uploads\/fc-manrique-ficmec-02.jpg 2126w, https:\/\/fcmanrique.org\/wp-content\/uploads\/fc-manrique-ficmec-02-300x200.jpg 300w, https:\/\/fcmanrique.org\/wp-content\/uploads\/fc-manrique-ficmec-02-768x511.jpg 768w, https:\/\/fcmanrique.org\/wp-content\/uploads\/fc-manrique-ficmec-02-1024x682.jpg 1024w\" sizes=\"auto, (max-width: 313px) 100vw, 313px\" \/><\/a>&nbsp; &nbsp;<a href=\"https:\/\/fcmanrique.org\/wp-content\/uploads\/fc-manrique-ficmec-03.jpg\"><img loading=\"lazy\" decoding=\"async\" class=\"alignnone wp-image-4687\" src=\"https:\/\/fcmanrique.org\/wp-content\/uploads\/fc-manrique-ficmec-03.jpg\" alt=\"\" width=\"316\" height=\"237\" srcset=\"https:\/\/fcmanrique.org\/wp-content\/uploads\/fc-manrique-ficmec-03.jpg 2560w, https:\/\/fcmanrique.org\/wp-content\/uploads\/fc-manrique-ficmec-03-300x225.jpg 300w, https:\/\/fcmanrique.org\/wp-content\/uploads\/fc-manrique-ficmec-03-768x576.jpg 768w, https:\/\/fcmanrique.org\/wp-content\/uploads\/fc-manrique-ficmec-03-1024x768.jpg 1024w\" sizes=\"auto, (max-width: 316px) 100vw, 316px\" \/><\/a><\/p>\n<p>&nbsp;<\/p>\n<p>&nbsp;<\/p>","protected":false},"featured_media":4663,"parent":0,"template":"","meta":{"_acf_changed":false,"ngg_post_thumbnail":0,"footnotes":""},"actividad_tipo":[37],"actividad_lugar":[],"actividad_departamento":[],"actividad_ciclo":[],"class_list":["post-4675","fcm_actividad","type-fcm_actividad","status-publish","has-post-thumbnail","hentry","actividad_tipo-otras-actividades"],"acf":[],"_links":{"self":[{"href":"https:\/\/fcmanrique.org\/it\/wp-json\/wp\/v2\/fcm_actividad\/4675","targetHints":{"allow":["GET"]}}],"collection":[{"href":"https:\/\/fcmanrique.org\/it\/wp-json\/wp\/v2\/fcm_actividad"}],"about":[{"href":"https:\/\/fcmanrique.org\/it\/wp-json\/wp\/v2\/types\/fcm_actividad"}],"version-history":[{"count":8,"href":"https:\/\/fcmanrique.org\/it\/wp-json\/wp\/v2\/fcm_actividad\/4675\/revisions"}],"predecessor-version":[{"id":23194,"href":"https:\/\/fcmanrique.org\/it\/wp-json\/wp\/v2\/fcm_actividad\/4675\/revisions\/23194"}],"wp:featuredmedia":[{"embeddable":true,"href":"https:\/\/fcmanrique.org\/it\/wp-json\/wp\/v2\/media\/4663"}],"wp:attachment":[{"href":"https:\/\/fcmanrique.org\/it\/wp-json\/wp\/v2\/media?parent=4675"}],"wp:term":[{"taxonomy":"actividad_tipo","embeddable":true,"href":"https:\/\/fcmanrique.org\/it\/wp-json\/wp\/v2\/actividad_tipo?post=4675"},{"taxonomy":"actividad_lugar","embeddable":true,"href":"https:\/\/fcmanrique.org\/it\/wp-json\/wp\/v2\/actividad_lugar?post=4675"},{"taxonomy":"actividad_departamento","embeddable":true,"href":"https:\/\/fcmanrique.org\/it\/wp-json\/wp\/v2\/actividad_departamento?post=4675"},{"taxonomy":"actividad_ciclo","embeddable":true,"href":"https:\/\/fcmanrique.org\/it\/wp-json\/wp\/v2\/actividad_ciclo?post=4675"}],"curies":[{"name":"wp","href":"https:\/\/api.w.org\/{rel}","templated":true}]}}

Festival de Cine Medioambiental en la Sala José Saramago

<p>Los días 4, 5 y 6 de octubre, en la Sala José Saramago de la FCM se proyectaron cuatro largometrajes y una selección de cortometrajes que habían sido presentados previamente en la sede de Tenerife con motivo del&nbsp;19º Festival Internacional de Cine Medioambiental de Canarias (FICMEC).</p>
<p>Además, hubo 4 sesiones de mañana en las que se trabajaba con los colegios que quisieron participar en la actividad.</p>
<p>Programa FICMEC en Lanzarote &#8211; portada. PDF:</p>
<p><a href="https://fcmanrique.org/wp-content/uploads/fc-manrique-programa-ficmec-sala-saramago-portada.pdf">fc-manrique-programa-ficmec-sala-saramago-portada</a></p>
<p>Programa FICMEC en Lanzarote. PDF:</p>
<p><a href="https://fcmanrique.org/wp-content/uploads/fc-manrique-programa-ficmec-sala-saramago-programa.pdf">fc-manrique-programa-ficmec-sala-saramago-programa</a></p>
<p>Nota de prensa en PDF:</p>
<p><a href="https://fcmanrique.org/wp-content/uploads/fc-manrique-cine-medioambiental-ficmec.pdf">fc-manrique-cine-medioambiental-ficmec</a></p>
<p><a href="https://fcmanrique.org/wp-content/uploads/fc-manrique-inv-digital-cine-ficmec-m.jpg"><img loading="lazy" decoding="async" class="alignnone wp-image-4663" src="https://fcmanrique.org/wp-content/uploads/fc-manrique-inv-digital-cine-ficmec-m.jpg" alt="" width="591" height="392" srcset="https://fcmanrique.org/wp-content/uploads/fc-manrique-inv-digital-cine-ficmec-m.jpg 3513w, https://fcmanrique.org/wp-content/uploads/fc-manrique-inv-digital-cine-ficmec-m-300x199.jpg 300w, https://fcmanrique.org/wp-content/uploads/fc-manrique-inv-digital-cine-ficmec-m-768x509.jpg 768w, https://fcmanrique.org/wp-content/uploads/fc-manrique-inv-digital-cine-ficmec-m-1024x679.jpg 1024w" sizes="auto, (max-width: 591px) 100vw, 591px" /></a></p>
<p>&nbsp;</p>
<p><a href="https://fcmanrique.org/wp-content/uploads/fc-manrique-ficmec-01.jpg"><img loading="lazy" decoding="async" class="alignnone wp-image-4685" src="https://fcmanrique.org/wp-content/uploads/fc-manrique-ficmec-01.jpg" alt="" width="344" height="219" srcset="https://fcmanrique.org/wp-content/uploads/fc-manrique-ficmec-01.jpg 2126w, https://fcmanrique.org/wp-content/uploads/fc-manrique-ficmec-01-300x191.jpg 300w, https://fcmanrique.org/wp-content/uploads/fc-manrique-ficmec-01-768x488.jpg 768w, https://fcmanrique.org/wp-content/uploads/fc-manrique-ficmec-01-1024x651.jpg 1024w" sizes="auto, (max-width: 344px) 100vw, 344px" /></a>&nbsp;<a href="https://fcmanrique.org/wp-content/uploads/fc-manrique-ficmec-02.jpg"><img loading="lazy" decoding="async" class="alignnone wp-image-4686" src="https://fcmanrique.org/wp-content/uploads/fc-manrique-ficmec-02.jpg" alt="" width="313" height="208" srcset="https://fcmanrique.org/wp-content/uploads/fc-manrique-ficmec-02.jpg 2126w, https://fcmanrique.org/wp-content/uploads/fc-manrique-ficmec-02-300x200.jpg 300w, https://fcmanrique.org/wp-content/uploads/fc-manrique-ficmec-02-768x511.jpg 768w, https://fcmanrique.org/wp-content/uploads/fc-manrique-ficmec-02-1024x682.jpg 1024w" sizes="auto, (max-width: 313px) 100vw, 313px" /></a>&nbsp; &nbsp;<a href="https://fcmanrique.org/wp-content/uploads/fc-manrique-ficmec-03.jpg"><img loading="lazy" decoding="async" class="alignnone wp-image-4687" src="https://fcmanrique.org/wp-content/uploads/fc-manrique-ficmec-03.jpg" alt="" width="316" height="237" srcset="https://fcmanrique.org/wp-content/uploads/fc-manrique-ficmec-03.jpg 2560w, https://fcmanrique.org/wp-content/uploads/fc-manrique-ficmec-03-300x225.jpg 300w, https://fcmanrique.org/wp-content/uploads/fc-manrique-ficmec-03-768x576.jpg 768w, https://fcmanrique.org/wp-content/uploads/fc-manrique-ficmec-03-1024x768.jpg 1024w" sizes="auto, (max-width: 316px) 100vw, 316px" /></a></p>
<p>&nbsp;</p>
<p>&nbsp;</p>
