{"id":4840,"date":"2017-12-15T15:32:10","date_gmt":"2017-12-15T15:32:10","guid":{"rendered":"https:\/\/fcmanrique.org\/?p=4840"},"modified":"2023-12-14T15:20:03","modified_gmt":"2023-12-14T15:20:03","slug":"fernandez-palacios-la-laurisilva-es-el-ecosistema-mas-importante-de-canarias","status":"publish","type":"fcm_actividad","link":"https:\/\/fcmanrique.org\/it\/fcm-actividad\/fernandez-palacios-la-laurisilva-es-el-ecosistema-mas-importante-de-canarias\/","title":{"rendered":"Fern\u00e1ndez-Palacios: \u201cLa laurisilva es el ecosistema m\u00e1s importante de Canarias\u201d"},"content":{"rendered":"<p>El catedr\u00e1tico de Ecolog\u00eda present\u00f3&nbsp;<em>La Laurisilva. Canarias, Madeira y Azores, <\/em>un libro que recoge \u201ctodo lo que conoce la ciencia sobre la laurisilva\u201d.<\/p>\n<p>El catedr\u00e1tico de Ecolog\u00eda de la Universidad de La Laguna, Jos\u00e9 Mar\u00eda Fern\u00e1ndez-Palacios, record\u00f3, al comienzo de la presentaci\u00f3n en la sala Jos\u00e9 Saramago, el d\u00eda 14 de diciembre, su \u201clarga relaci\u00f3n\u201d con la Fundaci\u00f3n C\u00e9sar Manrique, ya que en 1994 present\u00f3 en Taro de Tah\u00edche su primer libro <em>Canarias: econom\u00eda, ecolog\u00eda y medio ambiente<\/em>. En esta ocasi\u00f3n, lleg\u00f3 para presentar:<em> La Laurisilva. Canarias, Madeira y Azores.<\/em><\/p>\n<p><a href=\"https:\/\/fcmanrique.org\/wp-content\/uploads\/fc-manrique-fernandez-palacios-laurisilva-3.jpg\"><img loading=\"lazy\" decoding=\"async\" class=\"wp-image-4841 aligncenter\" src=\"https:\/\/fcmanrique.org\/wp-content\/uploads\/fc-manrique-fernandez-palacios-laurisilva-3.jpg\" alt=\"\" width=\"501\" height=\"343\" srcset=\"https:\/\/fcmanrique.org\/wp-content\/uploads\/fc-manrique-fernandez-palacios-laurisilva-3.jpg 2126w, https:\/\/fcmanrique.org\/wp-content\/uploads\/fc-manrique-fernandez-palacios-laurisilva-3-300x206.jpg 300w, https:\/\/fcmanrique.org\/wp-content\/uploads\/fc-manrique-fernandez-palacios-laurisilva-3-768x526.jpg 768w, https:\/\/fcmanrique.org\/wp-content\/uploads\/fc-manrique-fernandez-palacios-laurisilva-3-1024x702.jpg 1024w\" sizes=\"auto, (max-width: 501px) 100vw, 501px\" \/><\/a><\/p>\n<p>&nbsp;<\/p>\n<p>Despu\u00e9s de pasar el cap\u00edtulo de agradecimientos, el coordinador del libro se\u00f1al\u00f3 que en Lanzarote no hay laurisilva pero que s\u00ed la hubo hace m\u00e1s de diez millones de a\u00f1os, cuando el risco de Famara med\u00eda m\u00e1s de 2.000 metros de altura. La laurisilva es un ecosistema de la Era Terciaria que se extend\u00eda por Europa cuando no exist\u00eda el mar Mediterr\u00e1neo pero s\u00ed el Mar de Tetis. Despu\u00e9s, al llegar los hielos de la Era Cuaternaria, desapareci\u00f3 de Europa pero sigui\u00f3 \u201cencontrando cobijo\u201d en Canarias, Madeira y Azores: \u201cLa laurisilva es el ecosistema m\u00e1s importante de Canarias\u201d, se\u00f1al\u00f3 Fern\u00e1ndez-Palacios.<\/p>\n<p>Sobre el objetivo del libro, dijo que es el de rellenar el vac\u00edo existente en cuanto a divulgaci\u00f3n de este tipo de bosques \u201cporque lo que sabemos cient\u00edficamente s\u00ed est\u00e1 en revistas especializadas y en ingl\u00e9s, pero no al alcance de la calle\u201d. Fern\u00e1ndez-Palacios pertenece al grupo de investigaci\u00f3n de ecolog\u00eda y biogeograf\u00eda insular de la Universidad de La Laguna: \u201cNos motiva \u2014asegur\u00f3\u2014 ofrecer divulgaci\u00f3n cient\u00edfica de calidad. Investigamos porque hay ciudadanos que pagan impuestos, y tenemos la obligaci\u00f3n de devolver un retorno de conocimiento a la sociedad\u201d.<\/p>\n<p><a href=\"https:\/\/fcmanrique.org\/wp-content\/uploads\/fc-manrique-fernandez-palacios-laurisilva-2.jpg\"><img loading=\"lazy\" decoding=\"async\" class=\"wp-image-4842 aligncenter\" src=\"https:\/\/fcmanrique.org\/wp-content\/uploads\/fc-manrique-fernandez-palacios-laurisilva-2.jpg\" alt=\"\" width=\"582\" height=\"380\" srcset=\"https:\/\/fcmanrique.org\/wp-content\/uploads\/fc-manrique-fernandez-palacios-laurisilva-2.jpg 2126w, https:\/\/fcmanrique.org\/wp-content\/uploads\/fc-manrique-fernandez-palacios-laurisilva-2-300x196.jpg 300w, https:\/\/fcmanrique.org\/wp-content\/uploads\/fc-manrique-fernandez-palacios-laurisilva-2-768x501.jpg 768w, https:\/\/fcmanrique.org\/wp-content\/uploads\/fc-manrique-fernandez-palacios-laurisilva-2-1024x669.jpg 1024w\" sizes=\"auto, (max-width: 582px) 100vw, 582px\" \/><\/a><\/p>\n<p><em>La Laurisilva. Canarias, Madeira y Azores <\/em>tiene 420 p\u00e1ginas, 200 fotos, 30 cuadros, mapas y gr\u00e1ficas y 13 cap\u00edtulos. Recopila \u201ctodo lo que conoce la ciencia sobre la laurisilva\u201d e incluye citas de este mismo a\u00f1o. Se est\u00e1 preparando la versi\u00f3n en ingl\u00e9s. Est\u00e1 editado por Macaronesia Editorial, una \u201ceditorial familiar\u201d que busca ofrecer libros que no s\u00f3lo tengan \u201ctextos cuidados\u201d de divulgaci\u00f3n cient\u00edfica de la Macaronesia (Azores, Madeira, Salvajes, Canarias y Cabo Verde) sino un dise\u00f1o bonito y elementos gr\u00e1ficos. La editorial ya est\u00e1 trabajando en un nuevo proyecto, una gu\u00eda de campo de \u00e1rboles y arbustos de la Macaronesia.<\/p>\n<p>En el libro participan profesores especializados en bot\u00e1nica, zoolog\u00eda, ecolog\u00eda, geograf\u00eda e ingenier\u00eda de montes de la ULL, de la Universidad de Las Palmas, La Laguna, Madeira y Azores, adem\u00e1s de un profesor de la Universidad Pablo de Olavide de Sevilla. Los autores son Jos\u00e9 Ram\u00f3n Ar\u00e9valo, Rub\u00e9n Barone, Eduardo Balguer\u00edas, Lea de Nascimento, Juan Domingo Delgado, Rui Miguel Bento El\u00edas, Silvia Fern\u00e1ndez-Lugo, Javier R. M\u00e9ndez, Agust\u00edn Naranjo Cigala, Miguel Menezes de Sequeira y R\u00fcdiger Otto.<\/p>\n<p>El coordinador del libro describi\u00f3 los cap\u00edtulos uno por uno. El primero repasa el concepto de Macaronesia: \u201cYo soy nacionalista macaron\u00e9sico\u201d, se\u00f1al\u00f3 Fern\u00e1ndez-Palacios. El segundo, la historia de la laurisilva; el tercero, la laurisilva en el resto del mundo, que se extiende a lugares como Jap\u00f3n, el Sur de China, la vertiente india del Himalaya, los Apalaches, una parte de M\u00e9xico, Brasil, Argentina, Chile, Sud\u00e1frica, Australia y Nueva Zelanda, y se distribuye siempre en lugares con influencia oce\u00e1nica. El cuarto cap\u00edtulo ya se centra en la laurisilva de la Macaronesia, muy parecida en Canarias y Madeira y algo diferente en Azores. El mar de nubes ocupa otro cap\u00edtulo porque es el elemento que permite la existencia de laurisilva \u201cen una zona de veranos secos e inviernos h\u00famedos\u201d. \u201cSi no fuera por el mar de nubes no habr\u00eda laurisilva\u201d.<\/p>\n<p><a href=\"https:\/\/fcmanrique.org\/wp-content\/uploads\/fc-manrique-fernandez-palacios-laurisilva-1.jpg\"><img loading=\"lazy\" decoding=\"async\" class=\"wp-image-4843 aligncenter\" src=\"https:\/\/fcmanrique.org\/wp-content\/uploads\/fc-manrique-fernandez-palacios-laurisilva-1.jpg\" alt=\"\" width=\"589\" height=\"404\" srcset=\"https:\/\/fcmanrique.org\/wp-content\/uploads\/fc-manrique-fernandez-palacios-laurisilva-1.jpg 2126w, https:\/\/fcmanrique.org\/wp-content\/uploads\/fc-manrique-fernandez-palacios-laurisilva-1-300x206.jpg 300w, https:\/\/fcmanrique.org\/wp-content\/uploads\/fc-manrique-fernandez-palacios-laurisilva-1-768x527.jpg 768w, https:\/\/fcmanrique.org\/wp-content\/uploads\/fc-manrique-fernandez-palacios-laurisilva-1-1024x703.jpg 1024w\" sizes=\"auto, (max-width: 589px) 100vw, 589px\" \/><\/a><\/p>\n<p>Los dos siguientes cap\u00edtulos est\u00e1n dedicados a la flora y la fauna. En el primer caso, desde los paleoendemismos al resto de especies arb\u00f3reas, con una gran diversidad, hasta los helechos, musgos, l\u00edquenes y hongos. En el cap\u00edtulo de la fauna se describen las aves, mam\u00edferos y reptiles, pero sobre todo \u201cla riqueza la proporcionan los invertebrados\u201d: moluscos y artr\u00f3podos. El octavo cap\u00edtulo est\u00e1 dedicado a la ecolog\u00eda, a la regeneraci\u00f3n del bosque y a entender el funcionamiento de la laurisilva. El noveno, a la din\u00e1mica forestal; el d\u00e9cimo al impacto que producen los humanos, tanto los abor\u00edgenes como los europeos, su agricultura, su ganader\u00eda y su urbanismo. El estado de conservaci\u00f3n del medio natural, las estrategias y las especies amenazadas ocupan el cap\u00edtulo once, y los dos \u00faltimos cap\u00edtulos se ocupan de mostrar las referencias (m\u00e1s de 500 citas) y una clave identificativa para conocer los \u00e1rboles. Cada cap\u00edtulo tiene su propio color de referencia y cada uno est\u00e1 se\u00f1alado con la forma de la hoja de un \u00e1rbol presente en la laurisilva.<\/p>\n<p>Fern\u00e1ndez-Palacios termin\u00f3 se\u00f1alando c\u00f3mo puede afectar el cambio clim\u00e1tico (o cambio global, \u201cporque el clima es s\u00f3lo un aspecto del cambio\u201d) a la laurisilva. Dijo que hay tres modelos de futuro: uno, en el que el mar de nubes desciende en altura, que ser\u00eda un problema porque las zonas ya est\u00e1n antropizadas; otro, en el que asciende, que ser\u00eda menos problem\u00e1tico ya que hay normalmente zonas de pinar que pueden ser colonizadas por la laurisilva; y un tercero, en el que el mar de nubes se disipa, que podr\u00eda provocar la desaparici\u00f3n del ecosistema. \u201cSi este modelo fuera el que se cumpliera finalmente, la laurisilva tiene fecha de caducidad\u201d, asegur\u00f3.<\/p>\n<p><a href=\"https:\/\/fcmanrique.org\/wp-content\/uploads\/fc-manrique-jose-maria-fernandez-palacios-laurisilva.jpg\"><img loading=\"lazy\" decoding=\"async\" class=\"wp-image-4820 aligncenter\" src=\"https:\/\/fcmanrique.org\/wp-content\/uploads\/fc-manrique-jose-maria-fernandez-palacios-laurisilva.jpg\" alt=\"\" width=\"602\" height=\"401\" srcset=\"https:\/\/fcmanrique.org\/wp-content\/uploads\/fc-manrique-jose-maria-fernandez-palacios-laurisilva.jpg 1181w, https:\/\/fcmanrique.org\/wp-content\/uploads\/fc-manrique-jose-maria-fernandez-palacios-laurisilva-300x200.jpg 300w, https:\/\/fcmanrique.org\/wp-content\/uploads\/fc-manrique-jose-maria-fernandez-palacios-laurisilva-768x512.jpg 768w, https:\/\/fcmanrique.org\/wp-content\/uploads\/fc-manrique-jose-maria-fernandez-palacios-laurisilva-1024x682.jpg 1024w\" sizes=\"auto, (max-width: 602px) 100vw, 602px\" \/><\/a><\/p>\n<p>Nota de prensa en PDF:<\/p>\n<p><a href=\"https:\/\/fcmanrique.org\/wp-content\/uploads\/fc-manrique-presentacion-libro-la-laurisilva.pdf\">fc-manrique-presentacion-libro-la-laurisilva<\/a><\/p>\n<p>&nbsp;<\/p>","protected":false},"featured_media":4843,"parent":0,"template":"","meta":{"_acf_changed":false,"ngg_post_thumbnail":0,"footnotes":""},"actividad_tipo":[36],"actividad_lugar":[],"actividad_departamento":[],"actividad_ciclo":[],"class_list":["post-4840","fcm_actividad","type-fcm_actividad","status-publish","has-post-thumbnail","hentry","actividad_tipo-presentacion-libros"],"acf":[],"_links":{"self":[{"href":"https:\/\/fcmanrique.org\/it\/wp-json\/wp\/v2\/fcm_actividad\/4840","targetHints":{"allow":["GET"]}}],"collection":[{"href":"https:\/\/fcmanrique.org\/it\/wp-json\/wp\/v2\/fcm_actividad"}],"about":[{"href":"https:\/\/fcmanrique.org\/it\/wp-json\/wp\/v2\/types\/fcm_actividad"}],"version-history":[{"count":5,"href":"https:\/\/fcmanrique.org\/it\/wp-json\/wp\/v2\/fcm_actividad\/4840\/revisions"}],"predecessor-version":[{"id":24870,"href":"https:\/\/fcmanrique.org\/it\/wp-json\/wp\/v2\/fcm_actividad\/4840\/revisions\/24870"}],"wp:featuredmedia":[{"embeddable":true,"href":"https:\/\/fcmanrique.org\/it\/wp-json\/wp\/v2\/media\/4843"}],"wp:attachment":[{"href":"https:\/\/fcmanrique.org\/it\/wp-json\/wp\/v2\/media?parent=4840"}],"wp:term":[{"taxonomy":"actividad_tipo","embeddable":true,"href":"https:\/\/fcmanrique.org\/it\/wp-json\/wp\/v2\/actividad_tipo?post=4840"},{"taxonomy":"actividad_lugar","embeddable":true,"href":"https:\/\/fcmanrique.org\/it\/wp-json\/wp\/v2\/actividad_lugar?post=4840"},{"taxonomy":"actividad_departamento","embeddable":true,"href":"https:\/\/fcmanrique.org\/it\/wp-json\/wp\/v2\/actividad_departamento?post=4840"},{"taxonomy":"actividad_ciclo","embeddable":true,"href":"https:\/\/fcmanrique.org\/it\/wp-json\/wp\/v2\/actividad_ciclo?post=4840"}],"curies":[{"name":"wp","href":"https:\/\/api.w.org\/{rel}","templated":true}]}}

Fernández-Palacios: “La laurisilva es el ecosistema más importante de Canarias”

<p>El catedrático de Ecología presentó&nbsp;<em>La Laurisilva. Canarias, Madeira y Azores, </em>un libro que recoge “todo lo que conoce la ciencia sobre la laurisilva”.</p>
<p>El catedrático de Ecología de la Universidad de La Laguna, José María Fernández-Palacios, recordó, al comienzo de la presentación en la sala José Saramago, el día 14 de diciembre, su “larga relación” con la Fundación César Manrique, ya que en 1994 presentó en Taro de Tahíche su primer libro <em>Canarias: economía, ecología y medio ambiente</em>. En esta ocasión, llegó para presentar:<em> La Laurisilva. Canarias, Madeira y Azores.</em></p>
<p><a href="https://fcmanrique.org/wp-content/uploads/fc-manrique-fernandez-palacios-laurisilva-3.jpg"><img loading="lazy" decoding="async" class="wp-image-4841 aligncenter" src="https://fcmanrique.org/wp-content/uploads/fc-manrique-fernandez-palacios-laurisilva-3.jpg" alt="" width="501" height="343" srcset="https://fcmanrique.org/wp-content/uploads/fc-manrique-fernandez-palacios-laurisilva-3.jpg 2126w, https://fcmanrique.org/wp-content/uploads/fc-manrique-fernandez-palacios-laurisilva-3-300x206.jpg 300w, https://fcmanrique.org/wp-content/uploads/fc-manrique-fernandez-palacios-laurisilva-3-768x526.jpg 768w, https://fcmanrique.org/wp-content/uploads/fc-manrique-fernandez-palacios-laurisilva-3-1024x702.jpg 1024w" sizes="auto, (max-width: 501px) 100vw, 501px" /></a></p>
<p>&nbsp;</p>
<p>Después de pasar el capítulo de agradecimientos, el coordinador del libro señaló que en Lanzarote no hay laurisilva pero que sí la hubo hace más de diez millones de años, cuando el risco de Famara medía más de 2.000 metros de altura. La laurisilva es un ecosistema de la Era Terciaria que se extendía por Europa cuando no existía el mar Mediterráneo pero sí el Mar de Tetis. Después, al llegar los hielos de la Era Cuaternaria, desapareció de Europa pero siguió “encontrando cobijo” en Canarias, Madeira y Azores: “La laurisilva es el ecosistema más importante de Canarias”, señaló Fernández-Palacios.</p>
<p>Sobre el objetivo del libro, dijo que es el de rellenar el vacío existente en cuanto a divulgación de este tipo de bosques “porque lo que sabemos científicamente sí está en revistas especializadas y en inglés, pero no al alcance de la calle”. Fernández-Palacios pertenece al grupo de investigación de ecología y biogeografía insular de la Universidad de La Laguna: “Nos motiva —aseguró— ofrecer divulgación científica de calidad. Investigamos porque hay ciudadanos que pagan impuestos, y tenemos la obligación de devolver un retorno de conocimiento a la sociedad”.</p>
<p><a href="https://fcmanrique.org/wp-content/uploads/fc-manrique-fernandez-palacios-laurisilva-2.jpg"><img loading="lazy" decoding="async" class="wp-image-4842 aligncenter" src="https://fcmanrique.org/wp-content/uploads/fc-manrique-fernandez-palacios-laurisilva-2.jpg" alt="" width="582" height="380" srcset="https://fcmanrique.org/wp-content/uploads/fc-manrique-fernandez-palacios-laurisilva-2.jpg 2126w, https://fcmanrique.org/wp-content/uploads/fc-manrique-fernandez-palacios-laurisilva-2-300x196.jpg 300w, https://fcmanrique.org/wp-content/uploads/fc-manrique-fernandez-palacios-laurisilva-2-768x501.jpg 768w, https://fcmanrique.org/wp-content/uploads/fc-manrique-fernandez-palacios-laurisilva-2-1024x669.jpg 1024w" sizes="auto, (max-width: 582px) 100vw, 582px" /></a></p>
<p><em>La Laurisilva. Canarias, Madeira y Azores </em>tiene 420 páginas, 200 fotos, 30 cuadros, mapas y gráficas y 13 capítulos. Recopila “todo lo que conoce la ciencia sobre la laurisilva” e incluye citas de este mismo año. Se está preparando la versión en inglés. Está editado por Macaronesia Editorial, una “editorial familiar” que busca ofrecer libros que no sólo tengan “textos cuidados” de divulgación científica de la Macaronesia (Azores, Madeira, Salvajes, Canarias y Cabo Verde) sino un diseño bonito y elementos gráficos. La editorial ya está trabajando en un nuevo proyecto, una guía de campo de árboles y arbustos de la Macaronesia.</p>
<p>En el libro participan profesores especializados en botánica, zoología, ecología, geografía e ingeniería de montes de la ULL, de la Universidad de Las Palmas, La Laguna, Madeira y Azores, además de un profesor de la Universidad Pablo de Olavide de Sevilla. Los autores son José Ramón Arévalo, Rubén Barone, Eduardo Balguerías, Lea de Nascimento, Juan Domingo Delgado, Rui Miguel Bento Elías, Silvia Fernández-Lugo, Javier R. Méndez, Agustín Naranjo Cigala, Miguel Menezes de Sequeira y Rüdiger Otto.</p>
<p>El coordinador del libro describió los capítulos uno por uno. El primero repasa el concepto de Macaronesia: “Yo soy nacionalista macaronésico”, señaló Fernández-Palacios. El segundo, la historia de la laurisilva; el tercero, la laurisilva en el resto del mundo, que se extiende a lugares como Japón, el Sur de China, la vertiente india del Himalaya, los Apalaches, una parte de México, Brasil, Argentina, Chile, Sudáfrica, Australia y Nueva Zelanda, y se distribuye siempre en lugares con influencia oceánica. El cuarto capítulo ya se centra en la laurisilva de la Macaronesia, muy parecida en Canarias y Madeira y algo diferente en Azores. El mar de nubes ocupa otro capítulo porque es el elemento que permite la existencia de laurisilva “en una zona de veranos secos e inviernos húmedos”. “Si no fuera por el mar de nubes no habría laurisilva”.</p>
<p><a href="https://fcmanrique.org/wp-content/uploads/fc-manrique-fernandez-palacios-laurisilva-1.jpg"><img loading="lazy" decoding="async" class="wp-image-4843 aligncenter" src="https://fcmanrique.org/wp-content/uploads/fc-manrique-fernandez-palacios-laurisilva-1.jpg" alt="" width="589" height="404" srcset="https://fcmanrique.org/wp-content/uploads/fc-manrique-fernandez-palacios-laurisilva-1.jpg 2126w, https://fcmanrique.org/wp-content/uploads/fc-manrique-fernandez-palacios-laurisilva-1-300x206.jpg 300w, https://fcmanrique.org/wp-content/uploads/fc-manrique-fernandez-palacios-laurisilva-1-768x527.jpg 768w, https://fcmanrique.org/wp-content/uploads/fc-manrique-fernandez-palacios-laurisilva-1-1024x703.jpg 1024w" sizes="auto, (max-width: 589px) 100vw, 589px" /></a></p>
<p>Los dos siguientes capítulos están dedicados a la flora y la fauna. En el primer caso, desde los paleoendemismos al resto de especies arbóreas, con una gran diversidad, hasta los helechos, musgos, líquenes y hongos. En el capítulo de la fauna se describen las aves, mamíferos y reptiles, pero sobre todo “la riqueza la proporcionan los invertebrados”: moluscos y artrópodos. El octavo capítulo está dedicado a la ecología, a la regeneración del bosque y a entender el funcionamiento de la laurisilva. El noveno, a la dinámica forestal; el décimo al impacto que producen los humanos, tanto los aborígenes como los europeos, su agricultura, su ganadería y su urbanismo. El estado de conservación del medio natural, las estrategias y las especies amenazadas ocupan el capítulo once, y los dos últimos capítulos se ocupan de mostrar las referencias (más de 500 citas) y una clave identificativa para conocer los árboles. Cada capítulo tiene su propio color de referencia y cada uno está señalado con la forma de la hoja de un árbol presente en la laurisilva.</p>
<p>Fernández-Palacios terminó señalando cómo puede afectar el cambio climático (o cambio global, “porque el clima es sólo un aspecto del cambio”) a la laurisilva. Dijo que hay tres modelos de futuro: uno, en el que el mar de nubes desciende en altura, que sería un problema porque las zonas ya están antropizadas; otro, en el que asciende, que sería menos problemático ya que hay normalmente zonas de pinar que pueden ser colonizadas por la laurisilva; y un tercero, en el que el mar de nubes se disipa, que podría provocar la desaparición del ecosistema. “Si este modelo fuera el que se cumpliera finalmente, la laurisilva tiene fecha de caducidad”, aseguró.</p>
<p><a href="https://fcmanrique.org/wp-content/uploads/fc-manrique-jose-maria-fernandez-palacios-laurisilva.jpg"><img loading="lazy" decoding="async" class="wp-image-4820 aligncenter" src="https://fcmanrique.org/wp-content/uploads/fc-manrique-jose-maria-fernandez-palacios-laurisilva.jpg" alt="" width="602" height="401" srcset="https://fcmanrique.org/wp-content/uploads/fc-manrique-jose-maria-fernandez-palacios-laurisilva.jpg 1181w, https://fcmanrique.org/wp-content/uploads/fc-manrique-jose-maria-fernandez-palacios-laurisilva-300x200.jpg 300w, https://fcmanrique.org/wp-content/uploads/fc-manrique-jose-maria-fernandez-palacios-laurisilva-768x512.jpg 768w, https://fcmanrique.org/wp-content/uploads/fc-manrique-jose-maria-fernandez-palacios-laurisilva-1024x682.jpg 1024w" sizes="auto, (max-width: 602px) 100vw, 602px" /></a></p>
<p>Nota de prensa en PDF:</p>
<p><a href="https://fcmanrique.org/wp-content/uploads/fc-manrique-presentacion-libro-la-laurisilva.pdf">fc-manrique-presentacion-libro-la-laurisilva</a></p>
<p>&nbsp;</p>
