{"id":18778,"date":"2019-04-29T10:56:04","date_gmt":"2019-04-29T10:56:04","guid":{"rendered":"https:\/\/fcmanrique.org\/?post_type=fcm_c_acti_celebrada&#038;p=18778"},"modified":"2019-04-29T11:40:31","modified_gmt":"2019-04-29T11:40:31","slug":"la-musica-ocupa-la-calle","status":"publish","type":"fcm_c_acti_celebrada","link":"https:\/\/fcmanrique.org\/it\/fcm-c-acti-celebrada\/la-musica-ocupa-la-calle\/","title":{"rendered":"La m\u00fasica ocupa la calle"},"content":{"rendered":"<p class=\"qtranxs-available-languages-message qtranxs-available-languages-message-it\">Ci spiace, ma questo articolo \u00e8 disponibile soltanto in <a href=\"https:\/\/fcmanrique.org\/es\/wp-json\/wp\/v2\/fcm_c_acti_celebrada\/18778\" class=\"qtranxs-available-language-link qtranxs-available-language-link-es\" title=\"ES\">ES<\/a>.<\/p><p>El pasado s\u00e1bado, 27 de abril, alumnos de la Escuela de M\u00fasica de To\u00f1\u00edn Corujo llenaron de ritmo las calles de Arrecife como homenaje a C\u00e9sar Manrique, por encargo de la Fundaci\u00f3n que lleva su nombre y en colaboraci\u00f3n con la Concejal\u00eda de Cultura del Ayuntamiento capitalino.<\/p>\n<p>Bajo el nombre \u201cLa m\u00fasica ocupa la calle\u201d, entre las 11:00 y las 14:00 horas, el alumnado infantil y juvenil de la escuela musical interpret\u00f3 recitales ac\u00fasticos, temas del folclore popular, m\u00fasica cl\u00e1sica y rock en distintos puntos del casco de de la ciudad.<\/p>\n<p>La Recova municipal acogi\u00f3 el \u201cespacio tradicional\u201d, donde se pudo disfrutar de zarandas, fol\u00edas y otras melod\u00edas tradicionales. Al mismo tiempo, un grupo de voces y guitarras realiz\u00f3 un recorrido musical con paradas en los bancos p\u00fablicos de la Avenida.<\/p>\n<p>Los estudiantes m\u00e1s j\u00f3venes protagonizaron el llamado \u201cespacio cantera\u201d con un concierto ac\u00fastico en La Plazuela y sus alrededores. En la Casa de la Cultura \u201cAgust\u00edn de La Hoz\u201d tuvo lugar el recital cl\u00e1sico de voces y piano.<\/p>\n<p>El escenario rock, ubicado frente al antiguo Cabildo en la Calle Real, ofreci\u00f3 actuaciones de solistas y de bandas con versiones de temas cl\u00e1sicos del pop-rock internacional.<\/p>\n<p><a href=\"https:\/\/fcmanrique.org\/wp-content\/uploads\/fc-manrique-la-musica-ocupa-la-calle-1.jpg\"><img loading=\"lazy\" decoding=\"async\" class=\"alignnone size-full wp-image-18782\" src=\"https:\/\/fcmanrique.org\/wp-content\/uploads\/fc-manrique-la-musica-ocupa-la-calle-1.jpg\" alt=\"\" width=\"920\" height=\"607\" srcset=\"https:\/\/fcmanrique.org\/wp-content\/uploads\/fc-manrique-la-musica-ocupa-la-calle-1.jpg 920w, https:\/\/fcmanrique.org\/wp-content\/uploads\/fc-manrique-la-musica-ocupa-la-calle-1-300x198.jpg 300w, https:\/\/fcmanrique.org\/wp-content\/uploads\/fc-manrique-la-musica-ocupa-la-calle-1-768x507.jpg 768w, https:\/\/fcmanrique.org\/wp-content\/uploads\/fc-manrique-la-musica-ocupa-la-calle-1-289x191.jpg 289w\" sizes=\"auto, (max-width: 920px) 100vw, 920px\" \/><\/a><\/p>\n<p><a href=\"https:\/\/fcmanrique.org\/wp-content\/uploads\/fc-manrique-la-musica-ocupa-la-calle1.jpg\"><img loading=\"lazy\" decoding=\"async\" class=\"alignnone size-full wp-image-18783\" src=\"https:\/\/fcmanrique.org\/wp-content\/uploads\/fc-manrique-la-musica-ocupa-la-calle1.jpg\" alt=\"\" width=\"920\" height=\"598\" srcset=\"https:\/\/fcmanrique.org\/wp-content\/uploads\/fc-manrique-la-musica-ocupa-la-calle1.jpg 920w, https:\/\/fcmanrique.org\/wp-content\/uploads\/fc-manrique-la-musica-ocupa-la-calle1-300x195.jpg 300w, https:\/\/fcmanrique.org\/wp-content\/uploads\/fc-manrique-la-musica-ocupa-la-calle1-768x499.jpg 768w, https:\/\/fcmanrique.org\/wp-content\/uploads\/fc-manrique-la-musica-ocupa-la-calle1-289x188.jpg 289w\" sizes=\"auto, (max-width: 920px) 100vw, 920px\" \/><\/a><\/p>\n<p><a href=\"https:\/\/fcmanrique.org\/wp-content\/uploads\/fc-manrique-la-musica-ocupa-la-calle2.jpg\"><img loading=\"lazy\" decoding=\"async\" class=\"alignnone size-full wp-image-18784\" src=\"https:\/\/fcmanrique.org\/wp-content\/uploads\/fc-manrique-la-musica-ocupa-la-calle2.jpg\" alt=\"\" width=\"920\" height=\"591\" srcset=\"https:\/\/fcmanrique.org\/wp-content\/uploads\/fc-manrique-la-musica-ocupa-la-calle2.jpg 920w, https:\/\/fcmanrique.org\/wp-content\/uploads\/fc-manrique-la-musica-ocupa-la-calle2-300x193.jpg 300w, https:\/\/fcmanrique.org\/wp-content\/uploads\/fc-manrique-la-musica-ocupa-la-calle2-768x493.jpg 768w, https:\/\/fcmanrique.org\/wp-content\/uploads\/fc-manrique-la-musica-ocupa-la-calle2-289x186.jpg 289w\" sizes=\"auto, (max-width: 920px) 100vw, 920px\" \/><\/a><\/p>","protected":false},"excerpt":{"rendered":"<p>Ci spiace, ma questo articolo \u00e8 disponibile soltanto in ES.El pasado s\u00e1bado, 27 de abril, alumnos de la Escuela de M\u00fasica de To\u00f1\u00edn Corujo llenaron de ritmo las calles de Arrecife como homenaje a C\u00e9sar Manrique, por encargo de la Fundaci\u00f3n que lleva su nombre y en colaboraci\u00f3n con la Concejal\u00eda de Cultura del Ayuntamiento&#8230; <a href=\"https:\/\/fcmanrique.org\/it\/fcm-c-acti-celebrada\/la-musica-ocupa-la-calle\/\" class=\"readmore\">Contin\u00faa leyendo \u2192<\/a><\/p>\n","protected":false},"featured_media":18780,"parent":0,"template":"","meta":{"_acf_changed":false,"ngg_post_thumbnail":0,"footnotes":""},"class_list":["post-18778","fcm_c_acti_celebrada","type-fcm_c_acti_celebrada","status-publish","has-post-thumbnail","hentry","c_acti_celebrada_categoria-musica"],"acf":[],"_links":{"self":[{"href":"https:\/\/fcmanrique.org\/it\/wp-json\/wp\/v2\/fcm_c_acti_celebrada\/18778","targetHints":{"allow":["GET"]}}],"collection":[{"href":"https:\/\/fcmanrique.org\/it\/wp-json\/wp\/v2\/fcm_c_acti_celebrada"}],"about":[{"href":"https:\/\/fcmanrique.org\/it\/wp-json\/wp\/v2\/types\/fcm_c_acti_celebrada"}],"version-history":[{"count":4,"href":"https:\/\/fcmanrique.org\/it\/wp-json\/wp\/v2\/fcm_c_acti_celebrada\/18778\/revisions"}],"predecessor-version":[{"id":18790,"href":"https:\/\/fcmanrique.org\/it\/wp-json\/wp\/v2\/fcm_c_acti_celebrada\/18778\/revisions\/18790"}],"wp:featuredmedia":[{"embeddable":true,"href":"https:\/\/fcmanrique.org\/it\/wp-json\/wp\/v2\/media\/18780"}],"wp:attachment":[{"href":"https:\/\/fcmanrique.org\/it\/wp-json\/wp\/v2\/media?parent=18778"}],"curies":[{"name":"wp","href":"https:\/\/api.w.org\/{rel}","templated":true}]}}

La música ocupa la calle

<p class="qtranxs-available-languages-message qtranxs-available-languages-message-it">Ci spiace, ma questo articolo è disponibile soltanto in <a href="https://fcmanrique.org/es/wp-json/wp/v2/fcm_c_acti_celebrada/18778" class="qtranxs-available-language-link qtranxs-available-language-link-es" title="ES">ES</a>.</p><p>El pasado sábado, 27 de abril, alumnos de la Escuela de Música de Toñín Corujo llenaron de ritmo las calles de Arrecife como homenaje a César Manrique, por encargo de la Fundación que lleva su nombre y en colaboración con la Concejalía de Cultura del Ayuntamiento capitalino.</p>
<p>Bajo el nombre “La música ocupa la calle”, entre las 11:00 y las 14:00 horas, el alumnado infantil y juvenil de la escuela musical interpretó recitales acústicos, temas del folclore popular, música clásica y rock en distintos puntos del casco de de la ciudad.</p>
<p>La Recova municipal acogió el “espacio tradicional”, donde se pudo disfrutar de zarandas, folías y otras melodías tradicionales. Al mismo tiempo, un grupo de voces y guitarras realizó un recorrido musical con paradas en los bancos públicos de la Avenida.</p>
<p>Los estudiantes más jóvenes protagonizaron el llamado “espacio cantera” con un concierto acústico en La Plazuela y sus alrededores. En la Casa de la Cultura “Agustín de La Hoz” tuvo lugar el recital clásico de voces y piano.</p>
<p>El escenario rock, ubicado frente al antiguo Cabildo en la Calle Real, ofreció actuaciones de solistas y de bandas con versiones de temas clásicos del pop-rock internacional.</p>
<p><a href="https://fcmanrique.org/wp-content/uploads/fc-manrique-la-musica-ocupa-la-calle-1.jpg"><img loading="lazy" decoding="async" class="alignnone size-full wp-image-18782" src="https://fcmanrique.org/wp-content/uploads/fc-manrique-la-musica-ocupa-la-calle-1.jpg" alt="" width="920" height="607" srcset="https://fcmanrique.org/wp-content/uploads/fc-manrique-la-musica-ocupa-la-calle-1.jpg 920w, https://fcmanrique.org/wp-content/uploads/fc-manrique-la-musica-ocupa-la-calle-1-300x198.jpg 300w, https://fcmanrique.org/wp-content/uploads/fc-manrique-la-musica-ocupa-la-calle-1-768x507.jpg 768w, https://fcmanrique.org/wp-content/uploads/fc-manrique-la-musica-ocupa-la-calle-1-289x191.jpg 289w" sizes="auto, (max-width: 920px) 100vw, 920px" /></a></p>
<p><a href="https://fcmanrique.org/wp-content/uploads/fc-manrique-la-musica-ocupa-la-calle1.jpg"><img loading="lazy" decoding="async" class="alignnone size-full wp-image-18783" src="https://fcmanrique.org/wp-content/uploads/fc-manrique-la-musica-ocupa-la-calle1.jpg" alt="" width="920" height="598" srcset="https://fcmanrique.org/wp-content/uploads/fc-manrique-la-musica-ocupa-la-calle1.jpg 920w, https://fcmanrique.org/wp-content/uploads/fc-manrique-la-musica-ocupa-la-calle1-300x195.jpg 300w, https://fcmanrique.org/wp-content/uploads/fc-manrique-la-musica-ocupa-la-calle1-768x499.jpg 768w, https://fcmanrique.org/wp-content/uploads/fc-manrique-la-musica-ocupa-la-calle1-289x188.jpg 289w" sizes="auto, (max-width: 920px) 100vw, 920px" /></a></p>
<p><a href="https://fcmanrique.org/wp-content/uploads/fc-manrique-la-musica-ocupa-la-calle2.jpg"><img loading="lazy" decoding="async" class="alignnone size-full wp-image-18784" src="https://fcmanrique.org/wp-content/uploads/fc-manrique-la-musica-ocupa-la-calle2.jpg" alt="" width="920" height="591" srcset="https://fcmanrique.org/wp-content/uploads/fc-manrique-la-musica-ocupa-la-calle2.jpg 920w, https://fcmanrique.org/wp-content/uploads/fc-manrique-la-musica-ocupa-la-calle2-300x193.jpg 300w, https://fcmanrique.org/wp-content/uploads/fc-manrique-la-musica-ocupa-la-calle2-768x493.jpg 768w, https://fcmanrique.org/wp-content/uploads/fc-manrique-la-musica-ocupa-la-calle2-289x186.jpg 289w" sizes="auto, (max-width: 920px) 100vw, 920px" /></a></p>

<p>Ci spiace, ma questo articolo è disponibile soltanto in ES.El pasado sábado, 27 de abril, alumnos de la Escuela de Música de Toñín Corujo llenaron de ritmo las calles de Arrecife como homenaje a César Manrique, por encargo de la Fundación que lleva su nombre y en colaboración con la Concejalía de Cultura del Ayuntamiento&#8230; <a href="https://fcmanrique.org/it/fcm-c-acti-celebrada/la-musica-ocupa-la-calle/" class="readmore">Continúa leyendo →</a></p>
