{"id":18921,"date":"2019-05-08T09:08:37","date_gmt":"2019-05-08T09:08:37","guid":{"rendered":"https:\/\/fcmanrique.org\/?post_type=fcm_c_acti_celebrada&#038;p=18921"},"modified":"2019-05-21T13:22:39","modified_gmt":"2019-05-21T13:22:39","slug":"el-ministro-de-cultura-y-deporte-inaugura-oficialmente-el-centenario-de-cesar-manrique-1","status":"publish","type":"fcm_c_acti_celebrada","link":"https:\/\/fcmanrique.org\/it\/fcm-c-acti-celebrada\/el-ministro-de-cultura-y-deporte-inaugura-oficialmente-el-centenario-de-cesar-manrique-1\/","title":{"rendered":"El ministro de Cultura y Deporte inaugura oficialmente el centenario de C\u00e9sar Manrique (1)"},"content":{"rendered":"<p class=\"qtranxs-available-languages-message qtranxs-available-languages-message-it\">Ci spiace, ma questo articolo \u00e8 disponibile soltanto in <a href=\"https:\/\/fcmanrique.org\/es\/wp-json\/wp\/v2\/fcm_c_acti_celebrada\/18921\" class=\"qtranxs-available-language-link qtranxs-available-language-link-es\" title=\"ES\">ES<\/a>.<\/p><p>El martes, 7 de mayo, Jos\u00e9 Guirao visit\u00f3 la exposici\u00f3n <em>C\u00e9sar Manrique, palabra y compromiso: Al poder se le incomoda<\/em> y asisti\u00f3 a la conferencia magistral que imparti\u00f3 el antrop\u00f3logo Eudald Carbonell, Premio Pr\u00edncipe de Asturias, titulada \u201cEvoluci\u00f3n humana y conciencia operativa\u201d, que se celebr\u00f3 a las 19:00 hrs. en la sala Jos\u00e9 Saramago de la Fundaci\u00f3n C\u00e9sar Manrique, en La Plazuela de Arrecife<\/p>\n<p>El ministro mantuvo en Lanzarote una agenda vinculada a la celebraci\u00f3n del centenario del nacimiento de C\u00e9sar Manrique dando muestra del reconocimiento gubernamental a este artista.<\/p>\n<p>El ministro de Cultura y Deporte, Jos\u00e9 Guirao, a petici\u00f3n de la Fundaci\u00f3n C\u00e9sar Manrique, inaugur\u00f3 oficialmente el centenario del nacimiento de este artista lanzarote\u00f1o con su presencia en la Fundaci\u00f3n del artista.<\/p>\n<p>El ministro de Cultura y Deporte dio muestra as\u00ed del reconocimiento del Gobierno de Espa\u00f1a a este artista multidisciplinar, consagrado al arte que siempre abog\u00f3 por el desarrollo sostenible, sabiendo influir en su tierra y sus gentes para preservar los paisajes, la cultura y el futuro de la isla. Su fama\u00a0 y creatividad han sido elogiadas a nivel nacional e internacional, siendo distinguido en 1978 con el Premio Mundial de Ecolog\u00eda y Turismo y en 1980 con la Medalla de Oro de las Bellas Artes que concede el Ministerio de Cultura.<\/p>\n<p><a href=\"https:\/\/fcmanrique.org\/wp-content\/uploads\/fc-manrique-visita-ministro-cultura-exposicion-palabra-y-compromiso1.jpg\"><img loading=\"lazy\" decoding=\"async\" class=\"alignnone size-full wp-image-18925\" src=\"https:\/\/fcmanrique.org\/wp-content\/uploads\/fc-manrique-visita-ministro-cultura-exposicion-palabra-y-compromiso1.jpg\" alt=\"\" width=\"920\" height=\"582\" srcset=\"https:\/\/fcmanrique.org\/wp-content\/uploads\/fc-manrique-visita-ministro-cultura-exposicion-palabra-y-compromiso1.jpg 920w, https:\/\/fcmanrique.org\/wp-content\/uploads\/fc-manrique-visita-ministro-cultura-exposicion-palabra-y-compromiso1-300x190.jpg 300w, https:\/\/fcmanrique.org\/wp-content\/uploads\/fc-manrique-visita-ministro-cultura-exposicion-palabra-y-compromiso1-768x486.jpg 768w, https:\/\/fcmanrique.org\/wp-content\/uploads\/fc-manrique-visita-ministro-cultura-exposicion-palabra-y-compromiso1-289x183.jpg 289w\" sizes=\"auto, (max-width: 920px) 100vw, 920px\" \/><\/a><\/p>\n<p><a href=\"https:\/\/fcmanrique.org\/wp-content\/uploads\/fc-manrique-visita-ministro-cultura-exposicion-palabra-y-compromiso2.jpg\"><img loading=\"lazy\" decoding=\"async\" class=\"alignnone size-full wp-image-18926\" src=\"https:\/\/fcmanrique.org\/wp-content\/uploads\/fc-manrique-visita-ministro-cultura-exposicion-palabra-y-compromiso2.jpg\" alt=\"\" width=\"920\" height=\"682\" srcset=\"https:\/\/fcmanrique.org\/wp-content\/uploads\/fc-manrique-visita-ministro-cultura-exposicion-palabra-y-compromiso2.jpg 920w, https:\/\/fcmanrique.org\/wp-content\/uploads\/fc-manrique-visita-ministro-cultura-exposicion-palabra-y-compromiso2-300x222.jpg 300w, https:\/\/fcmanrique.org\/wp-content\/uploads\/fc-manrique-visita-ministro-cultura-exposicion-palabra-y-compromiso2-768x569.jpg 768w, https:\/\/fcmanrique.org\/wp-content\/uploads\/fc-manrique-visita-ministro-cultura-exposicion-palabra-y-compromiso2-289x214.jpg 289w\" sizes=\"auto, (max-width: 920px) 100vw, 920px\" \/><\/a><\/p>\n<p><a href=\"https:\/\/fcmanrique.org\/wp-content\/uploads\/fc-manrique-visita-ministro-cultura-exposicion-palabra-y-compromiso4.jpg\"><img loading=\"lazy\" decoding=\"async\" class=\"alignnone size-full wp-image-18927\" src=\"https:\/\/fcmanrique.org\/wp-content\/uploads\/fc-manrique-visita-ministro-cultura-exposicion-palabra-y-compromiso4.jpg\" alt=\"\" width=\"920\" height=\"619\" srcset=\"https:\/\/fcmanrique.org\/wp-content\/uploads\/fc-manrique-visita-ministro-cultura-exposicion-palabra-y-compromiso4.jpg 920w, https:\/\/fcmanrique.org\/wp-content\/uploads\/fc-manrique-visita-ministro-cultura-exposicion-palabra-y-compromiso4-300x202.jpg 300w, https:\/\/fcmanrique.org\/wp-content\/uploads\/fc-manrique-visita-ministro-cultura-exposicion-palabra-y-compromiso4-768x517.jpg 768w, https:\/\/fcmanrique.org\/wp-content\/uploads\/fc-manrique-visita-ministro-cultura-exposicion-palabra-y-compromiso4-289x194.jpg 289w\" sizes=\"auto, (max-width: 920px) 100vw, 920px\" \/><\/a><\/p>\n<p><a href=\"https:\/\/fcmanrique.org\/wp-content\/uploads\/fc-manrique-conferencia-eudald-carbonell2.jpg\"><img loading=\"lazy\" decoding=\"async\" class=\"alignnone size-full wp-image-18916\" src=\"https:\/\/fcmanrique.org\/wp-content\/uploads\/fc-manrique-conferencia-eudald-carbonell2.jpg\" alt=\"\" width=\"920\" height=\"587\" srcset=\"https:\/\/fcmanrique.org\/wp-content\/uploads\/fc-manrique-conferencia-eudald-carbonell2.jpg 920w, https:\/\/fcmanrique.org\/wp-content\/uploads\/fc-manrique-conferencia-eudald-carbonell2-300x191.jpg 300w, https:\/\/fcmanrique.org\/wp-content\/uploads\/fc-manrique-conferencia-eudald-carbonell2-768x490.jpg 768w, https:\/\/fcmanrique.org\/wp-content\/uploads\/fc-manrique-conferencia-eudald-carbonell2-289x184.jpg 289w\" sizes=\"auto, (max-width: 920px) 100vw, 920px\" \/><\/a><\/p>\n<p><a href=\"https:\/\/fcmanrique.org\/wp-content\/uploads\/fc-manrique-conferencia-eudald-carbonell1.jpg\"><img loading=\"lazy\" decoding=\"async\" class=\"alignnone size-full wp-image-18918\" src=\"https:\/\/fcmanrique.org\/wp-content\/uploads\/fc-manrique-conferencia-eudald-carbonell1.jpg\" alt=\"\" width=\"920\" height=\"613\" srcset=\"https:\/\/fcmanrique.org\/wp-content\/uploads\/fc-manrique-conferencia-eudald-carbonell1.jpg 920w, https:\/\/fcmanrique.org\/wp-content\/uploads\/fc-manrique-conferencia-eudald-carbonell1-300x200.jpg 300w, https:\/\/fcmanrique.org\/wp-content\/uploads\/fc-manrique-conferencia-eudald-carbonell1-768x512.jpg 768w, https:\/\/fcmanrique.org\/wp-content\/uploads\/fc-manrique-conferencia-eudald-carbonell1-289x193.jpg 289w\" sizes=\"auto, (max-width: 920px) 100vw, 920px\" \/><\/a><\/p>\n<p><a href=\"https:\/\/fcmanrique.org\/wp-content\/uploads\/fc-manrique-nota-ministerio-cultura-y-deporte.pdf\">M\u00e1s informaci\u00f3n del Ministerio de Cultura y Deporte<\/a><\/p>","protected":false},"excerpt":{"rendered":"<p>Ci spiace, ma questo articolo \u00e8 disponibile soltanto in ES.El martes, 7 de mayo, Jos\u00e9 Guirao visit\u00f3 la exposici\u00f3n C\u00e9sar Manrique, palabra y compromiso: Al poder se le incomoda y asisti\u00f3 a la conferencia magistral que imparti\u00f3 el antrop\u00f3logo Eudald Carbonell, Premio Pr\u00edncipe de Asturias, titulada \u201cEvoluci\u00f3n humana y conciencia operativa\u201d, que se celebr\u00f3 a&#8230; <a href=\"https:\/\/fcmanrique.org\/it\/fcm-c-acti-celebrada\/el-ministro-de-cultura-y-deporte-inaugura-oficialmente-el-centenario-de-cesar-manrique-1\/\" class=\"readmore\">Contin\u00faa leyendo \u2192<\/a><\/p>\n","protected":false},"featured_media":18922,"parent":0,"template":"","meta":{"_acf_changed":false,"ngg_post_thumbnail":0,"footnotes":""},"class_list":["post-18921","fcm_c_acti_celebrada","type-fcm_c_acti_celebrada","status-publish","has-post-thumbnail","hentry","c_acti_celebrada_categoria-visita"],"acf":[],"_links":{"self":[{"href":"https:\/\/fcmanrique.org\/it\/wp-json\/wp\/v2\/fcm_c_acti_celebrada\/18921","targetHints":{"allow":["GET"]}}],"collection":[{"href":"https:\/\/fcmanrique.org\/it\/wp-json\/wp\/v2\/fcm_c_acti_celebrada"}],"about":[{"href":"https:\/\/fcmanrique.org\/it\/wp-json\/wp\/v2\/types\/fcm_c_acti_celebrada"}],"version-history":[{"count":5,"href":"https:\/\/fcmanrique.org\/it\/wp-json\/wp\/v2\/fcm_c_acti_celebrada\/18921\/revisions"}],"predecessor-version":[{"id":19087,"href":"https:\/\/fcmanrique.org\/it\/wp-json\/wp\/v2\/fcm_c_acti_celebrada\/18921\/revisions\/19087"}],"wp:featuredmedia":[{"embeddable":true,"href":"https:\/\/fcmanrique.org\/it\/wp-json\/wp\/v2\/media\/18922"}],"wp:attachment":[{"href":"https:\/\/fcmanrique.org\/it\/wp-json\/wp\/v2\/media?parent=18921"}],"curies":[{"name":"wp","href":"https:\/\/api.w.org\/{rel}","templated":true}]}}

El ministro de Cultura y Deporte inaugura oficialmente el centenario de César Manrique (1)

<p class="qtranxs-available-languages-message qtranxs-available-languages-message-it">Ci spiace, ma questo articolo è disponibile soltanto in <a href="https://fcmanrique.org/es/wp-json/wp/v2/fcm_c_acti_celebrada/18921" class="qtranxs-available-language-link qtranxs-available-language-link-es" title="ES">ES</a>.</p><p>El martes, 7 de mayo, José Guirao visitó la exposición <em>César Manrique, palabra y compromiso: Al poder se le incomoda</em> y asistió a la conferencia magistral que impartió el antropólogo Eudald Carbonell, Premio Príncipe de Asturias, titulada “Evolución humana y conciencia operativa”, que se celebró a las 19:00 hrs. en la sala José Saramago de la Fundación César Manrique, en La Plazuela de Arrecife</p>
<p>El ministro mantuvo en Lanzarote una agenda vinculada a la celebración del centenario del nacimiento de César Manrique dando muestra del reconocimiento gubernamental a este artista.</p>
<p>El ministro de Cultura y Deporte, José Guirao, a petición de la Fundación César Manrique, inauguró oficialmente el centenario del nacimiento de este artista lanzaroteño con su presencia en la Fundación del artista.</p>
<p>El ministro de Cultura y Deporte dio muestra así del reconocimiento del Gobierno de España a este artista multidisciplinar, consagrado al arte que siempre abogó por el desarrollo sostenible, sabiendo influir en su tierra y sus gentes para preservar los paisajes, la cultura y el futuro de la isla. Su fama  y creatividad han sido elogiadas a nivel nacional e internacional, siendo distinguido en 1978 con el Premio Mundial de Ecología y Turismo y en 1980 con la Medalla de Oro de las Bellas Artes que concede el Ministerio de Cultura.</p>
<p><a href="https://fcmanrique.org/wp-content/uploads/fc-manrique-visita-ministro-cultura-exposicion-palabra-y-compromiso1.jpg"><img loading="lazy" decoding="async" class="alignnone size-full wp-image-18925" src="https://fcmanrique.org/wp-content/uploads/fc-manrique-visita-ministro-cultura-exposicion-palabra-y-compromiso1.jpg" alt="" width="920" height="582" srcset="https://fcmanrique.org/wp-content/uploads/fc-manrique-visita-ministro-cultura-exposicion-palabra-y-compromiso1.jpg 920w, https://fcmanrique.org/wp-content/uploads/fc-manrique-visita-ministro-cultura-exposicion-palabra-y-compromiso1-300x190.jpg 300w, https://fcmanrique.org/wp-content/uploads/fc-manrique-visita-ministro-cultura-exposicion-palabra-y-compromiso1-768x486.jpg 768w, https://fcmanrique.org/wp-content/uploads/fc-manrique-visita-ministro-cultura-exposicion-palabra-y-compromiso1-289x183.jpg 289w" sizes="auto, (max-width: 920px) 100vw, 920px" /></a></p>
<p><a href="https://fcmanrique.org/wp-content/uploads/fc-manrique-visita-ministro-cultura-exposicion-palabra-y-compromiso2.jpg"><img loading="lazy" decoding="async" class="alignnone size-full wp-image-18926" src="https://fcmanrique.org/wp-content/uploads/fc-manrique-visita-ministro-cultura-exposicion-palabra-y-compromiso2.jpg" alt="" width="920" height="682" srcset="https://fcmanrique.org/wp-content/uploads/fc-manrique-visita-ministro-cultura-exposicion-palabra-y-compromiso2.jpg 920w, https://fcmanrique.org/wp-content/uploads/fc-manrique-visita-ministro-cultura-exposicion-palabra-y-compromiso2-300x222.jpg 300w, https://fcmanrique.org/wp-content/uploads/fc-manrique-visita-ministro-cultura-exposicion-palabra-y-compromiso2-768x569.jpg 768w, https://fcmanrique.org/wp-content/uploads/fc-manrique-visita-ministro-cultura-exposicion-palabra-y-compromiso2-289x214.jpg 289w" sizes="auto, (max-width: 920px) 100vw, 920px" /></a></p>
<p><a href="https://fcmanrique.org/wp-content/uploads/fc-manrique-visita-ministro-cultura-exposicion-palabra-y-compromiso4.jpg"><img loading="lazy" decoding="async" class="alignnone size-full wp-image-18927" src="https://fcmanrique.org/wp-content/uploads/fc-manrique-visita-ministro-cultura-exposicion-palabra-y-compromiso4.jpg" alt="" width="920" height="619" srcset="https://fcmanrique.org/wp-content/uploads/fc-manrique-visita-ministro-cultura-exposicion-palabra-y-compromiso4.jpg 920w, https://fcmanrique.org/wp-content/uploads/fc-manrique-visita-ministro-cultura-exposicion-palabra-y-compromiso4-300x202.jpg 300w, https://fcmanrique.org/wp-content/uploads/fc-manrique-visita-ministro-cultura-exposicion-palabra-y-compromiso4-768x517.jpg 768w, https://fcmanrique.org/wp-content/uploads/fc-manrique-visita-ministro-cultura-exposicion-palabra-y-compromiso4-289x194.jpg 289w" sizes="auto, (max-width: 920px) 100vw, 920px" /></a></p>
<p><a href="https://fcmanrique.org/wp-content/uploads/fc-manrique-conferencia-eudald-carbonell2.jpg"><img loading="lazy" decoding="async" class="alignnone size-full wp-image-18916" src="https://fcmanrique.org/wp-content/uploads/fc-manrique-conferencia-eudald-carbonell2.jpg" alt="" width="920" height="587" srcset="https://fcmanrique.org/wp-content/uploads/fc-manrique-conferencia-eudald-carbonell2.jpg 920w, https://fcmanrique.org/wp-content/uploads/fc-manrique-conferencia-eudald-carbonell2-300x191.jpg 300w, https://fcmanrique.org/wp-content/uploads/fc-manrique-conferencia-eudald-carbonell2-768x490.jpg 768w, https://fcmanrique.org/wp-content/uploads/fc-manrique-conferencia-eudald-carbonell2-289x184.jpg 289w" sizes="auto, (max-width: 920px) 100vw, 920px" /></a></p>
<p><a href="https://fcmanrique.org/wp-content/uploads/fc-manrique-conferencia-eudald-carbonell1.jpg"><img loading="lazy" decoding="async" class="alignnone size-full wp-image-18918" src="https://fcmanrique.org/wp-content/uploads/fc-manrique-conferencia-eudald-carbonell1.jpg" alt="" width="920" height="613" srcset="https://fcmanrique.org/wp-content/uploads/fc-manrique-conferencia-eudald-carbonell1.jpg 920w, https://fcmanrique.org/wp-content/uploads/fc-manrique-conferencia-eudald-carbonell1-300x200.jpg 300w, https://fcmanrique.org/wp-content/uploads/fc-manrique-conferencia-eudald-carbonell1-768x512.jpg 768w, https://fcmanrique.org/wp-content/uploads/fc-manrique-conferencia-eudald-carbonell1-289x193.jpg 289w" sizes="auto, (max-width: 920px) 100vw, 920px" /></a></p>
<p><a href="https://fcmanrique.org/wp-content/uploads/fc-manrique-nota-ministerio-cultura-y-deporte.pdf">Más información del Ministerio de Cultura y Deporte</a></p>

<p>Ci spiace, ma questo articolo è disponibile soltanto in ES.El martes, 7 de mayo, José Guirao visitó la exposición César Manrique, palabra y compromiso: Al poder se le incomoda y asistió a la conferencia magistral que impartió el antropólogo Eudald Carbonell, Premio Príncipe de Asturias, titulada “Evolución humana y conciencia operativa”, que se celebró a&#8230; <a href="https://fcmanrique.org/it/fcm-c-acti-celebrada/el-ministro-de-cultura-y-deporte-inaugura-oficialmente-el-centenario-de-cesar-manrique-1/" class="readmore">Continúa leyendo →</a></p>
