{"id":22016,"date":"2020-02-12T15:08:35","date_gmt":"2020-02-12T15:08:35","guid":{"rendered":"https:\/\/fcmanrique.org\/?post_type=fcm_c_acti_celebrada&#038;p=22016"},"modified":"2020-11-24T11:49:42","modified_gmt":"2020-11-24T11:49:42","slug":"inaugurada-la-exposicion-cesar-manrique-100-anos-de-vida-en-la-terminal-de-fred-olsen-de-las-palmas-de-gran-canaria","status":"publish","type":"fcm_c_acti_celebrada","link":"https:\/\/fcmanrique.org\/it\/fcm-c-acti-celebrada\/inaugurada-la-exposicion-cesar-manrique-100-anos-de-vida-en-la-terminal-de-fred-olsen-de-las-palmas-de-gran-canaria\/","title":{"rendered":"Inaugurada la exposici\u00f3n &#8216;C\u00e9sar Manrique. 100 a\u00f1os de vida&#8217; en la terminal de Fred Olsen de Las Palmas de Gran Canaria"},"content":{"rendered":"<p class=\"qtranxs-available-languages-message qtranxs-available-languages-message-it\">Ci spiace, ma questo articolo \u00e8 disponibile soltanto in <a href=\"https:\/\/fcmanrique.org\/es\/wp-json\/wp\/v2\/fcm_c_acti_celebrada\/22016\" class=\"qtranxs-available-language-link qtranxs-available-language-link-es\" title=\"ES\">ES<\/a>.<\/p><p>Actividad desarrollada con una subvenci\u00f3n del Gobierno de Canarias.<br \/>\n<img loading=\"lazy\" decoding=\"async\" class=\"size-full wp-image-22274 alignnone\" src=\"https:\/\/fcmanrique.org\/wp-content\/uploads\/logo-gobierno-canarias.png\" alt=\"\" width=\"181\" height=\"91\"><\/p>\n<p>La exposici\u00f3n <em>C\u00e9sar Manrique. 100 a\u00f1os de vida<\/em>, producida por la Fundaci\u00f3n C\u00e9sar Manrique (FCM) y comisariada por Adonay Berm\u00fadez qued\u00f3 inaugurada en la ma\u00f1ana del 12 de febrero en la nueva terminal de Fred Olsen en Las Palmas de Gran Canaria.<\/p>\n<p><a href=\"https:\/\/fcmanrique.org\/wp-content\/uploads\/fc-manrique-inauguracion-exposicion-itinerante-terminal-fred-olsen-las-palmas3.jpg\"><img loading=\"lazy\" decoding=\"async\" class=\"size-full wp-image-22011 alignnone\" src=\"https:\/\/fcmanrique.org\/wp-content\/uploads\/fc-manrique-inauguracion-exposicion-itinerante-terminal-fred-olsen-las-palmas3.jpg\" alt=\"\" width=\"920\" height=\"612\" srcset=\"https:\/\/fcmanrique.org\/wp-content\/uploads\/fc-manrique-inauguracion-exposicion-itinerante-terminal-fred-olsen-las-palmas3.jpg 920w, https:\/\/fcmanrique.org\/wp-content\/uploads\/fc-manrique-inauguracion-exposicion-itinerante-terminal-fred-olsen-las-palmas3-300x200.jpg 300w, https:\/\/fcmanrique.org\/wp-content\/uploads\/fc-manrique-inauguracion-exposicion-itinerante-terminal-fred-olsen-las-palmas3-768x511.jpg 768w, https:\/\/fcmanrique.org\/wp-content\/uploads\/fc-manrique-inauguracion-exposicion-itinerante-terminal-fred-olsen-las-palmas3-289x192.jpg 289w\" sizes=\"auto, (max-width: 920px) 100vw, 920px\" \/><\/a><em>Andr\u00e9s Mar\u00edn, Luis Ibarra y Jos\u00e9 Juan Ram\u00edrez<\/em><\/p>\n<p>El acto cont\u00f3 con la presencia del director general de Fred Olsen, Andr\u00e9s Mar\u00edn, el presidente de la Autoridad Portuaria, Luis Ibarra, y el Presidente de la Fundaci\u00f3n C\u00e9sar Manrique, Jos\u00e9 Juan Ram\u00edrez.<\/p>\n<p>En palabras de Jos\u00e9 Juan Ram\u00edrez &#8220;para la Fundaci\u00f3n C\u00e9sar Manrique es un honor que Fred Olsen Express sea la naviera oficial de nuestro centenario. Hemos tenido un gran v\u00ednculo con ellos desde los a\u00f1os 70 y sin duda han contribuido al desarrollo de la isla de Lanzarote&#8221;.<\/p>\n<p><a href=\"https:\/\/fcmanrique.org\/wp-content\/uploads\/fc-manrique-inauguracion-exposicion-itinerante-terminal-fred-olsen-las-palmas5.jpg\"><img loading=\"lazy\" decoding=\"async\" class=\"size-full wp-image-22013 alignnone\" src=\"https:\/\/fcmanrique.org\/wp-content\/uploads\/fc-manrique-inauguracion-exposicion-itinerante-terminal-fred-olsen-las-palmas5.jpg\" alt=\"\" width=\"920\" height=\"612\" srcset=\"https:\/\/fcmanrique.org\/wp-content\/uploads\/fc-manrique-inauguracion-exposicion-itinerante-terminal-fred-olsen-las-palmas5.jpg 920w, https:\/\/fcmanrique.org\/wp-content\/uploads\/fc-manrique-inauguracion-exposicion-itinerante-terminal-fred-olsen-las-palmas5-300x200.jpg 300w, https:\/\/fcmanrique.org\/wp-content\/uploads\/fc-manrique-inauguracion-exposicion-itinerante-terminal-fred-olsen-las-palmas5-768x511.jpg 768w, https:\/\/fcmanrique.org\/wp-content\/uploads\/fc-manrique-inauguracion-exposicion-itinerante-terminal-fred-olsen-las-palmas5-289x192.jpg 289w\" sizes=\"auto, (max-width: 920px) 100vw, 920px\" \/><\/a><em>Adonay Berm\u00fadez, Andr\u00e9s Mar\u00edn, Luis Ibarra y Jos\u00e9 Juan Ram\u00edrez<\/em><\/p>\n<p>Por su parte, Andr\u00e9s Medina asegur\u00f3 que &#8220;es un honor acoger esta exposici\u00f3n y compartirla con los visitantes y viajeros en nuestra terminal&#8221;, afirmando que lo considera &#8220;una gran oportunidad para conocer la obra y evoluci\u00f3n de este artista canario de trascendencia internacional&#8221;.<\/p>\n<p>Luis Ibarra a\u00f1adi\u00f3 que &#8220;trabajamos para que el viajero en barco tenga un salto de calidad de sus viajes y estas acciones mejoran sus estancias en el puerto. Por lo que estamos tremendamente satisfechos de esta colaboraci\u00f3n&#8221;.<\/p>\n<p><a href=\"https:\/\/fcmanrique.org\/wp-content\/uploads\/fc-manrique-inauguracion-exposicion-itinerante-terminal-fred-olsen-las-palmas1.jpg\"><img loading=\"lazy\" decoding=\"async\" class=\"size-full wp-image-22009 alignnone\" src=\"https:\/\/fcmanrique.org\/wp-content\/uploads\/fc-manrique-inauguracion-exposicion-itinerante-terminal-fred-olsen-las-palmas1.jpg\" alt=\"\" width=\"920\" height=\"612\" srcset=\"https:\/\/fcmanrique.org\/wp-content\/uploads\/fc-manrique-inauguracion-exposicion-itinerante-terminal-fred-olsen-las-palmas1.jpg 920w, https:\/\/fcmanrique.org\/wp-content\/uploads\/fc-manrique-inauguracion-exposicion-itinerante-terminal-fred-olsen-las-palmas1-300x200.jpg 300w, https:\/\/fcmanrique.org\/wp-content\/uploads\/fc-manrique-inauguracion-exposicion-itinerante-terminal-fred-olsen-las-palmas1-768x511.jpg 768w, https:\/\/fcmanrique.org\/wp-content\/uploads\/fc-manrique-inauguracion-exposicion-itinerante-terminal-fred-olsen-las-palmas1-289x192.jpg 289w\" sizes=\"auto, (max-width: 920px) 100vw, 920px\" \/><\/a><\/p>\n<p><em>C\u00e9sar Manrique. 100 a\u00f1os de vida<\/em> est\u00e1 compuesta por una treintena de paneles con im\u00e1genes y textos que incluyen no solo la obra pict\u00f3rica del artista, sino tambi\u00e9n su obra p\u00fablica y escult\u00f3rica. Adem\u00e1s, la muestra tiene una parte en la que se resalta la labor de protecci\u00f3n medioambiental y el car\u00e1cter activista, a trav\u00e9s de las propias palabras del artista.<\/p>\n<p><a href=\"https:\/\/fcmanrique.org\/wp-content\/uploads\/fc-manrique-inauguracion-exposicion-itinerante-terminal-fred-olsen-las-palmas2.jpg\"><img loading=\"lazy\" decoding=\"async\" class=\"size-full wp-image-22010 alignnone\" src=\"https:\/\/fcmanrique.org\/wp-content\/uploads\/fc-manrique-inauguracion-exposicion-itinerante-terminal-fred-olsen-las-palmas2.jpg\" alt=\"\" width=\"920\" height=\"613\" srcset=\"https:\/\/fcmanrique.org\/wp-content\/uploads\/fc-manrique-inauguracion-exposicion-itinerante-terminal-fred-olsen-las-palmas2.jpg 920w, https:\/\/fcmanrique.org\/wp-content\/uploads\/fc-manrique-inauguracion-exposicion-itinerante-terminal-fred-olsen-las-palmas2-300x200.jpg 300w, https:\/\/fcmanrique.org\/wp-content\/uploads\/fc-manrique-inauguracion-exposicion-itinerante-terminal-fred-olsen-las-palmas2-768x512.jpg 768w, https:\/\/fcmanrique.org\/wp-content\/uploads\/fc-manrique-inauguracion-exposicion-itinerante-terminal-fred-olsen-las-palmas2-289x193.jpg 289w\" sizes=\"auto, (max-width: 920px) 100vw, 920px\" \/><\/a><\/p>\n<p>La exposici\u00f3n se encuentra abierta al p\u00fablico en la nueva terminal de Fred Olsen Express en el Puerto de la Luz de Las Palmas, Muelle Grande Poniente. Se podr\u00e1 visitar en horario de lunes a viernes de 6:00 de la ma\u00f1ana hasta las 21:30 horas de la noche, as\u00ed como los fines de semana.<\/p>\n<p>&nbsp;<\/p>","protected":false},"excerpt":{"rendered":"<p>Ci spiace, ma questo articolo \u00e8 disponibile soltanto in ES.Actividad desarrollada con una subvenci\u00f3n del Gobierno de Canarias. La exposici\u00f3n C\u00e9sar Manrique. 100 a\u00f1os de vida, producida por la Fundaci\u00f3n C\u00e9sar Manrique (FCM) y comisariada por Adonay Berm\u00fadez qued\u00f3 inaugurada en la ma\u00f1ana del 12 de febrero en la nueva terminal de Fred Olsen en&#8230; <a href=\"https:\/\/fcmanrique.org\/it\/fcm-c-acti-celebrada\/inaugurada-la-exposicion-cesar-manrique-100-anos-de-vida-en-la-terminal-de-fred-olsen-de-las-palmas-de-gran-canaria\/\" class=\"readmore\">Contin\u00faa leyendo \u2192<\/a><\/p>\n","protected":false},"featured_media":22014,"parent":0,"template":"","meta":{"_acf_changed":false,"ngg_post_thumbnail":0,"footnotes":""},"class_list":["post-22016","fcm_c_acti_celebrada","type-fcm_c_acti_celebrada","status-publish","has-post-thumbnail","hentry","c_acti_celebrada_categoria-exposicion"],"acf":[],"_links":{"self":[{"href":"https:\/\/fcmanrique.org\/it\/wp-json\/wp\/v2\/fcm_c_acti_celebrada\/22016","targetHints":{"allow":["GET"]}}],"collection":[{"href":"https:\/\/fcmanrique.org\/it\/wp-json\/wp\/v2\/fcm_c_acti_celebrada"}],"about":[{"href":"https:\/\/fcmanrique.org\/it\/wp-json\/wp\/v2\/types\/fcm_c_acti_celebrada"}],"version-history":[{"count":8,"href":"https:\/\/fcmanrique.org\/it\/wp-json\/wp\/v2\/fcm_c_acti_celebrada\/22016\/revisions"}],"predecessor-version":[{"id":22313,"href":"https:\/\/fcmanrique.org\/it\/wp-json\/wp\/v2\/fcm_c_acti_celebrada\/22016\/revisions\/22313"}],"wp:featuredmedia":[{"embeddable":true,"href":"https:\/\/fcmanrique.org\/it\/wp-json\/wp\/v2\/media\/22014"}],"wp:attachment":[{"href":"https:\/\/fcmanrique.org\/it\/wp-json\/wp\/v2\/media?parent=22016"}],"curies":[{"name":"wp","href":"https:\/\/api.w.org\/{rel}","templated":true}]}}

Inaugurada la exposición &#8216;César Manrique. 100 años de vida&#8217; en la terminal de Fred Olsen de Las Palmas de Gran Canaria

<p class="qtranxs-available-languages-message qtranxs-available-languages-message-it">Ci spiace, ma questo articolo è disponibile soltanto in <a href="https://fcmanrique.org/es/wp-json/wp/v2/fcm_c_acti_celebrada/22016" class="qtranxs-available-language-link qtranxs-available-language-link-es" title="ES">ES</a>.</p><p>Actividad desarrollada con una subvención del Gobierno de Canarias.<br />
<img loading="lazy" decoding="async" class="size-full wp-image-22274 alignnone" src="https://fcmanrique.org/wp-content/uploads/logo-gobierno-canarias.png" alt="" width="181" height="91"></p>
<p>La exposición <em>César Manrique. 100 años de vida</em>, producida por la Fundación César Manrique (FCM) y comisariada por Adonay Bermúdez quedó inaugurada en la mañana del 12 de febrero en la nueva terminal de Fred Olsen en Las Palmas de Gran Canaria.</p>
<p><a href="https://fcmanrique.org/wp-content/uploads/fc-manrique-inauguracion-exposicion-itinerante-terminal-fred-olsen-las-palmas3.jpg"><img loading="lazy" decoding="async" class="size-full wp-image-22011 alignnone" src="https://fcmanrique.org/wp-content/uploads/fc-manrique-inauguracion-exposicion-itinerante-terminal-fred-olsen-las-palmas3.jpg" alt="" width="920" height="612" srcset="https://fcmanrique.org/wp-content/uploads/fc-manrique-inauguracion-exposicion-itinerante-terminal-fred-olsen-las-palmas3.jpg 920w, https://fcmanrique.org/wp-content/uploads/fc-manrique-inauguracion-exposicion-itinerante-terminal-fred-olsen-las-palmas3-300x200.jpg 300w, https://fcmanrique.org/wp-content/uploads/fc-manrique-inauguracion-exposicion-itinerante-terminal-fred-olsen-las-palmas3-768x511.jpg 768w, https://fcmanrique.org/wp-content/uploads/fc-manrique-inauguracion-exposicion-itinerante-terminal-fred-olsen-las-palmas3-289x192.jpg 289w" sizes="auto, (max-width: 920px) 100vw, 920px" /></a><em>Andrés Marín, Luis Ibarra y José Juan Ramírez</em></p>
<p>El acto contó con la presencia del director general de Fred Olsen, Andrés Marín, el presidente de la Autoridad Portuaria, Luis Ibarra, y el Presidente de la Fundación César Manrique, José Juan Ramírez.</p>
<p>En palabras de José Juan Ramírez &#8220;para la Fundación César Manrique es un honor que Fred Olsen Express sea la naviera oficial de nuestro centenario. Hemos tenido un gran vínculo con ellos desde los años 70 y sin duda han contribuido al desarrollo de la isla de Lanzarote&#8221;.</p>
<p><a href="https://fcmanrique.org/wp-content/uploads/fc-manrique-inauguracion-exposicion-itinerante-terminal-fred-olsen-las-palmas5.jpg"><img loading="lazy" decoding="async" class="size-full wp-image-22013 alignnone" src="https://fcmanrique.org/wp-content/uploads/fc-manrique-inauguracion-exposicion-itinerante-terminal-fred-olsen-las-palmas5.jpg" alt="" width="920" height="612" srcset="https://fcmanrique.org/wp-content/uploads/fc-manrique-inauguracion-exposicion-itinerante-terminal-fred-olsen-las-palmas5.jpg 920w, https://fcmanrique.org/wp-content/uploads/fc-manrique-inauguracion-exposicion-itinerante-terminal-fred-olsen-las-palmas5-300x200.jpg 300w, https://fcmanrique.org/wp-content/uploads/fc-manrique-inauguracion-exposicion-itinerante-terminal-fred-olsen-las-palmas5-768x511.jpg 768w, https://fcmanrique.org/wp-content/uploads/fc-manrique-inauguracion-exposicion-itinerante-terminal-fred-olsen-las-palmas5-289x192.jpg 289w" sizes="auto, (max-width: 920px) 100vw, 920px" /></a><em>Adonay Bermúdez, Andrés Marín, Luis Ibarra y José Juan Ramírez</em></p>
<p>Por su parte, Andrés Medina aseguró que &#8220;es un honor acoger esta exposición y compartirla con los visitantes y viajeros en nuestra terminal&#8221;, afirmando que lo considera &#8220;una gran oportunidad para conocer la obra y evolución de este artista canario de trascendencia internacional&#8221;.</p>
<p>Luis Ibarra añadió que &#8220;trabajamos para que el viajero en barco tenga un salto de calidad de sus viajes y estas acciones mejoran sus estancias en el puerto. Por lo que estamos tremendamente satisfechos de esta colaboración&#8221;.</p>
<p><a href="https://fcmanrique.org/wp-content/uploads/fc-manrique-inauguracion-exposicion-itinerante-terminal-fred-olsen-las-palmas1.jpg"><img loading="lazy" decoding="async" class="size-full wp-image-22009 alignnone" src="https://fcmanrique.org/wp-content/uploads/fc-manrique-inauguracion-exposicion-itinerante-terminal-fred-olsen-las-palmas1.jpg" alt="" width="920" height="612" srcset="https://fcmanrique.org/wp-content/uploads/fc-manrique-inauguracion-exposicion-itinerante-terminal-fred-olsen-las-palmas1.jpg 920w, https://fcmanrique.org/wp-content/uploads/fc-manrique-inauguracion-exposicion-itinerante-terminal-fred-olsen-las-palmas1-300x200.jpg 300w, https://fcmanrique.org/wp-content/uploads/fc-manrique-inauguracion-exposicion-itinerante-terminal-fred-olsen-las-palmas1-768x511.jpg 768w, https://fcmanrique.org/wp-content/uploads/fc-manrique-inauguracion-exposicion-itinerante-terminal-fred-olsen-las-palmas1-289x192.jpg 289w" sizes="auto, (max-width: 920px) 100vw, 920px" /></a></p>
<p><em>César Manrique. 100 años de vida</em> está compuesta por una treintena de paneles con imágenes y textos que incluyen no solo la obra pictórica del artista, sino también su obra pública y escultórica. Además, la muestra tiene una parte en la que se resalta la labor de protección medioambiental y el carácter activista, a través de las propias palabras del artista.</p>
<p><a href="https://fcmanrique.org/wp-content/uploads/fc-manrique-inauguracion-exposicion-itinerante-terminal-fred-olsen-las-palmas2.jpg"><img loading="lazy" decoding="async" class="size-full wp-image-22010 alignnone" src="https://fcmanrique.org/wp-content/uploads/fc-manrique-inauguracion-exposicion-itinerante-terminal-fred-olsen-las-palmas2.jpg" alt="" width="920" height="613" srcset="https://fcmanrique.org/wp-content/uploads/fc-manrique-inauguracion-exposicion-itinerante-terminal-fred-olsen-las-palmas2.jpg 920w, https://fcmanrique.org/wp-content/uploads/fc-manrique-inauguracion-exposicion-itinerante-terminal-fred-olsen-las-palmas2-300x200.jpg 300w, https://fcmanrique.org/wp-content/uploads/fc-manrique-inauguracion-exposicion-itinerante-terminal-fred-olsen-las-palmas2-768x512.jpg 768w, https://fcmanrique.org/wp-content/uploads/fc-manrique-inauguracion-exposicion-itinerante-terminal-fred-olsen-las-palmas2-289x193.jpg 289w" sizes="auto, (max-width: 920px) 100vw, 920px" /></a></p>
<p>La exposición se encuentra abierta al público en la nueva terminal de Fred Olsen Express en el Puerto de la Luz de Las Palmas, Muelle Grande Poniente. Se podrá visitar en horario de lunes a viernes de 6:00 de la mañana hasta las 21:30 horas de la noche, así como los fines de semana.</p>
<p>&nbsp;</p>

<p>Ci spiace, ma questo articolo è disponibile soltanto in ES.Actividad desarrollada con una subvención del Gobierno de Canarias. La exposición César Manrique. 100 años de vida, producida por la Fundación César Manrique (FCM) y comisariada por Adonay Bermúdez quedó inaugurada en la mañana del 12 de febrero en la nueva terminal de Fred Olsen en&#8230; <a href="https://fcmanrique.org/it/fcm-c-acti-celebrada/inaugurada-la-exposicion-cesar-manrique-100-anos-de-vida-en-la-terminal-de-fred-olsen-de-las-palmas-de-gran-canaria/" class="readmore">Continúa leyendo →</a></p>
