{"id":22143,"date":"2020-03-10T13:22:21","date_gmt":"2020-03-10T13:22:21","guid":{"rendered":"https:\/\/fcmanrique.org\/?post_type=fcm_c_acti_celebrada&#038;p=22143"},"modified":"2020-11-22T10:14:53","modified_gmt":"2020-11-22T10:14:53","slug":"patricia-molins-el-diseno-es-una-cuestion-transversal-influida-por-motivos-sociales-politicos-y-por-el-modo-de-vida","status":"publish","type":"fcm_c_acti_celebrada","link":"https:\/\/fcmanrique.org\/it\/fcm-c-acti-celebrada\/patricia-molins-el-diseno-es-una-cuestion-transversal-influida-por-motivos-sociales-politicos-y-por-el-modo-de-vida\/","title":{"rendered":"Patricia Molins: &#8220;El dise\u00f1o es una cuesti\u00f3n transversal influida por motivos sociales, pol\u00edticos y por el modo de vida&#8221;"},"content":{"rendered":"<p class=\"qtranxs-available-languages-message qtranxs-available-languages-message-it\">Ci spiace, ma questo articolo \u00e8 disponibile soltanto in <a href=\"https:\/\/fcmanrique.org\/es\/wp-json\/wp\/v2\/fcm_c_acti_celebrada\/22143\" class=\"qtranxs-available-language-link qtranxs-available-language-link-es\" title=\"ES\">ES<\/a>.<\/p><p>Actividad desarrollada con una subvenci\u00f3n del Gobierno de Canarias.<br \/>\n<img loading=\"lazy\" decoding=\"async\" class=\"size-full wp-image-22274 alignnone\" src=\"https:\/\/fcmanrique.org\/wp-content\/uploads\/logo-gobierno-canarias.png\" alt=\"\" width=\"181\" height=\"91\"><\/p>\n<p>La historiadora del arte y el dise\u00f1o, Patricia Molins, imparti\u00f3 el d\u00eda 10 de marzo la conferencia <i>Entre la artesan\u00eda y el dise\u00f1o industrial. Interiorismo en los a\u00f1os cincuenta en Espa\u00f1a<\/i> y apoy\u00f3 su explicaci\u00f3n en decenas de im\u00e1genes. Parti\u00f3 desde la posguerra, una \u00e9poca marcada por una necesidad habitacional donde se buscaba, en el mobiliario, una vuelta al recuerdo de los a\u00f1os anteriores a la guerra, de felicidad y seguridad. Mientras que en los Paradores se rememora la grandeza hist\u00f3rica, al mismo tiempo hay una realidad de pobreza en la sociedad. El pa\u00eds est\u00e1 en una etapa de autarqu\u00eda y se reivindica la artesan\u00eda, como elemento popular, aunque mezclada con elementos modernos. Comienzan a dedicarse al interiorismo artesanos, artistas o arquitectos, como Luis Feduchi. \u201cSe impone la idea de que lo popular encarna la verdad\u201d, se\u00f1al\u00f3 Molins, que destac\u00f3 tambi\u00e9n a otros arquitectos como H\u00e9ctor D&#8217;ors, Alejandro de la Sota, o Luis Fern\u00e1ndez del Amo. En este periodo hay dos revistas importantes: <i>Hogar y Arquitectura<\/i>, de la Obra sindical del hogar y la <i>Revista Nacional de Arquitectura,<\/i> del Colegio de arquitectos.<\/p>\n<p><a href=\"https:\/\/fcmanrique.org\/wp-content\/uploads\/fc-manrique-conferencia-patricia-molins3.jpg\"><img loading=\"lazy\" decoding=\"async\" class=\"size-full wp-image-22149 alignnone\" src=\"https:\/\/fcmanrique.org\/wp-content\/uploads\/fc-manrique-conferencia-patricia-molins3.jpg\" alt=\"\" width=\"920\" height=\"614\" srcset=\"https:\/\/fcmanrique.org\/wp-content\/uploads\/fc-manrique-conferencia-patricia-molins3.jpg 920w, https:\/\/fcmanrique.org\/wp-content\/uploads\/fc-manrique-conferencia-patricia-molins3-300x200.jpg 300w, https:\/\/fcmanrique.org\/wp-content\/uploads\/fc-manrique-conferencia-patricia-molins3-768x513.jpg 768w, https:\/\/fcmanrique.org\/wp-content\/uploads\/fc-manrique-conferencia-patricia-molins3-289x193.jpg 289w\" sizes=\"auto, (max-width: 920px) 100vw, 920px\" \/><\/a><\/p>\n<p>El fin de la autarqu\u00eda llega con los acuerdos con Estados Unidos en 1953 y comienzan a aparecer en Espa\u00f1a elementos arquitect\u00f3nicos americanos. Rafael de la Hoz, que hab\u00eda viajado a ese pa\u00eds, constituye en C\u00f3rdoba \u201cun grupo fundamental para la idea de modernidad en aquellos a\u00f1os\u201d, en los que exist\u00eda una preocupaci\u00f3n por amueblar las casas populares en las ciudades, diferentes y de menores dimensiones que las del campo. Se desarrolla el mueble estructural, donde la estructura se disocia del objeto. Como ejemplo, la C\u00e1mara de Comercio de C\u00f3rdoba, con decoraci\u00f3n de Jorge Oteiza, que tiene un interior que aporta una idea de apertura y continuidad de los espacios que es vital para la \u00e9poca.<\/p>\n<p>\u201cEl dise\u00f1o es una cuesti\u00f3n transversal influida por motivos sociales, pol\u00edticos y por el modo de vida\u201d. Espa\u00f1a participa en tres trienales de Mil\u00e1n, entre 1951 y 1957 con pabellones donde se exhibe el dise\u00f1o espa\u00f1ol y se da una idea de modernidad que no se ve\u00eda en Espa\u00f1a. El primer pabell\u00f3n es del arquitecto Coderch, que incluye un libro de Garc\u00eda Lorca o un cuadro de Mir\u00f3. Despu\u00e9s participa el estudio MoGaMo, con objetos de Chillida, y m\u00e1s tarde Carvajal y Garc\u00eda Paredes, con butacas de Fisac, ente otros, que sosten\u00eda que el modelo de belleza hab\u00eda que imponerlo. Por otro lado, \u201cla ausencia de fabricantes hizo que artistas o arquitectos crearan sus propias empresas para hacer objetos de dise\u00f1o\u201d.<\/p>\n<p><a href=\"https:\/\/fcmanrique.org\/wp-content\/uploads\/fc-manrique-conferencia-patricia-molins1.jpg\"><img loading=\"lazy\" decoding=\"async\" class=\"size-full wp-image-22147 alignnone\" src=\"https:\/\/fcmanrique.org\/wp-content\/uploads\/fc-manrique-conferencia-patricia-molins1.jpg\" alt=\"\" width=\"920\" height=\"595\" srcset=\"https:\/\/fcmanrique.org\/wp-content\/uploads\/fc-manrique-conferencia-patricia-molins1.jpg 920w, https:\/\/fcmanrique.org\/wp-content\/uploads\/fc-manrique-conferencia-patricia-molins1-300x194.jpg 300w, https:\/\/fcmanrique.org\/wp-content\/uploads\/fc-manrique-conferencia-patricia-molins1-768x497.jpg 768w, https:\/\/fcmanrique.org\/wp-content\/uploads\/fc-manrique-conferencia-patricia-molins1-289x187.jpg 289w\" sizes=\"auto, (max-width: 920px) 100vw, 920px\" \/><\/a><\/p>\n<p>Una conferencia de Gio Ponti en Espa\u00f1a sobre dise\u00f1o industrial es uno de los puntos de partida para el debate sobre la belleza: sobre si hay que imponer el modelo, como sosten\u00eda Fisac, y fabricar objetos bellos o si la belleza la aporta la funci\u00f3n, est\u00e1 al servicio de la eficacia. Se va produciendo un cambio hacia la tendencia de que los objetos deben estar al servicio de las personas, \u201ca favor de ellas\u201d, y hay una constataci\u00f3n de que la gente necesita el ornamento. Se crea la Sociedad Espa\u00f1ola de Dise\u00f1o Industrial (SEDI), se empieza a involucrar a las empresas y se hacen concursos (C\u00e9sar Manrique contribuye con dise\u00f1os para telas). Primero participan las textiles, las tapicer\u00edas o las de objetos religiosos. \u201cUno de los puntos de modernidad del arte y la arquitectura, parad\u00f3jicamente, fueron las iglesias\u201d, dijo Molins.<\/p>\n<p>La familia Huarte es fundamental en el dise\u00f1o en el final de los a\u00f1os cincuenta y los a\u00f1os sesenta. Fueron mecenas del arte en Espa\u00f1a. Entran en contacto con el escultor Jorge Oteiza, que acaba ejerciendo como asesor de la familia y que ven\u00eda de Argentina. Huarte tambi\u00e9n crea Hache Muebles. En esa \u00e9poca destacan Equipo 57 o N\u00e9stor Basterrechea, que van iniciando la carrera del dise\u00f1o industrial en Espa\u00f1a. Pensaban que el dise\u00f1o era una forma de poder aplicar el arte a los usos de la gente. Adem\u00e1s, el interiorismo se va alejando de la idea de transparencia y desnudez y se va produciendo un cambio de modelo, desde lo estructural y met\u00e1lico a lo org\u00e1nico y la madera. Tambi\u00e9n van desapareciendo los valores de austeridad y sacrificio y empiezan a llegar los de placer, y la belleza.<\/p>\n<p><a href=\"https:\/\/fcmanrique.org\/wp-content\/uploads\/fc-manrique-conferencia-patricia-molins2.jpg\"><img loading=\"lazy\" decoding=\"async\" class=\"size-full wp-image-22148 alignnone\" src=\"https:\/\/fcmanrique.org\/wp-content\/uploads\/fc-manrique-conferencia-patricia-molins2.jpg\" alt=\"\" width=\"920\" height=\"633\" srcset=\"https:\/\/fcmanrique.org\/wp-content\/uploads\/fc-manrique-conferencia-patricia-molins2.jpg 920w, https:\/\/fcmanrique.org\/wp-content\/uploads\/fc-manrique-conferencia-patricia-molins2-300x206.jpg 300w, https:\/\/fcmanrique.org\/wp-content\/uploads\/fc-manrique-conferencia-patricia-molins2-768x528.jpg 768w, https:\/\/fcmanrique.org\/wp-content\/uploads\/fc-manrique-conferencia-patricia-molins2-289x199.jpg 289w\" sizes=\"auto, (max-width: 920px) 100vw, 920px\" \/><\/a><\/p>\n<p>Molins finaliz\u00f3 con S\u00e1enz de Oiza y su proyecto del edificio Torres Blancas en Madrid, realizado para Huarte, que fue criticado porque era una arquitectura para ricos frente al arte popular que comenzaba a defender el Partido Comunista, a\u00fan en la clandestinidad. Sigui\u00f3 con Fernando Higueras, sus edificios y dise\u00f1os y su relaci\u00f3n con C\u00e9sar Manrique, de quien ya hab\u00eda hablado anteriormente de su casa de Covarrubias, con espacios amplios y dise\u00f1o moderno, transparente, frente a su casa de Taro de Tah\u00edche, \u201ccon espacios privados de enso\u00f1aci\u00f3n\u201d, o el Mirador del R\u00edo, donde C\u00e9sar logra \u201chacer de los interiores marcos de continuidad con el exterior\u201d. Cit\u00f3, por \u00faltimo la revista <i>Hogares Modernos<\/i>, que refleja el cambio de paradigma.<\/p>\n<p><a href=\"https:\/\/fcmanrique.org\/wp-content\/uploads\/fc-manrique-patricia-molins-i-digital.jpg\"><img loading=\"lazy\" decoding=\"async\" class=\"size-large wp-image-22087 alignnone\" src=\"https:\/\/fcmanrique.org\/wp-content\/uploads\/fc-manrique-patricia-molins-i-digital-1024x1024.jpg\" alt=\"\" width=\"1024\" height=\"1024\" srcset=\"https:\/\/fcmanrique.org\/wp-content\/uploads\/fc-manrique-patricia-molins-i-digital-1024x1024.jpg 1024w, https:\/\/fcmanrique.org\/wp-content\/uploads\/fc-manrique-patricia-molins-i-digital-300x300.jpg 300w, https:\/\/fcmanrique.org\/wp-content\/uploads\/fc-manrique-patricia-molins-i-digital-150x150.jpg 150w, https:\/\/fcmanrique.org\/wp-content\/uploads\/fc-manrique-patricia-molins-i-digital-768x768.jpg 768w, https:\/\/fcmanrique.org\/wp-content\/uploads\/fc-manrique-patricia-molins-i-digital-246x246.jpg 246w, https:\/\/fcmanrique.org\/wp-content\/uploads\/fc-manrique-patricia-molins-i-digital.jpg 1200w\" sizes=\"auto, (max-width: 1024px) 100vw, 1024px\" \/><\/a><\/p>\n<p><a href=\"https:\/\/fcmanrique.org\/wp-content\/uploads\/fc-manrique-conferencia-patricia-molins.pdf\">M\u00e1s informaci\u00f3n sobre la conferencia de Patricia Molins<\/a><\/p>","protected":false},"excerpt":{"rendered":"<p>Ci spiace, ma questo articolo \u00e8 disponibile soltanto in ES.Actividad desarrollada con una subvenci\u00f3n del Gobierno de Canarias. La historiadora del arte y el dise\u00f1o, Patricia Molins, imparti\u00f3 el d\u00eda 10 de marzo la conferencia Entre la artesan\u00eda y el dise\u00f1o industrial. Interiorismo en los a\u00f1os cincuenta en Espa\u00f1a y apoy\u00f3 su explicaci\u00f3n en decenas&#8230; <a href=\"https:\/\/fcmanrique.org\/it\/fcm-c-acti-celebrada\/patricia-molins-el-diseno-es-una-cuestion-transversal-influida-por-motivos-sociales-politicos-y-por-el-modo-de-vida\/\" class=\"readmore\">Contin\u00faa leyendo \u2192<\/a><\/p>\n","protected":false},"featured_media":22146,"parent":0,"template":"","meta":{"_acf_changed":false,"ngg_post_thumbnail":0,"footnotes":""},"class_list":["post-22143","fcm_c_acti_celebrada","type-fcm_c_acti_celebrada","status-publish","has-post-thumbnail","hentry","c_acti_celebrada_categoria-conferencia"],"acf":[],"_links":{"self":[{"href":"https:\/\/fcmanrique.org\/it\/wp-json\/wp\/v2\/fcm_c_acti_celebrada\/22143","targetHints":{"allow":["GET"]}}],"collection":[{"href":"https:\/\/fcmanrique.org\/it\/wp-json\/wp\/v2\/fcm_c_acti_celebrada"}],"about":[{"href":"https:\/\/fcmanrique.org\/it\/wp-json\/wp\/v2\/types\/fcm_c_acti_celebrada"}],"version-history":[{"count":6,"href":"https:\/\/fcmanrique.org\/it\/wp-json\/wp\/v2\/fcm_c_acti_celebrada\/22143\/revisions"}],"predecessor-version":[{"id":22282,"href":"https:\/\/fcmanrique.org\/it\/wp-json\/wp\/v2\/fcm_c_acti_celebrada\/22143\/revisions\/22282"}],"wp:featuredmedia":[{"embeddable":true,"href":"https:\/\/fcmanrique.org\/it\/wp-json\/wp\/v2\/media\/22146"}],"wp:attachment":[{"href":"https:\/\/fcmanrique.org\/it\/wp-json\/wp\/v2\/media?parent=22143"}],"curies":[{"name":"wp","href":"https:\/\/api.w.org\/{rel}","templated":true}]}}

Patricia Molins: &#8220;El diseño es una cuestión transversal influida por motivos sociales, políticos y por el modo de vida&#8221;

<p class="qtranxs-available-languages-message qtranxs-available-languages-message-it">Ci spiace, ma questo articolo è disponibile soltanto in <a href="https://fcmanrique.org/es/wp-json/wp/v2/fcm_c_acti_celebrada/22143" class="qtranxs-available-language-link qtranxs-available-language-link-es" title="ES">ES</a>.</p><p>Actividad desarrollada con una subvención del Gobierno de Canarias.<br />
<img loading="lazy" decoding="async" class="size-full wp-image-22274 alignnone" src="https://fcmanrique.org/wp-content/uploads/logo-gobierno-canarias.png" alt="" width="181" height="91"></p>
<p>La historiadora del arte y el diseño, Patricia Molins, impartió el día 10 de marzo la conferencia <i>Entre la artesanía y el diseño industrial. Interiorismo en los años cincuenta en España</i> y apoyó su explicación en decenas de imágenes. Partió desde la posguerra, una época marcada por una necesidad habitacional donde se buscaba, en el mobiliario, una vuelta al recuerdo de los años anteriores a la guerra, de felicidad y seguridad. Mientras que en los Paradores se rememora la grandeza histórica, al mismo tiempo hay una realidad de pobreza en la sociedad. El país está en una etapa de autarquía y se reivindica la artesanía, como elemento popular, aunque mezclada con elementos modernos. Comienzan a dedicarse al interiorismo artesanos, artistas o arquitectos, como Luis Feduchi. “Se impone la idea de que lo popular encarna la verdad”, señaló Molins, que destacó también a otros arquitectos como Héctor D&#8217;ors, Alejandro de la Sota, o Luis Fernández del Amo. En este periodo hay dos revistas importantes: <i>Hogar y Arquitectura</i>, de la Obra sindical del hogar y la <i>Revista Nacional de Arquitectura,</i> del Colegio de arquitectos.</p>
<p><a href="https://fcmanrique.org/wp-content/uploads/fc-manrique-conferencia-patricia-molins3.jpg"><img loading="lazy" decoding="async" class="size-full wp-image-22149 alignnone" src="https://fcmanrique.org/wp-content/uploads/fc-manrique-conferencia-patricia-molins3.jpg" alt="" width="920" height="614" srcset="https://fcmanrique.org/wp-content/uploads/fc-manrique-conferencia-patricia-molins3.jpg 920w, https://fcmanrique.org/wp-content/uploads/fc-manrique-conferencia-patricia-molins3-300x200.jpg 300w, https://fcmanrique.org/wp-content/uploads/fc-manrique-conferencia-patricia-molins3-768x513.jpg 768w, https://fcmanrique.org/wp-content/uploads/fc-manrique-conferencia-patricia-molins3-289x193.jpg 289w" sizes="auto, (max-width: 920px) 100vw, 920px" /></a></p>
<p>El fin de la autarquía llega con los acuerdos con Estados Unidos en 1953 y comienzan a aparecer en España elementos arquitectónicos americanos. Rafael de la Hoz, que había viajado a ese país, constituye en Córdoba “un grupo fundamental para la idea de modernidad en aquellos años”, en los que existía una preocupación por amueblar las casas populares en las ciudades, diferentes y de menores dimensiones que las del campo. Se desarrolla el mueble estructural, donde la estructura se disocia del objeto. Como ejemplo, la Cámara de Comercio de Córdoba, con decoración de Jorge Oteiza, que tiene un interior que aporta una idea de apertura y continuidad de los espacios que es vital para la época.</p>
<p>“El diseño es una cuestión transversal influida por motivos sociales, políticos y por el modo de vida”. España participa en tres trienales de Milán, entre 1951 y 1957 con pabellones donde se exhibe el diseño español y se da una idea de modernidad que no se veía en España. El primer pabellón es del arquitecto Coderch, que incluye un libro de García Lorca o un cuadro de Miró. Después participa el estudio MoGaMo, con objetos de Chillida, y más tarde Carvajal y García Paredes, con butacas de Fisac, ente otros, que sostenía que el modelo de belleza había que imponerlo. Por otro lado, “la ausencia de fabricantes hizo que artistas o arquitectos crearan sus propias empresas para hacer objetos de diseño”.</p>
<p><a href="https://fcmanrique.org/wp-content/uploads/fc-manrique-conferencia-patricia-molins1.jpg"><img loading="lazy" decoding="async" class="size-full wp-image-22147 alignnone" src="https://fcmanrique.org/wp-content/uploads/fc-manrique-conferencia-patricia-molins1.jpg" alt="" width="920" height="595" srcset="https://fcmanrique.org/wp-content/uploads/fc-manrique-conferencia-patricia-molins1.jpg 920w, https://fcmanrique.org/wp-content/uploads/fc-manrique-conferencia-patricia-molins1-300x194.jpg 300w, https://fcmanrique.org/wp-content/uploads/fc-manrique-conferencia-patricia-molins1-768x497.jpg 768w, https://fcmanrique.org/wp-content/uploads/fc-manrique-conferencia-patricia-molins1-289x187.jpg 289w" sizes="auto, (max-width: 920px) 100vw, 920px" /></a></p>
<p>Una conferencia de Gio Ponti en España sobre diseño industrial es uno de los puntos de partida para el debate sobre la belleza: sobre si hay que imponer el modelo, como sostenía Fisac, y fabricar objetos bellos o si la belleza la aporta la función, está al servicio de la eficacia. Se va produciendo un cambio hacia la tendencia de que los objetos deben estar al servicio de las personas, “a favor de ellas”, y hay una constatación de que la gente necesita el ornamento. Se crea la Sociedad Española de Diseño Industrial (SEDI), se empieza a involucrar a las empresas y se hacen concursos (César Manrique contribuye con diseños para telas). Primero participan las textiles, las tapicerías o las de objetos religiosos. “Uno de los puntos de modernidad del arte y la arquitectura, paradójicamente, fueron las iglesias”, dijo Molins.</p>
<p>La familia Huarte es fundamental en el diseño en el final de los años cincuenta y los años sesenta. Fueron mecenas del arte en España. Entran en contacto con el escultor Jorge Oteiza, que acaba ejerciendo como asesor de la familia y que venía de Argentina. Huarte también crea Hache Muebles. En esa época destacan Equipo 57 o Néstor Basterrechea, que van iniciando la carrera del diseño industrial en España. Pensaban que el diseño era una forma de poder aplicar el arte a los usos de la gente. Además, el interiorismo se va alejando de la idea de transparencia y desnudez y se va produciendo un cambio de modelo, desde lo estructural y metálico a lo orgánico y la madera. También van desapareciendo los valores de austeridad y sacrificio y empiezan a llegar los de placer, y la belleza.</p>
<p><a href="https://fcmanrique.org/wp-content/uploads/fc-manrique-conferencia-patricia-molins2.jpg"><img loading="lazy" decoding="async" class="size-full wp-image-22148 alignnone" src="https://fcmanrique.org/wp-content/uploads/fc-manrique-conferencia-patricia-molins2.jpg" alt="" width="920" height="633" srcset="https://fcmanrique.org/wp-content/uploads/fc-manrique-conferencia-patricia-molins2.jpg 920w, https://fcmanrique.org/wp-content/uploads/fc-manrique-conferencia-patricia-molins2-300x206.jpg 300w, https://fcmanrique.org/wp-content/uploads/fc-manrique-conferencia-patricia-molins2-768x528.jpg 768w, https://fcmanrique.org/wp-content/uploads/fc-manrique-conferencia-patricia-molins2-289x199.jpg 289w" sizes="auto, (max-width: 920px) 100vw, 920px" /></a></p>
<p>Molins finalizó con Sáenz de Oiza y su proyecto del edificio Torres Blancas en Madrid, realizado para Huarte, que fue criticado porque era una arquitectura para ricos frente al arte popular que comenzaba a defender el Partido Comunista, aún en la clandestinidad. Siguió con Fernando Higueras, sus edificios y diseños y su relación con César Manrique, de quien ya había hablado anteriormente de su casa de Covarrubias, con espacios amplios y diseño moderno, transparente, frente a su casa de Taro de Tahíche, “con espacios privados de ensoñación”, o el Mirador del Río, donde César logra “hacer de los interiores marcos de continuidad con el exterior”. Citó, por último la revista <i>Hogares Modernos</i>, que refleja el cambio de paradigma.</p>
<p><a href="https://fcmanrique.org/wp-content/uploads/fc-manrique-patricia-molins-i-digital.jpg"><img loading="lazy" decoding="async" class="size-large wp-image-22087 alignnone" src="https://fcmanrique.org/wp-content/uploads/fc-manrique-patricia-molins-i-digital-1024x1024.jpg" alt="" width="1024" height="1024" srcset="https://fcmanrique.org/wp-content/uploads/fc-manrique-patricia-molins-i-digital-1024x1024.jpg 1024w, https://fcmanrique.org/wp-content/uploads/fc-manrique-patricia-molins-i-digital-300x300.jpg 300w, https://fcmanrique.org/wp-content/uploads/fc-manrique-patricia-molins-i-digital-150x150.jpg 150w, https://fcmanrique.org/wp-content/uploads/fc-manrique-patricia-molins-i-digital-768x768.jpg 768w, https://fcmanrique.org/wp-content/uploads/fc-manrique-patricia-molins-i-digital-246x246.jpg 246w, https://fcmanrique.org/wp-content/uploads/fc-manrique-patricia-molins-i-digital.jpg 1200w" sizes="auto, (max-width: 1024px) 100vw, 1024px" /></a></p>
<p><a href="https://fcmanrique.org/wp-content/uploads/fc-manrique-conferencia-patricia-molins.pdf">Más información sobre la conferencia de Patricia Molins</a></p>

<p>Ci spiace, ma questo articolo è disponibile soltanto in ES.Actividad desarrollada con una subvención del Gobierno de Canarias. La historiadora del arte y el diseño, Patricia Molins, impartió el día 10 de marzo la conferencia Entre la artesanía y el diseño industrial. Interiorismo en los años cincuenta en España y apoyó su explicación en decenas&#8230; <a href="https://fcmanrique.org/it/fcm-c-acti-celebrada/patricia-molins-el-diseno-es-una-cuestion-transversal-influida-por-motivos-sociales-politicos-y-por-el-modo-de-vida/" class="readmore">Continúa leyendo →</a></p>
