{"id":18396,"date":"2019-04-15T12:17:41","date_gmt":"2019-04-15T12:17:41","guid":{"rendered":"https:\/\/fcmanrique.org\/?post_type=fcm_c_ev_relac&#038;p=18396"},"modified":"2019-04-17T09:12:06","modified_gmt":"2019-04-17T09:12:06","slug":"exposicion-homenaje-a-manrique-en-el-caam","status":"publish","type":"fcm_c_ev_relac","link":"https:\/\/fcmanrique.org\/it\/fcm-c-ev-relac\/exposicion-homenaje-a-manrique-en-el-caam\/","title":{"rendered":"Exposici\u00f3n homenaje a Manrique en el CAAM"},"content":{"rendered":"<p class=\"qtranxs-available-languages-message qtranxs-available-languages-message-it\">Ci spiace, ma questo articolo \u00e8 disponibile soltanto in <a href=\"https:\/\/fcmanrique.org\/es\/wp-json\/wp\/v2\/fcm_c_ev_relac\/18396\" class=\"qtranxs-available-language-link qtranxs-available-language-link-es\" title=\"ES\">ES<\/a>.<\/p><p>&#8221;Universo Manrique&#8221; se inaugur\u00f3 el jueves 28 de marzo en el Centro Atl\u00e1ntico de Arte Moderno (CAAM). Una magna exposici\u00f3n con la que el Cabildo de Gran Canaria rinde homenaje a la figura y el legado art\u00edstico de C\u00e9sar Manrique, coincidiendo con la conmemoraci\u00f3n del primer centenario del nacimiento del artista. &#8216;Universo Manrique\u2019 tiene un marcado car\u00e1cter multidisciplinar y ha sido articulada desde su consideraci\u00f3n como artista total.<\/p>\n<p>La muestra refleja la figura poli\u00e9drica de Manrique como pintor, escultor, dibujante, arquitecto del paisaje, interiorista, educador o activista medioambiental. Asimismo, da visibilidad a tres realidades fundamentales que se van entrelazando en las salas del CAAM: el desarrollo de su obra pl\u00e1stica, su biograf\u00eda y su obra arquitect\u00f3nica y de dise\u00f1o, con especial hincapi\u00e9 en su arquitectura.<\/p>\n<p>La exposici\u00f3n est\u00e1 comisariada por la historiadora y cr\u00edtica de arte Katrin Steffen, que ha trabajado, entre otros, en el Kunstmuseum de Basilea o en la Daros Latinoam\u00e9rica Collection de Z\u00farich y R\u00edo de Janeiro, durante m\u00e1s de una d\u00e9cada.<\/p>\n<p>Se podr\u00e1 visitar hasta el 29 de septiembre de 2019.<\/p>\n<p>(En la foto: <em>Orlando Britto, director del CAAM; Jos\u00e9 Juan Ram\u00edrez, presidente de la FCM; Antonio Morales, presidente del Cabildo de Gran Canaria; Katrin Steffen, comisaria de la exposici\u00f3n; y Fernando G\u00f3mez Aguilera, director de la FCM<\/em>)<\/p>","protected":false},"excerpt":{"rendered":"<p>Ci spiace, ma questo articolo \u00e8 disponibile soltanto in ES.&#8221;Universo Manrique&#8221; se inaugur\u00f3 el jueves 28 de marzo en el Centro Atl\u00e1ntico de Arte Moderno (CAAM). Una magna exposici\u00f3n con la que el Cabildo de Gran Canaria rinde homenaje a la figura y el legado art\u00edstico de C\u00e9sar Manrique, coincidiendo con la conmemoraci\u00f3n del primer&#8230; <a href=\"https:\/\/fcmanrique.org\/it\/fcm-c-ev-relac\/exposicion-homenaje-a-manrique-en-el-caam\/\" class=\"readmore\">Contin\u00faa leyendo \u2192<\/a><\/p>\n","protected":false},"featured_media":18582,"parent":0,"template":"","meta":{"_acf_changed":false,"ngg_post_thumbnail":0,"footnotes":""},"class_list":["post-18396","fcm_c_ev_relac","type-fcm_c_ev_relac","status-publish","has-post-thumbnail","hentry","c_ev_relac_categoria-exposicion"],"acf":[],"_links":{"self":[{"href":"https:\/\/fcmanrique.org\/it\/wp-json\/wp\/v2\/fcm_c_ev_relac\/18396","targetHints":{"allow":["GET"]}}],"collection":[{"href":"https:\/\/fcmanrique.org\/it\/wp-json\/wp\/v2\/fcm_c_ev_relac"}],"about":[{"href":"https:\/\/fcmanrique.org\/it\/wp-json\/wp\/v2\/types\/fcm_c_ev_relac"}],"version-history":[{"count":3,"href":"https:\/\/fcmanrique.org\/it\/wp-json\/wp\/v2\/fcm_c_ev_relac\/18396\/revisions"}],"predecessor-version":[{"id":18455,"href":"https:\/\/fcmanrique.org\/it\/wp-json\/wp\/v2\/fcm_c_ev_relac\/18396\/revisions\/18455"}],"wp:featuredmedia":[{"embeddable":true,"href":"https:\/\/fcmanrique.org\/it\/wp-json\/wp\/v2\/media\/18582"}],"wp:attachment":[{"href":"https:\/\/fcmanrique.org\/it\/wp-json\/wp\/v2\/media?parent=18396"}],"curies":[{"name":"wp","href":"https:\/\/api.w.org\/{rel}","templated":true}]}}

Exposición homenaje a Manrique en el CAAM

<p class="qtranxs-available-languages-message qtranxs-available-languages-message-it">Ci spiace, ma questo articolo è disponibile soltanto in <a href="https://fcmanrique.org/es/wp-json/wp/v2/fcm_c_ev_relac/18396" class="qtranxs-available-language-link qtranxs-available-language-link-es" title="ES">ES</a>.</p><p>&#8221;Universo Manrique&#8221; se inauguró el jueves 28 de marzo en el Centro Atlántico de Arte Moderno (CAAM). Una magna exposición con la que el Cabildo de Gran Canaria rinde homenaje a la figura y el legado artístico de César Manrique, coincidiendo con la conmemoración del primer centenario del nacimiento del artista. &#8216;Universo Manrique’ tiene un marcado carácter multidisciplinar y ha sido articulada desde su consideración como artista total.</p>
<p>La muestra refleja la figura poliédrica de Manrique como pintor, escultor, dibujante, arquitecto del paisaje, interiorista, educador o activista medioambiental. Asimismo, da visibilidad a tres realidades fundamentales que se van entrelazando en las salas del CAAM: el desarrollo de su obra plástica, su biografía y su obra arquitectónica y de diseño, con especial hincapié en su arquitectura.</p>
<p>La exposición está comisariada por la historiadora y crítica de arte Katrin Steffen, que ha trabajado, entre otros, en el Kunstmuseum de Basilea o en la Daros Latinoamérica Collection de Zúrich y Río de Janeiro, durante más de una década.</p>
<p>Se podrá visitar hasta el 29 de septiembre de 2019.</p>
<p>(En la foto: <em>Orlando Britto, director del CAAM; José Juan Ramírez, presidente de la FCM; Antonio Morales, presidente del Cabildo de Gran Canaria; Katrin Steffen, comisaria de la exposición; y Fernando Gómez Aguilera, director de la FCM</em>)</p>

<p>Ci spiace, ma questo articolo è disponibile soltanto in ES.&#8221;Universo Manrique&#8221; se inauguró el jueves 28 de marzo en el Centro Atlántico de Arte Moderno (CAAM). Una magna exposición con la que el Cabildo de Gran Canaria rinde homenaje a la figura y el legado artístico de César Manrique, coincidiendo con la conmemoración del primer&#8230; <a href="https://fcmanrique.org/it/fcm-c-ev-relac/exposicion-homenaje-a-manrique-en-el-caam/" class="readmore">Continúa leyendo →</a></p>
