{"id":18398,"date":"2019-04-15T12:38:23","date_gmt":"2019-04-15T12:38:23","guid":{"rendered":"https:\/\/fcmanrique.org\/?post_type=fcm_c_ev_relac&#038;p=18398"},"modified":"2019-04-17T09:12:32","modified_gmt":"2019-04-17T09:12:32","slug":"iniciativa-popular-para-dedicar-una-escultura-a-manrique","status":"publish","type":"fcm_c_ev_relac","link":"https:\/\/fcmanrique.org\/it\/fcm-c-ev-relac\/iniciativa-popular-para-dedicar-una-escultura-a-manrique\/","title":{"rendered":"Iniciativa popular para dedicar una escultura a Manrique"},"content":{"rendered":"<p class=\"qtranxs-available-languages-message qtranxs-available-languages-message-it\">Ci spiace, ma questo articolo \u00e8 disponibile soltanto in <a href=\"https:\/\/fcmanrique.org\/es\/wp-json\/wp\/v2\/fcm_c_ev_relac\/18398\" class=\"qtranxs-available-language-link qtranxs-available-language-link-es\" title=\"ES\">ES<\/a>.<\/p><p>Un homenaje que parte de la propia sociedad para impulsar la creaci\u00f3n de una escultura dedicada a C\u00e9sar Manrique con motivo del primer centenario del nacimiento del artista. El lugar que proponen para colocar esa escultura es Arrecife, la ciudad que le vio nacer.<\/p>\n<p>Esperan contar, tambi\u00e9n con apoyo econ\u00f3mico de las instituciones, aunque este proyecto se presenta como una iniciativa ciudadana.<\/p>\n<p>&nbsp;<\/p>","protected":false},"excerpt":{"rendered":"<p>Ci spiace, ma questo articolo \u00e8 disponibile soltanto in ES.Un homenaje que parte de la propia sociedad para impulsar la creaci\u00f3n de una escultura dedicada a C\u00e9sar Manrique con motivo del primer centenario del nacimiento del artista. El lugar que proponen para colocar esa escultura es Arrecife, la ciudad que le vio nacer. Esperan contar,&#8230; <a href=\"https:\/\/fcmanrique.org\/it\/fcm-c-ev-relac\/iniciativa-popular-para-dedicar-una-escultura-a-manrique\/\" class=\"readmore\">Contin\u00faa leyendo \u2192<\/a><\/p>\n","protected":false},"featured_media":18583,"parent":0,"template":"","meta":{"_acf_changed":false,"ngg_post_thumbnail":0,"footnotes":""},"class_list":["post-18398","fcm_c_ev_relac","type-fcm_c_ev_relac","status-publish","has-post-thumbnail","hentry","c_ev_relac_categoria-iniciativa-ciudadana"],"acf":[],"_links":{"self":[{"href":"https:\/\/fcmanrique.org\/it\/wp-json\/wp\/v2\/fcm_c_ev_relac\/18398","targetHints":{"allow":["GET"]}}],"collection":[{"href":"https:\/\/fcmanrique.org\/it\/wp-json\/wp\/v2\/fcm_c_ev_relac"}],"about":[{"href":"https:\/\/fcmanrique.org\/it\/wp-json\/wp\/v2\/types\/fcm_c_ev_relac"}],"version-history":[{"count":1,"href":"https:\/\/fcmanrique.org\/it\/wp-json\/wp\/v2\/fcm_c_ev_relac\/18398\/revisions"}],"predecessor-version":[{"id":18416,"href":"https:\/\/fcmanrique.org\/it\/wp-json\/wp\/v2\/fcm_c_ev_relac\/18398\/revisions\/18416"}],"wp:featuredmedia":[{"embeddable":true,"href":"https:\/\/fcmanrique.org\/it\/wp-json\/wp\/v2\/media\/18583"}],"wp:attachment":[{"href":"https:\/\/fcmanrique.org\/it\/wp-json\/wp\/v2\/media?parent=18398"}],"curies":[{"name":"wp","href":"https:\/\/api.w.org\/{rel}","templated":true}]}}

<p class="qtranxs-available-languages-message qtranxs-available-languages-message-it">Ci spiace, ma questo articolo è disponibile soltanto in <a href="https://fcmanrique.org/es/wp-json/wp/v2/fcm_c_ev_relac/18398" class="qtranxs-available-language-link qtranxs-available-language-link-es" title="ES">ES</a>.</p><p>Un homenaje que parte de la propia sociedad para impulsar la creación de una escultura dedicada a César Manrique con motivo del primer centenario del nacimiento del artista. El lugar que proponen para colocar esa escultura es Arrecife, la ciudad que le vio nacer.</p>
<p>Esperan contar, también con apoyo económico de las instituciones, aunque este proyecto se presenta como una iniciativa ciudadana.</p>
<p>&nbsp;</p>

<p>Ci spiace, ma questo articolo è disponibile soltanto in ES.Un homenaje que parte de la propia sociedad para impulsar la creación de una escultura dedicada a César Manrique con motivo del primer centenario del nacimiento del artista. El lugar que proponen para colocar esa escultura es Arrecife, la ciudad que le vio nacer. Esperan contar,&#8230; <a href="https://fcmanrique.org/it/fcm-c-ev-relac/iniciativa-popular-para-dedicar-una-escultura-a-manrique/" class="readmore">Continúa leyendo →</a></p>
