{"id":19980,"date":"2019-07-04T11:12:27","date_gmt":"2019-07-04T11:12:27","guid":{"rendered":"https:\/\/fcmanrique.org\/?post_type=fcm_c_ev_relac&#038;p=19980"},"modified":"2019-10-24T15:42:01","modified_gmt":"2019-10-24T15:42:01","slug":"cesar-manrique-protagoniza-el-ix-concurso-de-microrrelatos-de-radio-lanzarote","status":"publish","type":"fcm_c_ev_relac","link":"https:\/\/fcmanrique.org\/it\/fcm-c-ev-relac\/cesar-manrique-protagoniza-el-ix-concurso-de-microrrelatos-de-radio-lanzarote\/","title":{"rendered":"C\u00e9sar Manrique protagoniza el IX concurso de microrrelatos de Radio Lanzarote"},"content":{"rendered":"<p class=\"qtranxs-available-languages-message qtranxs-available-languages-message-it\">Ci spiace, ma questo articolo \u00e8 disponibile soltanto in <a href=\"https:\/\/fcmanrique.org\/es\/wp-json\/wp\/v2\/fcm_c_ev_relac\/19980\" class=\"qtranxs-available-language-link qtranxs-available-language-link-es\" title=\"ES\">ES<\/a>.<\/p><p>El IX Concurso de Microrrelatos de Radio Lanzarote-Onda Cero estar\u00e1 dedicado este a\u00f1o a la figura de C\u00e9sar Manrique, fruto del convenio de colaboraci\u00f3n establecido entre el medio de comunicaci\u00f3n y la Fundaci\u00f3n C\u00e9sar Manrique en el a\u00f1o del centenario del nacimiento del artista.<\/p>\n<p>El plazo para participar en el certamen se abri\u00f3 el 1 de julio y finalizar\u00e1 el 31 de agosto. Cada autor podr\u00e1 enviar un m\u00e1ximo de cinco relatos, que podr\u00e1 firmar con pseud\u00f3nimo, aunque deber\u00e1 indicar siempre un nombre y un tel\u00e9fono de contacto. Los relatos se ir\u00e1n publicando por orden de recepci\u00f3n en La Voz de Lanzarote y se leer\u00e1n en el espacio &#8216;Lectura en la Radio&#8217; de Radio Lanzarote-Onda Cero.<\/p>\n<p><a href=\"https:\/\/fcmanrique.org\/wp-content\/uploads\/fc-manrique-cesar-manrique-microrrelatos-radio-lanzarote.pdf\">M\u00e1s informaci\u00f3n sobre el concurso<\/a><\/p>","protected":false},"excerpt":{"rendered":"<p>Ci spiace, ma questo articolo \u00e8 disponibile soltanto in ES.El IX Concurso de Microrrelatos de Radio Lanzarote-Onda Cero estar\u00e1 dedicado este a\u00f1o a la figura de C\u00e9sar Manrique, fruto del convenio de colaboraci\u00f3n establecido entre el medio de comunicaci\u00f3n y la Fundaci\u00f3n C\u00e9sar Manrique en el a\u00f1o del centenario del nacimiento del artista. El plazo&#8230; <a href=\"https:\/\/fcmanrique.org\/it\/fcm-c-ev-relac\/cesar-manrique-protagoniza-el-ix-concurso-de-microrrelatos-de-radio-lanzarote\/\" class=\"readmore\">Contin\u00faa leyendo \u2192<\/a><\/p>\n","protected":false},"featured_media":19982,"parent":0,"template":"","meta":{"_acf_changed":false,"ngg_post_thumbnail":0,"footnotes":""},"class_list":["post-19980","fcm_c_ev_relac","type-fcm_c_ev_relac","status-publish","has-post-thumbnail","hentry","c_ev_relac_categoria-concurso"],"acf":[],"_links":{"self":[{"href":"https:\/\/fcmanrique.org\/it\/wp-json\/wp\/v2\/fcm_c_ev_relac\/19980","targetHints":{"allow":["GET"]}}],"collection":[{"href":"https:\/\/fcmanrique.org\/it\/wp-json\/wp\/v2\/fcm_c_ev_relac"}],"about":[{"href":"https:\/\/fcmanrique.org\/it\/wp-json\/wp\/v2\/types\/fcm_c_ev_relac"}],"version-history":[{"count":2,"href":"https:\/\/fcmanrique.org\/it\/wp-json\/wp\/v2\/fcm_c_ev_relac\/19980\/revisions"}],"predecessor-version":[{"id":20701,"href":"https:\/\/fcmanrique.org\/it\/wp-json\/wp\/v2\/fcm_c_ev_relac\/19980\/revisions\/20701"}],"wp:featuredmedia":[{"embeddable":true,"href":"https:\/\/fcmanrique.org\/it\/wp-json\/wp\/v2\/media\/19982"}],"wp:attachment":[{"href":"https:\/\/fcmanrique.org\/it\/wp-json\/wp\/v2\/media?parent=19980"}],"curies":[{"name":"wp","href":"https:\/\/api.w.org\/{rel}","templated":true}]}}

César Manrique protagoniza el IX concurso de microrrelatos de Radio Lanzarote

<p class="qtranxs-available-languages-message qtranxs-available-languages-message-it">Ci spiace, ma questo articolo è disponibile soltanto in <a href="https://fcmanrique.org/es/wp-json/wp/v2/fcm_c_ev_relac/19980" class="qtranxs-available-language-link qtranxs-available-language-link-es" title="ES">ES</a>.</p><p>El IX Concurso de Microrrelatos de Radio Lanzarote-Onda Cero estará dedicado este año a la figura de César Manrique, fruto del convenio de colaboración establecido entre el medio de comunicación y la Fundación César Manrique en el año del centenario del nacimiento del artista.</p>
<p>El plazo para participar en el certamen se abrió el 1 de julio y finalizará el 31 de agosto. Cada autor podrá enviar un máximo de cinco relatos, que podrá firmar con pseudónimo, aunque deberá indicar siempre un nombre y un teléfono de contacto. Los relatos se irán publicando por orden de recepción en La Voz de Lanzarote y se leerán en el espacio &#8216;Lectura en la Radio&#8217; de Radio Lanzarote-Onda Cero.</p>
<p><a href="https://fcmanrique.org/wp-content/uploads/fc-manrique-cesar-manrique-microrrelatos-radio-lanzarote.pdf">Más información sobre el concurso</a></p>

<p>Ci spiace, ma questo articolo è disponibile soltanto in ES.El IX Concurso de Microrrelatos de Radio Lanzarote-Onda Cero estará dedicado este año a la figura de César Manrique, fruto del convenio de colaboración establecido entre el medio de comunicación y la Fundación César Manrique en el año del centenario del nacimiento del artista. El plazo&#8230; <a href="https://fcmanrique.org/it/fcm-c-ev-relac/cesar-manrique-protagoniza-el-ix-concurso-de-microrrelatos-de-radio-lanzarote/" class="readmore">Continúa leyendo →</a></p>
