{"id":22110,"date":"2020-03-09T14:15:17","date_gmt":"2020-03-09T14:15:17","guid":{"rendered":"https:\/\/fcmanrique.org\/?post_type=fcm_c_ev_relac&#038;p=22110"},"modified":"2020-03-11T11:34:39","modified_gmt":"2020-03-11T11:34:39","slug":"curso-en-la-escuela-de-turismo-sobre-cesar-manrique","status":"publish","type":"fcm_c_ev_relac","link":"https:\/\/fcmanrique.org\/it\/fcm-c-ev-relac\/curso-en-la-escuela-de-turismo-sobre-cesar-manrique\/","title":{"rendered":"Curso en la Escuela Universitaria de Turismo sobre C\u00e9sar Manrique"},"content":{"rendered":"<p class=\"qtranxs-available-languages-message qtranxs-available-languages-message-it\">Ci spiace, ma questo articolo \u00e8 disponibile soltanto in <a href=\"https:\/\/fcmanrique.org\/es\/wp-json\/wp\/v2\/fcm_c_ev_relac\/22110\" class=\"qtranxs-available-language-link qtranxs-available-language-link-es\" title=\"ES\">ES<\/a>.<\/p><p>Curso &#8220;C\u00e9sar Manrique. Pensamiento, obra y compromiso&#8221;<\/p>\n<p>FECHA:\u00a0<strong>11 a 13 de marzo<\/strong><\/p>\n<p>LUGAR: <strong>Escuela de Turismo de Arrecife<\/strong><\/p>\n<p>HORA:\u00a0<strong>17:00 a 20:00 horas<\/strong><\/p>\n<p>La Escuela Universitaria de Turismo de Lanzarote organiza en colaboraci\u00f3n con la Fundaci\u00f3n C\u00e9sar Manrique (FCM) el curso <strong>C\u00e9sar Manrique. Pensamiento, obra y compromiso. <\/strong>Tendr\u00e1 lugar entre el 11 y el 13 de marzo de 17 a 20 horas en la Escuela Universitaria de Turismo de Lanzarote. Ser\u00e1 impartido por Alfredo D\u00edaz, responsable del Departamento Pedag\u00f3gico de la FCM.<\/p>\n<p>El curso propone una reflexi\u00f3n sobre las obras de arte p\u00fablico que Manrique materializ\u00f3 en Lanzarote, unas intervenciones en las que la presencia del arte y de la naturaleza se convierte en su principal argumento.<\/p>\n<p>El n\u00famero de plazas es limitado. La inscripci\u00f3n y matr\u00edcula se ha programado mediante un Formulario online a trav\u00e9s de la p\u00e1gina web de la Escuela Universitaria de Turismo:\u00a0 \u00a0www.eutl.es<\/p>\n<p><strong>M\u00e1s informaci\u00f3n: en la Escuela de Turismo (Tah\u00edche): 928 83 64 10<\/strong><\/p>\n<p><a href=\"https:\/\/fcmanrique.org\/wp-content\/uploads\/fc-manrique-curso-manrique-escuela-turismo.jpg\"><img loading=\"lazy\" decoding=\"async\" class=\"alignnone size-full wp-image-22112\" src=\"https:\/\/fcmanrique.org\/wp-content\/uploads\/fc-manrique-curso-manrique-escuela-turismo.jpg\" alt=\"\" width=\"920\" height=\"690\" srcset=\"https:\/\/fcmanrique.org\/wp-content\/uploads\/fc-manrique-curso-manrique-escuela-turismo.jpg 920w, https:\/\/fcmanrique.org\/wp-content\/uploads\/fc-manrique-curso-manrique-escuela-turismo-300x225.jpg 300w, https:\/\/fcmanrique.org\/wp-content\/uploads\/fc-manrique-curso-manrique-escuela-turismo-768x576.jpg 768w, https:\/\/fcmanrique.org\/wp-content\/uploads\/fc-manrique-curso-manrique-escuela-turismo-289x217.jpg 289w\" sizes=\"auto, (max-width: 920px) 100vw, 920px\" \/><\/a><\/p>\n<p>&nbsp;<\/p>","protected":false},"excerpt":{"rendered":"<p>Ci spiace, ma questo articolo \u00e8 disponibile soltanto in ES.Curso &#8220;C\u00e9sar Manrique. Pensamiento, obra y compromiso&#8221; FECHA:\u00a011 a 13 de marzo LUGAR: Escuela de Turismo de Arrecife HORA:\u00a017:00 a 20:00 horas La Escuela Universitaria de Turismo de Lanzarote organiza en colaboraci\u00f3n con la Fundaci\u00f3n C\u00e9sar Manrique (FCM) el curso C\u00e9sar Manrique. Pensamiento, obra y compromiso&#8230;. <a href=\"https:\/\/fcmanrique.org\/it\/fcm-c-ev-relac\/curso-en-la-escuela-de-turismo-sobre-cesar-manrique\/\" class=\"readmore\">Contin\u00faa leyendo \u2192<\/a><\/p>\n","protected":false},"featured_media":22141,"parent":0,"template":"","meta":{"_acf_changed":false,"ngg_post_thumbnail":0,"footnotes":""},"class_list":["post-22110","fcm_c_ev_relac","type-fcm_c_ev_relac","status-publish","has-post-thumbnail","hentry","c_ev_relac_categoria-colaboracion"],"acf":[],"_links":{"self":[{"href":"https:\/\/fcmanrique.org\/it\/wp-json\/wp\/v2\/fcm_c_ev_relac\/22110","targetHints":{"allow":["GET"]}}],"collection":[{"href":"https:\/\/fcmanrique.org\/it\/wp-json\/wp\/v2\/fcm_c_ev_relac"}],"about":[{"href":"https:\/\/fcmanrique.org\/it\/wp-json\/wp\/v2\/types\/fcm_c_ev_relac"}],"version-history":[{"count":6,"href":"https:\/\/fcmanrique.org\/it\/wp-json\/wp\/v2\/fcm_c_ev_relac\/22110\/revisions"}],"predecessor-version":[{"id":22142,"href":"https:\/\/fcmanrique.org\/it\/wp-json\/wp\/v2\/fcm_c_ev_relac\/22110\/revisions\/22142"}],"wp:featuredmedia":[{"embeddable":true,"href":"https:\/\/fcmanrique.org\/it\/wp-json\/wp\/v2\/media\/22141"}],"wp:attachment":[{"href":"https:\/\/fcmanrique.org\/it\/wp-json\/wp\/v2\/media?parent=22110"}],"curies":[{"name":"wp","href":"https:\/\/api.w.org\/{rel}","templated":true}]}}

Curso en la Escuela Universitaria de Turismo sobre César Manrique

<p class="qtranxs-available-languages-message qtranxs-available-languages-message-it">Ci spiace, ma questo articolo è disponibile soltanto in <a href="https://fcmanrique.org/es/wp-json/wp/v2/fcm_c_ev_relac/22110" class="qtranxs-available-language-link qtranxs-available-language-link-es" title="ES">ES</a>.</p><p>Curso &#8220;César Manrique. Pensamiento, obra y compromiso&#8221;</p>
<p>FECHA: <strong>11 a 13 de marzo</strong></p>
<p>LUGAR: <strong>Escuela de Turismo de Arrecife</strong></p>
<p>HORA: <strong>17:00 a 20:00 horas</strong></p>
<p>La Escuela Universitaria de Turismo de Lanzarote organiza en colaboración con la Fundación César Manrique (FCM) el curso <strong>César Manrique. Pensamiento, obra y compromiso. </strong>Tendrá lugar entre el 11 y el 13 de marzo de 17 a 20 horas en la Escuela Universitaria de Turismo de Lanzarote. Será impartido por Alfredo Díaz, responsable del Departamento Pedagógico de la FCM.</p>
<p>El curso propone una reflexión sobre las obras de arte público que Manrique materializó en Lanzarote, unas intervenciones en las que la presencia del arte y de la naturaleza se convierte en su principal argumento.</p>
<p>El número de plazas es limitado. La inscripción y matrícula se ha programado mediante un Formulario online a través de la página web de la Escuela Universitaria de Turismo:   www.eutl.es</p>
<p><strong>Más información: en la Escuela de Turismo (Tahíche): 928 83 64 10</strong></p>
<p><a href="https://fcmanrique.org/wp-content/uploads/fc-manrique-curso-manrique-escuela-turismo.jpg"><img loading="lazy" decoding="async" class="alignnone size-full wp-image-22112" src="https://fcmanrique.org/wp-content/uploads/fc-manrique-curso-manrique-escuela-turismo.jpg" alt="" width="920" height="690" srcset="https://fcmanrique.org/wp-content/uploads/fc-manrique-curso-manrique-escuela-turismo.jpg 920w, https://fcmanrique.org/wp-content/uploads/fc-manrique-curso-manrique-escuela-turismo-300x225.jpg 300w, https://fcmanrique.org/wp-content/uploads/fc-manrique-curso-manrique-escuela-turismo-768x576.jpg 768w, https://fcmanrique.org/wp-content/uploads/fc-manrique-curso-manrique-escuela-turismo-289x217.jpg 289w" sizes="auto, (max-width: 920px) 100vw, 920px" /></a></p>
<p>&nbsp;</p>

<p>Ci spiace, ma questo articolo è disponibile soltanto in ES.Curso &#8220;César Manrique. Pensamiento, obra y compromiso&#8221; FECHA: 11 a 13 de marzo LUGAR: Escuela de Turismo de Arrecife HORA: 17:00 a 20:00 horas La Escuela Universitaria de Turismo de Lanzarote organiza en colaboración con la Fundación César Manrique (FCM) el curso César Manrique. Pensamiento, obra y compromiso&#8230;. <a href="https://fcmanrique.org/it/fcm-c-ev-relac/curso-en-la-escuela-de-turismo-sobre-cesar-manrique/" class="readmore">Continúa leyendo →</a></p>
