{"id":22153,"date":"2020-03-12T14:37:01","date_gmt":"2020-03-12T14:37:01","guid":{"rendered":"https:\/\/fcmanrique.org\/?post_type=fcm_c_ev_relac&#038;p=22153"},"modified":"2020-03-12T16:01:44","modified_gmt":"2020-03-12T16:01:44","slug":"medalla-de-oro-teguise","status":"publish","type":"fcm_c_ev_relac","link":"https:\/\/fcmanrique.org\/it\/fcm-c-ev-relac\/medalla-de-oro-teguise\/","title":{"rendered":"Manrique, Medalla de Oro de Teguise"},"content":{"rendered":"<p class=\"qtranxs-available-languages-message qtranxs-available-languages-message-it\">Ci spiace, ma questo articolo \u00e8 disponibile soltanto in <a href=\"https:\/\/fcmanrique.org\/es\/wp-json\/wp\/v2\/fcm_c_ev_relac\/22153\" class=\"qtranxs-available-language-link qtranxs-available-language-link-es\" title=\"ES\">ES<\/a>.<\/p><p>El Ayuntamiento de Teguise celebr\u00f3 el 12 de marzo el acto institucional de entrega de la Medalla de Oro de Teguise, a C\u00e9sar Manrique Cabrera, a t\u00edtulo p\u00f3stumo. La m\u00e1xima distinci\u00f3n del municipio fue concedida en el Palacio Sp\u00ednola. En el acto estuvieron presentes familiares del artista, representantes pol\u00edticos locales e insulares y representantes de la Fundaci\u00f3n C\u00e9sar Manrique.<\/p>\n<p><a href=\"https:\/\/fcmanrique.org\/wp-content\/uploads\/fc-manrique-medalla-de-oro-teguise1.jpg\"><img loading=\"lazy\" decoding=\"async\" class=\"size-large wp-image-22155 alignnone\" src=\"https:\/\/fcmanrique.org\/wp-content\/uploads\/fc-manrique-medalla-de-oro-teguise1.jpg\" alt=\"\" width=\"920\" height=\"631\" srcset=\"https:\/\/fcmanrique.org\/wp-content\/uploads\/fc-manrique-medalla-de-oro-teguise1.jpg 920w, https:\/\/fcmanrique.org\/wp-content\/uploads\/fc-manrique-medalla-de-oro-teguise1-300x206.jpg 300w, https:\/\/fcmanrique.org\/wp-content\/uploads\/fc-manrique-medalla-de-oro-teguise1-768x527.jpg 768w, https:\/\/fcmanrique.org\/wp-content\/uploads\/fc-manrique-medalla-de-oro-teguise1-289x198.jpg 289w\" sizes=\"auto, (max-width: 920px) 100vw, 920px\" \/><\/a><em>Mar\u00eda Dolores Corujo, presidenta del Cabildo Insular; Carlos Manrique Cabrera, hermano de C\u00e9sar Manrique; Fernando G\u00f3mez Aguilera, director de la Fundaci\u00f3n C\u00e9sar Manrique y Oswaldo Betancort, alcalde del municipio de Teguise<\/em><\/p>\n<p>La Corporaci\u00f3n de Teguise aprob\u00f3 el pasado mes de febrero en pleno, otorgar el reconocimiento p\u00f3stumo de Hombre Ilustre Medalla de Oro de Teguise a C\u00e9sar Manrique (1919-1992), que tal y como figura en el actual Reglamento de Honores y Distinciones del Excelent\u00edsimo Ayuntamiento de Teguise, es la m\u00e1xima distinci\u00f3n que se puede otorgar, la cual fue creada para premiar m\u00e9ritos extraordinarios que concurran en personalidades, entidades o corporaciones, tanto nacionales como extranjeras, por haber prestado servicios al municipio o dispensado honores a los mismos.<\/p>\n<p><a href=\"https:\/\/fcmanrique.org\/wp-content\/uploads\/fc-manrique-medalla-de-oro-teguise2.jpg\"><img loading=\"lazy\" decoding=\"async\" class=\"size-large wp-image-22156 alignnone\" src=\"https:\/\/fcmanrique.org\/wp-content\/uploads\/fc-manrique-medalla-de-oro-teguise2.jpg\" alt=\"\" width=\"920\" height=\"616\" srcset=\"https:\/\/fcmanrique.org\/wp-content\/uploads\/fc-manrique-medalla-de-oro-teguise2.jpg 920w, https:\/\/fcmanrique.org\/wp-content\/uploads\/fc-manrique-medalla-de-oro-teguise2-300x201.jpg 300w, https:\/\/fcmanrique.org\/wp-content\/uploads\/fc-manrique-medalla-de-oro-teguise2-768x514.jpg 768w, https:\/\/fcmanrique.org\/wp-content\/uploads\/fc-manrique-medalla-de-oro-teguise2-289x194.jpg 289w\" sizes=\"auto, (max-width: 920px) 100vw, 920px\" \/><\/a><\/p>\n<p>El alcalde de Teguise, Oswaldo Betancort, ha declarado que \u201ces la primera Medalla de Oro que concede Teguise y ser\u00e1 un honor reconocer oficialmente la gran labor del artista lanzarote\u00f1o, que puso en valor los activos culturales y ambientales de Lanzarote, y especialmente los del municipio de Teguise, a trav\u00e9s de proyectos fundamentados en la singularidad de la isla, que realzaron la calidad de vida econ\u00f3mica y social de Lanzarote y el aprecio de la rica historia ancestral de Teguise\u201d.<\/p>\n<p><a href=\"https:\/\/fcmanrique.org\/wp-content\/uploads\/fc-manrique-medalla-de-oro-teguise3.jpg\"><img loading=\"lazy\" decoding=\"async\" class=\"size-large wp-image-22157 alignnone\" src=\"https:\/\/fcmanrique.org\/wp-content\/uploads\/fc-manrique-medalla-de-oro-teguise3.jpg\" alt=\"\" width=\"920\" height=\"647\" srcset=\"https:\/\/fcmanrique.org\/wp-content\/uploads\/fc-manrique-medalla-de-oro-teguise3.jpg 920w, https:\/\/fcmanrique.org\/wp-content\/uploads\/fc-manrique-medalla-de-oro-teguise3-300x211.jpg 300w, https:\/\/fcmanrique.org\/wp-content\/uploads\/fc-manrique-medalla-de-oro-teguise3-768x540.jpg 768w, https:\/\/fcmanrique.org\/wp-content\/uploads\/fc-manrique-medalla-de-oro-teguise3-289x203.jpg 289w\" sizes=\"auto, (max-width: 920px) 100vw, 920px\" \/><\/a><\/p>\n<p>Durante el acto, se present\u00f3 una proyecci\u00f3n que resum\u00eda la huella que dej\u00f3 C\u00e9sar Manrique en el municipio, del que disfrut\u00f3 desde muy joven en su casa familiar de La Caleta de Famara, y luego en su residencia Taro de Tah\u00edche. Un recorrido por su obra vital en el municipio de Teguise.<\/p>\n<p><a href=\"https:\/\/fcmanrique.org\/wp-content\/uploads\/fc-manrique-medalla-de-oro-teguise4.jpg\"><img loading=\"lazy\" decoding=\"async\" class=\"size-large wp-image-22158 alignnone\" src=\"https:\/\/fcmanrique.org\/wp-content\/uploads\/fc-manrique-medalla-de-oro-teguise4.jpg\" alt=\"\" width=\"920\" height=\"584\" srcset=\"https:\/\/fcmanrique.org\/wp-content\/uploads\/fc-manrique-medalla-de-oro-teguise4.jpg 920w, https:\/\/fcmanrique.org\/wp-content\/uploads\/fc-manrique-medalla-de-oro-teguise4-300x190.jpg 300w, https:\/\/fcmanrique.org\/wp-content\/uploads\/fc-manrique-medalla-de-oro-teguise4-768x488.jpg 768w, https:\/\/fcmanrique.org\/wp-content\/uploads\/fc-manrique-medalla-de-oro-teguise4-289x183.jpg 289w\" sizes=\"auto, (max-width: 920px) 100vw, 920px\" \/><\/a><\/p>","protected":false},"excerpt":{"rendered":"<p>Ci spiace, ma questo articolo \u00e8 disponibile soltanto in ES.El Ayuntamiento de Teguise celebr\u00f3 el 12 de marzo el acto institucional de entrega de la Medalla de Oro de Teguise, a C\u00e9sar Manrique Cabrera, a t\u00edtulo p\u00f3stumo. La m\u00e1xima distinci\u00f3n del municipio fue concedida en el Palacio Sp\u00ednola. En el acto estuvieron presentes familiares del&#8230; <a href=\"https:\/\/fcmanrique.org\/it\/fcm-c-ev-relac\/medalla-de-oro-teguise\/\" class=\"readmore\">Contin\u00faa leyendo \u2192<\/a><\/p>\n","protected":false},"featured_media":22154,"parent":0,"template":"","meta":{"_acf_changed":false,"ngg_post_thumbnail":0,"footnotes":""},"class_list":["post-22153","fcm_c_ev_relac","type-fcm_c_ev_relac","status-publish","has-post-thumbnail","hentry","c_ev_relac_categoria-reconocimiento"],"acf":[],"_links":{"self":[{"href":"https:\/\/fcmanrique.org\/it\/wp-json\/wp\/v2\/fcm_c_ev_relac\/22153","targetHints":{"allow":["GET"]}}],"collection":[{"href":"https:\/\/fcmanrique.org\/it\/wp-json\/wp\/v2\/fcm_c_ev_relac"}],"about":[{"href":"https:\/\/fcmanrique.org\/it\/wp-json\/wp\/v2\/types\/fcm_c_ev_relac"}],"version-history":[{"count":2,"href":"https:\/\/fcmanrique.org\/it\/wp-json\/wp\/v2\/fcm_c_ev_relac\/22153\/revisions"}],"predecessor-version":[{"id":22160,"href":"https:\/\/fcmanrique.org\/it\/wp-json\/wp\/v2\/fcm_c_ev_relac\/22153\/revisions\/22160"}],"wp:featuredmedia":[{"embeddable":true,"href":"https:\/\/fcmanrique.org\/it\/wp-json\/wp\/v2\/media\/22154"}],"wp:attachment":[{"href":"https:\/\/fcmanrique.org\/it\/wp-json\/wp\/v2\/media?parent=22153"}],"curies":[{"name":"wp","href":"https:\/\/api.w.org\/{rel}","templated":true}]}}

<p class="qtranxs-available-languages-message qtranxs-available-languages-message-it">Ci spiace, ma questo articolo è disponibile soltanto in <a href="https://fcmanrique.org/es/wp-json/wp/v2/fcm_c_ev_relac/22153" class="qtranxs-available-language-link qtranxs-available-language-link-es" title="ES">ES</a>.</p><p>El Ayuntamiento de Teguise celebró el 12 de marzo el acto institucional de entrega de la Medalla de Oro de Teguise, a César Manrique Cabrera, a título póstumo. La máxima distinción del municipio fue concedida en el Palacio Spínola. En el acto estuvieron presentes familiares del artista, representantes políticos locales e insulares y representantes de la Fundación César Manrique.</p>
<p><a href="https://fcmanrique.org/wp-content/uploads/fc-manrique-medalla-de-oro-teguise1.jpg"><img loading="lazy" decoding="async" class="size-large wp-image-22155 alignnone" src="https://fcmanrique.org/wp-content/uploads/fc-manrique-medalla-de-oro-teguise1.jpg" alt="" width="920" height="631" srcset="https://fcmanrique.org/wp-content/uploads/fc-manrique-medalla-de-oro-teguise1.jpg 920w, https://fcmanrique.org/wp-content/uploads/fc-manrique-medalla-de-oro-teguise1-300x206.jpg 300w, https://fcmanrique.org/wp-content/uploads/fc-manrique-medalla-de-oro-teguise1-768x527.jpg 768w, https://fcmanrique.org/wp-content/uploads/fc-manrique-medalla-de-oro-teguise1-289x198.jpg 289w" sizes="auto, (max-width: 920px) 100vw, 920px" /></a><em>María Dolores Corujo, presidenta del Cabildo Insular; Carlos Manrique Cabrera, hermano de César Manrique; Fernando Gómez Aguilera, director de la Fundación César Manrique y Oswaldo Betancort, alcalde del municipio de Teguise</em></p>
<p>La Corporación de Teguise aprobó el pasado mes de febrero en pleno, otorgar el reconocimiento póstumo de Hombre Ilustre Medalla de Oro de Teguise a César Manrique (1919-1992), que tal y como figura en el actual Reglamento de Honores y Distinciones del Excelentísimo Ayuntamiento de Teguise, es la máxima distinción que se puede otorgar, la cual fue creada para premiar méritos extraordinarios que concurran en personalidades, entidades o corporaciones, tanto nacionales como extranjeras, por haber prestado servicios al municipio o dispensado honores a los mismos.</p>
<p><a href="https://fcmanrique.org/wp-content/uploads/fc-manrique-medalla-de-oro-teguise2.jpg"><img loading="lazy" decoding="async" class="size-large wp-image-22156 alignnone" src="https://fcmanrique.org/wp-content/uploads/fc-manrique-medalla-de-oro-teguise2.jpg" alt="" width="920" height="616" srcset="https://fcmanrique.org/wp-content/uploads/fc-manrique-medalla-de-oro-teguise2.jpg 920w, https://fcmanrique.org/wp-content/uploads/fc-manrique-medalla-de-oro-teguise2-300x201.jpg 300w, https://fcmanrique.org/wp-content/uploads/fc-manrique-medalla-de-oro-teguise2-768x514.jpg 768w, https://fcmanrique.org/wp-content/uploads/fc-manrique-medalla-de-oro-teguise2-289x194.jpg 289w" sizes="auto, (max-width: 920px) 100vw, 920px" /></a></p>
<p>El alcalde de Teguise, Oswaldo Betancort, ha declarado que “es la primera Medalla de Oro que concede Teguise y será un honor reconocer oficialmente la gran labor del artista lanzaroteño, que puso en valor los activos culturales y ambientales de Lanzarote, y especialmente los del municipio de Teguise, a través de proyectos fundamentados en la singularidad de la isla, que realzaron la calidad de vida económica y social de Lanzarote y el aprecio de la rica historia ancestral de Teguise”.</p>
<p><a href="https://fcmanrique.org/wp-content/uploads/fc-manrique-medalla-de-oro-teguise3.jpg"><img loading="lazy" decoding="async" class="size-large wp-image-22157 alignnone" src="https://fcmanrique.org/wp-content/uploads/fc-manrique-medalla-de-oro-teguise3.jpg" alt="" width="920" height="647" srcset="https://fcmanrique.org/wp-content/uploads/fc-manrique-medalla-de-oro-teguise3.jpg 920w, https://fcmanrique.org/wp-content/uploads/fc-manrique-medalla-de-oro-teguise3-300x211.jpg 300w, https://fcmanrique.org/wp-content/uploads/fc-manrique-medalla-de-oro-teguise3-768x540.jpg 768w, https://fcmanrique.org/wp-content/uploads/fc-manrique-medalla-de-oro-teguise3-289x203.jpg 289w" sizes="auto, (max-width: 920px) 100vw, 920px" /></a></p>
<p>Durante el acto, se presentó una proyección que resumía la huella que dejó César Manrique en el municipio, del que disfrutó desde muy joven en su casa familiar de La Caleta de Famara, y luego en su residencia Taro de Tahíche. Un recorrido por su obra vital en el municipio de Teguise.</p>
<p><a href="https://fcmanrique.org/wp-content/uploads/fc-manrique-medalla-de-oro-teguise4.jpg"><img loading="lazy" decoding="async" class="size-large wp-image-22158 alignnone" src="https://fcmanrique.org/wp-content/uploads/fc-manrique-medalla-de-oro-teguise4.jpg" alt="" width="920" height="584" srcset="https://fcmanrique.org/wp-content/uploads/fc-manrique-medalla-de-oro-teguise4.jpg 920w, https://fcmanrique.org/wp-content/uploads/fc-manrique-medalla-de-oro-teguise4-300x190.jpg 300w, https://fcmanrique.org/wp-content/uploads/fc-manrique-medalla-de-oro-teguise4-768x488.jpg 768w, https://fcmanrique.org/wp-content/uploads/fc-manrique-medalla-de-oro-teguise4-289x183.jpg 289w" sizes="auto, (max-width: 920px) 100vw, 920px" /></a></p>

<p>Ci spiace, ma questo articolo è disponibile soltanto in ES.El Ayuntamiento de Teguise celebró el 12 de marzo el acto institucional de entrega de la Medalla de Oro de Teguise, a César Manrique Cabrera, a título póstumo. La máxima distinción del municipio fue concedida en el Palacio Spínola. En el acto estuvieron presentes familiares del&#8230; <a href="https://fcmanrique.org/it/fcm-c-ev-relac/medalla-de-oro-teguise/" class="readmore">Continúa leyendo →</a></p>
