{"id":15031,"date":"2018-02-21T11:30:21","date_gmt":"2018-02-21T11:30:21","guid":{"rendered":"https:\/\/fcmanrique.org\/fcm-exposicion\/pancho-lasso-retrospectiva\/"},"modified":"2022-11-04T11:23:16","modified_gmt":"2022-11-04T11:23:16","slug":"pancho-lasso-retrospectiva","status":"publish","type":"fcm_exposicion","link":"https:\/\/fcmanrique.org\/it\/fcm-exposicion\/pancho-lasso-retrospectiva\/","title":{"rendered":"Pancho Lasso. Retrospectiva"},"content":{"rendered":"<p class=\"qtranxs-available-languages-message qtranxs-available-languages-message-it\">Ci spiace, ma questo articolo \u00e8 disponibile soltanto in <a href=\"https:\/\/fcmanrique.org\/es\/wp-json\/wp\/v2\/fcm_exposicion\/15031\" class=\"qtranxs-available-language-link qtranxs-available-language-link-es\" title=\"ES\">ES<\/a>.<\/p><p><\/p>\n<p style=\"margin-bottom: 0cm;\">Con la muestra <em>Pancho Lasso. Retrospectiva<\/em>, la Fundaci\u00f3n C\u00e9sar Manrique ha iniciado una nueva l\u00ednea de su proyecto expositivo, dedicada a revisiones hist\u00f3ricas, que atender\u00e1 a figuras, movimientos y periodos del arte o de autores que, por diversas causas, no han recibido la consideraci\u00f3n cr\u00edtica que merecen. Una apuesta por recoger manifestaciones art\u00edsticas descentradas o complementarias, ajenas a las atenciones dominantes, en sinton\u00eda con la situaci\u00f3n perif\u00e9rica de la FCM.<\/p>\n<p>&nbsp;<\/p>\n<p style=\"margin-bottom: 0cm;\">En esta ocasi\u00f3n, a la oportunidad de reducir la mala fortuna cr\u00edtica e hist\u00f3rica del artista elegido, Pancho Lasso, cuya personalidad est\u00e1 estrechamente vinculada a la recepci\u00f3n del arte moderno en nuestro pa\u00eds, se a\u00f1ad\u00eda, como se\u00f1al\u00f3 la comisaria, Josefina Alix, el hecho de que su concepci\u00f3n geol\u00f3gica, su plasticidad volc\u00e1nica y su vinculaci\u00f3n paisaj\u00edstica est\u00e9n en el origen de la simbiosis arte-naturaleza que caracteriz\u00f3 la obra de C\u00e9sar Manrique.<\/p>\n<p>&nbsp;<\/p>\n<p style=\"margin-bottom: 0cm;\">La exposici\u00f3n se articul\u00f3 en torno a dos grandes apartados, que se corresponden con los dos periodos cruciales de su biograf\u00eda, de lenguajes claramente diferenciados. En el primero, que cubre la producci\u00f3n anterior a la Guerra Civil, se recoge su etapa madrile\u00f1a, determinada por su proximidad a la tertulia del \u201cCaf\u00e9 de Oriente\u201d, la influencia indirecta de Rafael Barradas y fundamentalmente su fruct\u00edfera relaci\u00f3n con Alberto S\u00e1nchez y la aventura de la primera \u201cEscuela de Vallecas\u201d. Es la \u00e9poca del \u201carte nuevo\u201d, de la vanguardia, de cierto primitivismo y neocubismo, que le emparenta con la renovaci\u00f3n pl\u00e1stica espa\u00f1ola m\u00e1s radical de aquellos a\u00f1os.<\/p>\n<p>&nbsp;<\/p>\n<p style=\"margin-bottom: 0cm;\">El segundo apartado recoge la obra que realiz\u00f3 en Lanzarote, tras la Guerra Civil y, desde 1946, en su regreso a Madrid. Caracterizada por su proximidad a los postulados del realismo socialista, pervive en ella la proximidad a la naturaleza de su isla natal.<\/p>\n<p>&nbsp;<\/p>\n<p style=\"margin-bottom: 0cm;\">Nacido en Arrecife de Lanzarote, en 1904, Pancho Lasso recibi\u00f3 su primera formaci\u00f3n art\u00edstica en la Escuela de Artes y Oficios de la isla. En 1926, una beca del Cabildo Insular le permiti\u00f3 trasladarse a Madrid, donde se matricul\u00f3 a la vez en la Escuela de Bellas Artes de San Fernando y en la Escuela de Artes y Oficios.<\/p>\n<p style=\"margin-bottom: 0cm;\">En la tertulia del \u201cCaf\u00e9 de Oriente\u201d conoci\u00f3 a la figura m\u00e1s influyente en su carrera profesional, el escultor Alberto, que le acerc\u00f3 al \u201cArte Nuevo\u201d. Asimil\u00f3 r\u00e1pidamente el ideario y las f\u00f3rmulas de su maestro, con quien, junto a Benjam\u00edn Palencia, fund\u00f3 la Escuela de Vallecas.<\/p>\n<p>&nbsp;<\/p>\n<p style=\"margin-bottom: 0cm;\">Al concluir la guerra, regres\u00f3 a Lanzarote. Su arte se transform\u00f3 y se inclin\u00f3 por un realismo popular, cuyos motivos preferentes fueron los campesinos y pescadores de la isla, representantes del mundo del trabajo.<\/p>\n<p style=\"margin-bottom: 0cm;\">Volvi\u00f3 de nuevo a Madrid en 1946, y en esta ciudad falleci\u00f3 el 25 de enero de 1973.<\/p>\n<p>&nbsp;<\/p>\n<p style=\"margin-bottom: 0cm;\">La exposici\u00f3n recibi\u00f3 23.323 visitantes.<\/p>\n<p><\/p>","protected":false},"featured_media":16847,"parent":0,"template":"","meta":{"_acf_changed":false,"ngg_post_thumbnail":0,"footnotes":""},"exposicion_linea_discursiva":[53],"class_list":["post-15031","fcm_exposicion","type-fcm_exposicion","status-publish","has-post-thumbnail","hentry","exposicion_linea_discursiva-revisiones-historicas"],"acf":[],"_links":{"self":[{"href":"https:\/\/fcmanrique.org\/it\/wp-json\/wp\/v2\/fcm_exposicion\/15031","targetHints":{"allow":["GET"]}}],"collection":[{"href":"https:\/\/fcmanrique.org\/it\/wp-json\/wp\/v2\/fcm_exposicion"}],"about":[{"href":"https:\/\/fcmanrique.org\/it\/wp-json\/wp\/v2\/types\/fcm_exposicion"}],"version-history":[{"count":5,"href":"https:\/\/fcmanrique.org\/it\/wp-json\/wp\/v2\/fcm_exposicion\/15031\/revisions"}],"predecessor-version":[{"id":23232,"href":"https:\/\/fcmanrique.org\/it\/wp-json\/wp\/v2\/fcm_exposicion\/15031\/revisions\/23232"}],"wp:featuredmedia":[{"embeddable":true,"href":"https:\/\/fcmanrique.org\/it\/wp-json\/wp\/v2\/media\/16847"}],"wp:attachment":[{"href":"https:\/\/fcmanrique.org\/it\/wp-json\/wp\/v2\/media?parent=15031"}],"wp:term":[{"taxonomy":"exposicion_linea_discursiva","embeddable":true,"href":"https:\/\/fcmanrique.org\/it\/wp-json\/wp\/v2\/exposicion_linea_discursiva?post=15031"}],"curies":[{"name":"wp","href":"https:\/\/api.w.org\/{rel}","templated":true}]}}

<p class="qtranxs-available-languages-message qtranxs-available-languages-message-it">Ci spiace, ma questo articolo è disponibile soltanto in <a href="https://fcmanrique.org/es/wp-json/wp/v2/fcm_exposicion/15031" class="qtranxs-available-language-link qtranxs-available-language-link-es" title="ES">ES</a>.</p><p></p>
<p style="margin-bottom: 0cm;">Con la muestra <em>Pancho Lasso. Retrospectiva</em>, la Fundación César Manrique ha iniciado una nueva línea de su proyecto expositivo, dedicada a revisiones históricas, que atenderá a figuras, movimientos y periodos del arte o de autores que, por diversas causas, no han recibido la consideración crítica que merecen. Una apuesta por recoger manifestaciones artísticas descentradas o complementarias, ajenas a las atenciones dominantes, en sintonía con la situación periférica de la FCM.</p>
<p>&nbsp;</p>
<p style="margin-bottom: 0cm;">En esta ocasión, a la oportunidad de reducir la mala fortuna crítica e histórica del artista elegido, Pancho Lasso, cuya personalidad está estrechamente vinculada a la recepción del arte moderno en nuestro país, se añadía, como señaló la comisaria, Josefina Alix, el hecho de que su concepción geológica, su plasticidad volcánica y su vinculación paisajística estén en el origen de la simbiosis arte-naturaleza que caracterizó la obra de César Manrique.</p>
<p>&nbsp;</p>
<p style="margin-bottom: 0cm;">La exposición se articuló en torno a dos grandes apartados, que se corresponden con los dos periodos cruciales de su biografía, de lenguajes claramente diferenciados. En el primero, que cubre la producción anterior a la Guerra Civil, se recoge su etapa madrileña, determinada por su proximidad a la tertulia del “Café de Oriente”, la influencia indirecta de Rafael Barradas y fundamentalmente su fructífera relación con Alberto Sánchez y la aventura de la primera “Escuela de Vallecas”. Es la época del “arte nuevo”, de la vanguardia, de cierto primitivismo y neocubismo, que le emparenta con la renovación plástica española más radical de aquellos años.</p>
<p>&nbsp;</p>
<p style="margin-bottom: 0cm;">El segundo apartado recoge la obra que realizó en Lanzarote, tras la Guerra Civil y, desde 1946, en su regreso a Madrid. Caracterizada por su proximidad a los postulados del realismo socialista, pervive en ella la proximidad a la naturaleza de su isla natal.</p>
<p>&nbsp;</p>
<p style="margin-bottom: 0cm;">Nacido en Arrecife de Lanzarote, en 1904, Pancho Lasso recibió su primera formación artística en la Escuela de Artes y Oficios de la isla. En 1926, una beca del Cabildo Insular le permitió trasladarse a Madrid, donde se matriculó a la vez en la Escuela de Bellas Artes de San Fernando y en la Escuela de Artes y Oficios.</p>
<p style="margin-bottom: 0cm;">En la tertulia del “Café de Oriente” conoció a la figura más influyente en su carrera profesional, el escultor Alberto, que le acercó al “Arte Nuevo”. Asimiló rápidamente el ideario y las fórmulas de su maestro, con quien, junto a Benjamín Palencia, fundó la Escuela de Vallecas.</p>
<p>&nbsp;</p>
<p style="margin-bottom: 0cm;">Al concluir la guerra, regresó a Lanzarote. Su arte se transformó y se inclinó por un realismo popular, cuyos motivos preferentes fueron los campesinos y pescadores de la isla, representantes del mundo del trabajo.</p>
<p style="margin-bottom: 0cm;">Volvió de nuevo a Madrid en 1946, y en esta ciudad falleció el 25 de enero de 1973.</p>
<p>&nbsp;</p>
<p style="margin-bottom: 0cm;">La exposición recibió 23.323 visitantes.</p>
<p></p>
