{"id":15074,"date":"2018-02-21T11:30:31","date_gmt":"2018-02-21T11:30:31","guid":{"rendered":"https:\/\/fcmanrique.org\/fcm-exposicion\/manrique-en-imagenes-de-rojas-farina\/"},"modified":"2022-11-04T14:01:19","modified_gmt":"2022-11-04T14:01:19","slug":"manrique-en-imagenes-de-rojas-farina","status":"publish","type":"fcm_exposicion","link":"https:\/\/fcmanrique.org\/it\/fcm-exposicion\/manrique-en-imagenes-de-rojas-farina\/","title":{"rendered":"Manrique en im\u00e1genes de Rojas Fari\u00f1a"},"content":{"rendered":"<p class=\"qtranxs-available-languages-message qtranxs-available-languages-message-it\">Ci spiace, ma questo articolo \u00e8 disponibile soltanto in <a href=\"https:\/\/fcmanrique.org\/es\/wp-json\/wp\/v2\/fcm_exposicion\/15074\" class=\"qtranxs-available-language-link qtranxs-available-language-link-es\" title=\"ES\">ES<\/a>.<\/p><p><\/p>\n<p class=\"MsoNormal\"><span style=\"ofont-size: 10pt; ofont-family: Arial;\">La exposici\u00f3n, celebrada entre el 30 de junio y el 30 de agosto de 1994, reun\u00eda fotograf\u00edas de C\u00e9sar Manrique de diversa \u00edndole \u2014retratos, trabajando, con amigos\u2014 realizadas por Rojas Fari\u00f1a entre 1962 y 1992.<\/span><\/p>\n<p class=\"MsoNormal\"><span style=\"ofont-size: 10pt; ofont-family: Arial;\">\u201cManrique y Fari\u00f1a \u2014leemos en el cat\u00e1logo\u2014 se conocieron en 1945, en la traves\u00eda que ambos realizaban rumbo a Madrid, adonde se dirig\u00edan para iniciar sus estudios respectivos. De ese casual encuentro surgi\u00f3 una entra\u00f1able amistad, que a veces depar\u00f3 en colaboraci\u00f3n profesional \u2014como fue el audiovisual sobre Lanzarote que el fot\u00f3grafo proyect\u00f3 en la galer\u00eda Skira en una inauguraci\u00f3n del artista (1970)\u2014, y que perdur\u00f3 en el tiempo hasta la muerte de Manrique en 1992.<\/span><\/p>\n<p class=\"MsoNormal\"><span style=\"ofont-size: 10pt; ofont-family: Arial;\">\u201cCasi medio siglo de relaci\u00f3n, interrumpida en ocasiones por la lejan\u00eda f\u00edsica \u2014Rojas retorn\u00f3 a la isla en 1952 y Manrique en 1968\u2014, que ha dejado como fruto un importante fondo documental gr\u00e1fico sobre el artista lanzarote\u00f1o, utilizado en diversas ocasiones para ilustrar sus cat\u00e1logos y monograf\u00edas\u201d.<\/span><\/p>\n<p><span style=\"ofont-size: 10pt; ofont-family: Arial;\">La muestra recibi\u00f3 20.540 visitantes, y las obras de la exposici\u00f3n pasaron a formar parte del fondo documental gr\u00e1fico de la FCM.<\/span><\/p>","protected":false},"featured_media":16791,"parent":0,"template":"","meta":{"_acf_changed":false,"ngg_post_thumbnail":0,"footnotes":""},"exposicion_linea_discursiva":[50],"class_list":["post-15074","fcm_exposicion","type-fcm_exposicion","status-publish","has-post-thumbnail","hentry","exposicion_linea_discursiva-exposiciones-dedicadas-a-manrique"],"acf":[],"_links":{"self":[{"href":"https:\/\/fcmanrique.org\/it\/wp-json\/wp\/v2\/fcm_exposicion\/15074","targetHints":{"allow":["GET"]}}],"collection":[{"href":"https:\/\/fcmanrique.org\/it\/wp-json\/wp\/v2\/fcm_exposicion"}],"about":[{"href":"https:\/\/fcmanrique.org\/it\/wp-json\/wp\/v2\/types\/fcm_exposicion"}],"version-history":[{"count":2,"href":"https:\/\/fcmanrique.org\/it\/wp-json\/wp\/v2\/fcm_exposicion\/15074\/revisions"}],"predecessor-version":[{"id":23237,"href":"https:\/\/fcmanrique.org\/it\/wp-json\/wp\/v2\/fcm_exposicion\/15074\/revisions\/23237"}],"wp:featuredmedia":[{"embeddable":true,"href":"https:\/\/fcmanrique.org\/it\/wp-json\/wp\/v2\/media\/16791"}],"wp:attachment":[{"href":"https:\/\/fcmanrique.org\/it\/wp-json\/wp\/v2\/media?parent=15074"}],"wp:term":[{"taxonomy":"exposicion_linea_discursiva","embeddable":true,"href":"https:\/\/fcmanrique.org\/it\/wp-json\/wp\/v2\/exposicion_linea_discursiva?post=15074"}],"curies":[{"name":"wp","href":"https:\/\/api.w.org\/{rel}","templated":true}]}}

Manrique en imágenes de Rojas Fariña

<p class="qtranxs-available-languages-message qtranxs-available-languages-message-it">Ci spiace, ma questo articolo è disponibile soltanto in <a href="https://fcmanrique.org/es/wp-json/wp/v2/fcm_exposicion/15074" class="qtranxs-available-language-link qtranxs-available-language-link-es" title="ES">ES</a>.</p><p></p>
<p class="MsoNormal"><span style="ofont-size: 10pt; ofont-family: Arial;">La exposición, celebrada entre el 30 de junio y el 30 de agosto de 1994, reunía fotografías de César Manrique de diversa índole —retratos, trabajando, con amigos— realizadas por Rojas Fariña entre 1962 y 1992.</span></p>
<p class="MsoNormal"><span style="ofont-size: 10pt; ofont-family: Arial;">“Manrique y Fariña —leemos en el catálogo— se conocieron en 1945, en la travesía que ambos realizaban rumbo a Madrid, adonde se dirigían para iniciar sus estudios respectivos. De ese casual encuentro surgió una entrañable amistad, que a veces deparó en colaboración profesional —como fue el audiovisual sobre Lanzarote que el fotógrafo proyectó en la galería Skira en una inauguración del artista (1970)—, y que perduró en el tiempo hasta la muerte de Manrique en 1992.</span></p>
<p class="MsoNormal"><span style="ofont-size: 10pt; ofont-family: Arial;">“Casi medio siglo de relación, interrumpida en ocasiones por la lejanía física —Rojas retornó a la isla en 1952 y Manrique en 1968—, que ha dejado como fruto un importante fondo documental gráfico sobre el artista lanzaroteño, utilizado en diversas ocasiones para ilustrar sus catálogos y monografías”.</span></p>
<p><span style="ofont-size: 10pt; ofont-family: Arial;">La muestra recibió 20.540 visitantes, y las obras de la exposición pasaron a formar parte del fondo documental gráfico de la FCM.</span></p>
