{"id":16060,"date":"1997-12-30T00:00:00","date_gmt":"1997-12-30T00:00:00","guid":{"rendered":"https:\/\/fcmanrique.org\/fcm-publicacion\/timanfaya\/"},"modified":"2023-11-23T09:21:54","modified_gmt":"2023-11-23T09:21:54","slug":"timanfaya","status":"publish","type":"fcm_publicacion","link":"https:\/\/fcmanrique.org\/it\/fcm-publicacion\/timanfaya\/","title":{"rendered":"Timanfaya"},"content":{"rendered":"<p class=\"qtranxs-available-languages-message qtranxs-available-languages-message-it\">Ci spiace, ma questo articolo \u00e8 disponibile soltanto in <a href=\"https:\/\/fcmanrique.org\/es\/wp-json\/wp\/v2\/fcm_publicacion\/16060\" class=\"qtranxs-available-language-link qtranxs-available-language-link-es\" title=\"ES\">ES<\/a>.<\/p><p><\/p>\n<p class=\"MsoNormal\"><span style=\"ofont-size: 10pt; ofont-family: Arial;\"><strong>L\u00e1zaro Santana<\/strong> (Las Palmas de Gran Canaria, 1940), poeta y cr\u00edtico, interesado en el estudio y la difusi\u00f3n de la literatura y el arte canarios contempor\u00e1neos ha publicado los poemarios <em>El hilo no tiene fin<\/em> (1966), <em>Recordatorio USA<\/em> (1971), <em>Efem\u00e9rides<\/em> (1973), <em>Cuaderno guanche<\/em> (1977), <em>Destino<\/em> (1981), <em>Que gira entre las islas<\/em> (1985), <em>Ap\u00f3crifos de Catulo<\/em> (1987) <em>Paisajes y otros cuerpos<\/em> (1989) y <em>Para que exista el navegante<\/em> (1977).<\/span><\/p>\n<p class=\"MsoNormal\"><span style=\"ofont-size: 10pt; ofont-family: Arial;\">Ha traducido a Cavafis, Langston Hugues y otros autores. De entre sus ensayos literarios destacan <em>Poes\u00eda canaria contempor\u00e1nea<\/em> (1966), <em>Perfil del oficinista<\/em> (1988) y <em>Modernismo y Vanguardia<\/em> (1988). Ha dedicado monograf\u00edas a los artistas <em>Pl\u00e1cido Fleitas <\/em>(1973), <em>Pedro Gonz\u00e1lez<\/em> (1973), <em>Antonio Padr\u00f3n<\/em> (1974), <em>Manolo Millares<\/em> (1974), <em>Jos\u00e9 Aguiar<\/em> (1974),<em> Juan Guillermo<\/em> (1977) y <em>Cristino de Vera<\/em> (1978 y 1987).<\/span><\/p>\n<p class=\"MsoNormal\"><span style=\"ofont-size: 10pt; ofont-family: Arial;\"><strong>Pedro Mart\u00ednez de Albornoz<\/strong> (1966), se dedica profesionalmente a la fotografia desde el a\u00f1o 1987, abarcando todo tipo de \u00e1reas y t\u00e9cnicas. Ha trabajado en la reproducci\u00f3n de obras de arte y de arquitectura, en el retrato y en la labor editorial. Es miembro fundador del archivo fotogr\u00e1fico ZAS.<\/span><\/p>\n<p class=\"MsoNormal\"><span style=\"ofont-size: 10pt; ofont-family: Arial;\">Entre sus publicaciones en libros, destaca <em>La Fundaci\u00f3n C\u00e9sar Manrique<\/em> (1996). <\/span><\/p>\n<p class=\"MsoNormal\"><span style=\"ofont-size: 10pt; ofont-family: Arial;\">Ha participado en distintas exposiciones colectivas, as\u00ed Madrid en blanco y negro, galer\u00eda El caballo de Troya (Madrid, 1992); Toros en la Gran V\u00eda, galer\u00eda Buades (Madrid, 1993); Nocturnancia, caf\u00e9-galer\u00eda El Rat\u00f3n (Madrid, 1993); Instantes, Sala de Exposiciones del peri\u00f3dico Levante (Valencia, 1996) y El \u00c1lbum, Sala de Exposiciones del Canal de Isabel II (Madrid, 1997).<\/span><\/p>\n<p class=\"MsoNormal\"><span style=\"ofont-size: 10pt; ofont-family: Arial;\">El ensayo de L\u00e1zaro Santana recorre, en cap\u00edtulos sucesivos, el hecho est\u00e9tico en s\u00ed del espacio natural de Timanfaya; su calificaci\u00f3n de Parque Nacional; el recuerdo de la explosi\u00f3n volc\u00e1nica que es su origen; la flora y la fauna de la zona; la ruta de los volcanes; la construcci\u00f3n del restaurante El Diablo y su decoraci\u00f3n, obra de C\u00e9sar Manrique, as\u00ed como el simbolismo del c\u00edrculo, que lo caracteriza. <\/span><\/p>\n<p class=\"MsoNormal\"><span style=\"ofont-size: 10pt; ofont-family: Arial;\">Las fotograf\u00edas de Pedro Mart\u00ednez de Albornoz son complemento y contrapunto del texto. <\/span><\/p>\n<p><span style=\"ofont-size: 10pt; ofont-family: Arial;\">Editado en versi\u00f3n triling\u00fce \u2013espa\u00f1ol, ingl\u00e9s y alem\u00e1n-.<br \/>\n<\/span><\/p>","protected":false},"featured_media":17526,"parent":0,"template":"","meta":{"_acf_changed":false,"ngg_post_thumbnail":0,"footnotes":""},"publicacion_coleccion":[62],"class_list":["post-16060","fcm_publicacion","type-fcm_publicacion","status-publish","has-post-thumbnail","hentry","publicacion_coleccion-lugares"],"acf":[],"_links":{"self":[{"href":"https:\/\/fcmanrique.org\/it\/wp-json\/wp\/v2\/fcm_publicacion\/16060","targetHints":{"allow":["GET"]}}],"collection":[{"href":"https:\/\/fcmanrique.org\/it\/wp-json\/wp\/v2\/fcm_publicacion"}],"about":[{"href":"https:\/\/fcmanrique.org\/it\/wp-json\/wp\/v2\/types\/fcm_publicacion"}],"version-history":[{"count":2,"href":"https:\/\/fcmanrique.org\/it\/wp-json\/wp\/v2\/fcm_publicacion\/16060\/revisions"}],"predecessor-version":[{"id":24482,"href":"https:\/\/fcmanrique.org\/it\/wp-json\/wp\/v2\/fcm_publicacion\/16060\/revisions\/24482"}],"wp:featuredmedia":[{"embeddable":true,"href":"https:\/\/fcmanrique.org\/it\/wp-json\/wp\/v2\/media\/17526"}],"wp:attachment":[{"href":"https:\/\/fcmanrique.org\/it\/wp-json\/wp\/v2\/media?parent=16060"}],"wp:term":[{"taxonomy":"publicacion_coleccion","embeddable":true,"href":"https:\/\/fcmanrique.org\/it\/wp-json\/wp\/v2\/publicacion_coleccion?post=16060"}],"curies":[{"name":"wp","href":"https:\/\/api.w.org\/{rel}","templated":true}]}}

<p class="qtranxs-available-languages-message qtranxs-available-languages-message-it">Ci spiace, ma questo articolo è disponibile soltanto in <a href="https://fcmanrique.org/es/wp-json/wp/v2/fcm_publicacion/16060" class="qtranxs-available-language-link qtranxs-available-language-link-es" title="ES">ES</a>.</p><p></p>
<p class="MsoNormal"><span style="ofont-size: 10pt; ofont-family: Arial;"><strong>Lázaro Santana</strong> (Las Palmas de Gran Canaria, 1940), poeta y crítico, interesado en el estudio y la difusión de la literatura y el arte canarios contemporáneos ha publicado los poemarios <em>El hilo no tiene fin</em> (1966), <em>Recordatorio USA</em> (1971), <em>Efemérides</em> (1973), <em>Cuaderno guanche</em> (1977), <em>Destino</em> (1981), <em>Que gira entre las islas</em> (1985), <em>Apócrifos de Catulo</em> (1987) <em>Paisajes y otros cuerpos</em> (1989) y <em>Para que exista el navegante</em> (1977).</span></p>
<p class="MsoNormal"><span style="ofont-size: 10pt; ofont-family: Arial;">Ha traducido a Cavafis, Langston Hugues y otros autores. De entre sus ensayos literarios destacan <em>Poesía canaria contemporánea</em> (1966), <em>Perfil del oficinista</em> (1988) y <em>Modernismo y Vanguardia</em> (1988). Ha dedicado monografías a los artistas <em>Plácido Fleitas </em>(1973), <em>Pedro González</em> (1973), <em>Antonio Padrón</em> (1974), <em>Manolo Millares</em> (1974), <em>José Aguiar</em> (1974),<em> Juan Guillermo</em> (1977) y <em>Cristino de Vera</em> (1978 y 1987).</span></p>
<p class="MsoNormal"><span style="ofont-size: 10pt; ofont-family: Arial;"><strong>Pedro Martínez de Albornoz</strong> (1966), se dedica profesionalmente a la fotografia desde el año 1987, abarcando todo tipo de áreas y técnicas. Ha trabajado en la reproducción de obras de arte y de arquitectura, en el retrato y en la labor editorial. Es miembro fundador del archivo fotográfico ZAS.</span></p>
<p class="MsoNormal"><span style="ofont-size: 10pt; ofont-family: Arial;">Entre sus publicaciones en libros, destaca <em>La Fundación César Manrique</em> (1996). </span></p>
<p class="MsoNormal"><span style="ofont-size: 10pt; ofont-family: Arial;">Ha participado en distintas exposiciones colectivas, así Madrid en blanco y negro, galería El caballo de Troya (Madrid, 1992); Toros en la Gran Vía, galería Buades (Madrid, 1993); Nocturnancia, café-galería El Ratón (Madrid, 1993); Instantes, Sala de Exposiciones del periódico Levante (Valencia, 1996) y El Álbum, Sala de Exposiciones del Canal de Isabel II (Madrid, 1997).</span></p>
<p class="MsoNormal"><span style="ofont-size: 10pt; ofont-family: Arial;">El ensayo de Lázaro Santana recorre, en capítulos sucesivos, el hecho estético en sí del espacio natural de Timanfaya; su calificación de Parque Nacional; el recuerdo de la explosión volcánica que es su origen; la flora y la fauna de la zona; la ruta de los volcanes; la construcción del restaurante El Diablo y su decoración, obra de César Manrique, así como el simbolismo del círculo, que lo caracteriza. </span></p>
<p class="MsoNormal"><span style="ofont-size: 10pt; ofont-family: Arial;">Las fotografías de Pedro Martínez de Albornoz son complemento y contrapunto del texto. </span></p>
<p><span style="ofont-size: 10pt; ofont-family: Arial;">Editado en versión trilingüe –español, inglés y alemán-.<br />
</span></p>
