{"id":16238,"date":"2006-12-21T00:00:00","date_gmt":"2006-12-21T00:00:00","guid":{"rendered":"https:\/\/fcmanrique.org\/fcm-publicacion\/calidad-de-la-democracia-y-proteccion-ambiental-en-canarias\/"},"modified":"2023-11-23T12:49:18","modified_gmt":"2023-11-23T12:49:18","slug":"calidad-de-la-democracia-y-proteccion-ambiental-en-canarias","status":"publish","type":"fcm_publicacion","link":"https:\/\/fcmanrique.org\/it\/fcm-publicacion\/calidad-de-la-democracia-y-proteccion-ambiental-en-canarias\/","title":{"rendered":"Calidad de la democracia y protecci\u00f3n ambiental en Canarias"},"content":{"rendered":"<p class=\"qtranxs-available-languages-message qtranxs-available-languages-message-it\">Ci spiace, ma questo articolo \u00e8 disponibile soltanto in <a href=\"https:\/\/fcmanrique.org\/es\/wp-json\/wp\/v2\/fcm_publicacion\/16238\" class=\"qtranxs-available-language-link qtranxs-available-language-link-es\" title=\"ES\">ES<\/a>.<\/p><p><\/p>\n<p class=\"MsoNormal\"><span style=\"ofont-size: 10pt; ofont-family: Arial;\">\u00bfC\u00f3mo se toman las decisiones p\u00fablicas sobre cuestiones ambientales? \u00bfExiste relaci\u00f3n entre la financiaci\u00f3n de los partidos y las decisiones de los gobiernos? \u00bfCon qu\u00e9 criterios funcionan los organismos p\u00fablicos? \u00bfSe puede restringir la democracia a una mera cuesti\u00f3n de votar y de usar esos votos para tomar decisiones? \u00bfPuede existir la democracia sin argumentos y decisiones de calidad? \u00bfSe puede aceptar como democr\u00e1tica la pr\u00e1ctica, habitual, de \u201cvotos frente a argumentos\u201d? \u00bfPor qu\u00e9 los partidos pol\u00edticos muestran tanto rechazo a realizar debates p\u00fablicos serios y honestos sobre temas controvertidos? \u00bfDefienden los gobiernos el inter\u00e9s p\u00fablico?<br \/>\n<\/span><\/p>\n<p class=\"MsoNormal\"><span style=\"ofont-size: 10pt; ofont-family: Arial;\">Este libro contesta a estas y otras cuestiones mostrando que los conflictos socio ambientales que vive Canarias en los \u00faltimos a\u00f1os reflejan un serio deterioro de la democracia formal y una destacada vitalidad por parte de la sociedad civil. Los autores son&nbsp;investigadores sociales que&nbsp;se han involucrado, adem\u00e1s, como ciudadanos en los movimientos sociales que han surgido en&nbsp;estos a\u00f1os, con el doble objetivo de tratar de comprender mejor lo que est\u00e1 ocurriendo y de aportar luz, en la medida de lo posible, para argumentar con calidad, algo que falta, habitualmente.<\/span><\/p>\n<p class=\"MsoNormal\"><strong>Editado por Federico Aguilera Klink<\/strong>, el libro incluye los siguientes cap\u00edtulos: <em>Investigaci\u00f3n orientada a la comunidad: la experiencia del Centro de Estudios Ecosociales de la Universidad de La Laguna<\/em>, de Jos\u00e9 Manuel de C\u00f3zar Escalante y Juan S\u00e1nchez Garc\u00eda;<em> Canarias como ultraperiferia de la democracia: rasgos e implicaciones fundamentales del modelo econ\u00f3mico victimista<\/em>, de Federico Aguilera Klink; P<em>laneamiento urbano y participaci\u00f3n ciudadana en Santa Cruz de Tenerife: entre el discurso participativo y la pr\u00e1ctica oportunista<\/em>, de Luz Marina Garc\u00eda Herrera y Fernando Sabat\u00e9 Bel; <em>Aceleraci\u00f3n autoritaria o sosiego democr\u00e1tico: del tiempo del capital al tiempo de la ciudadan\u00eda<\/em>, de Fernando Sabat\u00e9 Bel; <em>La protecci\u00f3n ambiental del suelo agr\u00edcola en Canarias. El Rinc\u00f3n (Tenerife) como referencia<\/em>, de Juan S\u00e1nchez Garc\u00eda y Mar\u00eda Elena S\u00e1nchez Jord\u00e1n;<em> El deterioro ambiental en Canarias como resultado del deterioro de la calidad de la democracia<\/em>, de Federico Aguilera Klink y Juan S\u00e1nchez Garc\u00eda; y <em>Seminario de las Median\u00edas del Valle de La Orotova: algunas conclusiones.<\/em><\/p>\n<p><strong>Presentaci\u00f3n del libro, el 12 de abril de 2007, en la sede de la FCM:<\/strong> <a href=\"https:\/\/fcmanrique.org\/fcm-actividad\/calidad-de-la-democracia-y-protecci\/?cpg=5\">Acto de presentaci\u00f3n<\/a><\/p>","protected":false},"featured_media":16239,"parent":0,"template":"","meta":{"_acf_changed":false,"ngg_post_thumbnail":0,"footnotes":""},"publicacion_coleccion":[67],"class_list":["post-16238","fcm_publicacion","type-fcm_publicacion","status-publish","has-post-thumbnail","hentry","publicacion_coleccion-torcusa"],"acf":[],"_links":{"self":[{"href":"https:\/\/fcmanrique.org\/it\/wp-json\/wp\/v2\/fcm_publicacion\/16238","targetHints":{"allow":["GET"]}}],"collection":[{"href":"https:\/\/fcmanrique.org\/it\/wp-json\/wp\/v2\/fcm_publicacion"}],"about":[{"href":"https:\/\/fcmanrique.org\/it\/wp-json\/wp\/v2\/types\/fcm_publicacion"}],"version-history":[{"count":2,"href":"https:\/\/fcmanrique.org\/it\/wp-json\/wp\/v2\/fcm_publicacion\/16238\/revisions"}],"predecessor-version":[{"id":24517,"href":"https:\/\/fcmanrique.org\/it\/wp-json\/wp\/v2\/fcm_publicacion\/16238\/revisions\/24517"}],"wp:featuredmedia":[{"embeddable":true,"href":"https:\/\/fcmanrique.org\/it\/wp-json\/wp\/v2\/media\/16239"}],"wp:attachment":[{"href":"https:\/\/fcmanrique.org\/it\/wp-json\/wp\/v2\/media?parent=16238"}],"wp:term":[{"taxonomy":"publicacion_coleccion","embeddable":true,"href":"https:\/\/fcmanrique.org\/it\/wp-json\/wp\/v2\/publicacion_coleccion?post=16238"}],"curies":[{"name":"wp","href":"https:\/\/api.w.org\/{rel}","templated":true}]}}

Calidad de la democracia y protección ambiental en Canarias

<p class="qtranxs-available-languages-message qtranxs-available-languages-message-it">Ci spiace, ma questo articolo è disponibile soltanto in <a href="https://fcmanrique.org/es/wp-json/wp/v2/fcm_publicacion/16238" class="qtranxs-available-language-link qtranxs-available-language-link-es" title="ES">ES</a>.</p><p></p>
<p class="MsoNormal"><span style="ofont-size: 10pt; ofont-family: Arial;">¿Cómo se toman las decisiones públicas sobre cuestiones ambientales? ¿Existe relación entre la financiación de los partidos y las decisiones de los gobiernos? ¿Con qué criterios funcionan los organismos públicos? ¿Se puede restringir la democracia a una mera cuestión de votar y de usar esos votos para tomar decisiones? ¿Puede existir la democracia sin argumentos y decisiones de calidad? ¿Se puede aceptar como democrática la práctica, habitual, de “votos frente a argumentos”? ¿Por qué los partidos políticos muestran tanto rechazo a realizar debates públicos serios y honestos sobre temas controvertidos? ¿Defienden los gobiernos el interés público?<br />
</span></p>
<p class="MsoNormal"><span style="ofont-size: 10pt; ofont-family: Arial;">Este libro contesta a estas y otras cuestiones mostrando que los conflictos socio ambientales que vive Canarias en los últimos años reflejan un serio deterioro de la democracia formal y una destacada vitalidad por parte de la sociedad civil. Los autores son&nbsp;investigadores sociales que&nbsp;se han involucrado, además, como ciudadanos en los movimientos sociales que han surgido en&nbsp;estos años, con el doble objetivo de tratar de comprender mejor lo que está ocurriendo y de aportar luz, en la medida de lo posible, para argumentar con calidad, algo que falta, habitualmente.</span></p>
<p class="MsoNormal"><strong>Editado por Federico Aguilera Klink</strong>, el libro incluye los siguientes capítulos: <em>Investigación orientada a la comunidad: la experiencia del Centro de Estudios Ecosociales de la Universidad de La Laguna</em>, de José Manuel de Cózar Escalante y Juan Sánchez García;<em> Canarias como ultraperiferia de la democracia: rasgos e implicaciones fundamentales del modelo económico victimista</em>, de Federico Aguilera Klink; P<em>laneamiento urbano y participación ciudadana en Santa Cruz de Tenerife: entre el discurso participativo y la práctica oportunista</em>, de Luz Marina García Herrera y Fernando Sabaté Bel; <em>Aceleración autoritaria o sosiego democrático: del tiempo del capital al tiempo de la ciudadanía</em>, de Fernando Sabaté Bel; <em>La protección ambiental del suelo agrícola en Canarias. El Rincón (Tenerife) como referencia</em>, de Juan Sánchez García y María Elena Sánchez Jordán;<em> El deterioro ambiental en Canarias como resultado del deterioro de la calidad de la democracia</em>, de Federico Aguilera Klink y Juan Sánchez García; y <em>Seminario de las Medianías del Valle de La Orotova: algunas conclusiones.</em></p>
<p><strong>Presentación del libro, el 12 de abril de 2007, en la sede de la FCM:</strong> <a href="https://fcmanrique.org/fcm-actividad/calidad-de-la-democracia-y-protecci/?cpg=5">Acto de presentación</a></p>
