{"id":24522,"date":"2023-11-23T11:15:28","date_gmt":"2023-11-23T11:15:28","guid":{"rendered":"https:\/\/fcmanrique.org\/?post_type=fcm_publicacion&#038;p=24522"},"modified":"2025-06-02T12:38:06","modified_gmt":"2025-06-02T12:38:06","slug":"perspectiva-manrique","status":"publish","type":"fcm_publicacion","link":"https:\/\/fcmanrique.org\/it\/fcm-publicacion\/perspectiva-manrique\/","title":{"rendered":"Perspectiva Manrique"},"content":{"rendered":"<p class=\"qtranxs-available-languages-message qtranxs-available-languages-message-it\">Ci spiace, ma questo articolo \u00e8 disponibile soltanto in <a href=\"https:\/\/fcmanrique.org\/es\/wp-json\/wp\/v2\/fcm_publicacion\/24522\" class=\"qtranxs-available-language-link qtranxs-available-language-link-es\" title=\"ES\">ES<\/a>.<\/p><p><em><strong>Perspectiva Manrique<\/strong><\/em> aborda aspectos espec\u00edficos tanto de la vertiente personal del artista como de su obra. El lector tiene la oportunidad de adentrarse en una serie de aproximaciones que forman un mosaico transversal mediante el cual se dibujan los rasgos m\u00e1s elocuentes de la singular personalidad y la polifac\u00e9tica producci\u00f3n de C\u00e9sar Manrique.<\/p>\n<p>Las reflexiones de escritores, profesores universitarios, artistas, arquitectos, cr\u00edticos e investigadores relevantes de la cultura de Canarias aportan visiones sugerentes, heterog\u00e9neas e in\u00e9ditas que desvelan el car\u00e1cter poli\u00e9drico de un creador y de una obra tan actuales como originales.<\/p>\n<p>Los autores de los textos plantearon las visiones plasmadas en este libro durante las <strong>jornadas tituladas \u201c<a href=\"https:\/\/fcmanrique.org\/fcm-c-acti-celebrada\/perspectiva-manrique-dia-1\/\">Perspectiva Manrique\u201d<\/a><\/strong>, que, en enero de 2020, se desarrollaron en el marco de la conmemoraci\u00f3n del centenario del nacimiento de C\u00e9sar Manrique organizado por la Fundaci\u00f3n que lleva su nombre entre 2019 y 2020.<\/p>\n<p>Los participantes centraron sus intervenciones en aspectos espec\u00edficos del artista y su universo creativo, ya fuese la pintura, las obras paisaj\u00edsticas, el activismo o la subjetividad del autor. A trav\u00e9s de fogonazos anal\u00edticos, miradas originales y asociaciones intuitivas se subrayan atributos esenciales del sistema manrique\u00f1o o se apuntan lecturas sugerentes que ampl\u00edan la comprensi\u00f3n de una obra rica y actual que no deja de interpelar a nuestra \u00e9poca.<\/p>\n<p><strong>M\u00e1s informaci\u00f3n sobre las jornadas: <\/strong><a href=\"https:\/\/fcmanrique.org\/wp-content\/uploads\/fc-manrique-jornadas-perspectiva-manrique.pdf\">Nota de prensa<\/a><\/p>\n<p><strong>Programa completo de las jornadas: <\/strong><a href=\"https:\/\/fcmanrique.org\/wp-content\/uploads\/DIPTICO_JORNADAS_PERSPECTIVA_3.pdf\">Programa completo<\/a><\/p>\n<p><strong>Cr\u00f3nica de las jornadas, d\u00eda 1:<\/strong>&nbsp;<a href=\"https:\/\/fcmanrique.org\/fcm-c-acti-celebrada\/perspectiva-manrique-dia-1\/\" target=\"_blank\" rel=\"noopener\">L. Santana, L. Benavente, O. Guerra, J. Marrero, JM Fdez-Palacios, R. Mesa, M. Jorge, Y. Peralta, A. Berm\u00fadez, A. Puente<\/a>&nbsp;<\/p>\n<p><strong>Cr\u00f3nica de las jornadas, d\u00eda 2: <\/strong><a href=\"https:\/\/fcmanrique.org\/fcm-c-acti-celebrada\/perspectiva-manrique-dia-2\/\" target=\"_blank\" rel=\"noopener\">A. S\u00e1nchez, L. Bengoechea, F. Sabat\u00e9, M. Trujillo, F. Menis, L. Palmero, C. Vega, D. De la Rosa, S. Robayna, E. Su\u00e1rez<\/a><\/p>\n<p><strong>Cr\u00f3nica de las jornadas, d\u00eda 3:<\/strong>&nbsp;<a href=\"https:\/\/fcmanrique.org\/fcm-c-acti-celebrada\/perspectiva-manrique-dia-3\/\" target=\"_blank\" rel=\"noopener\">N. Palenzuela, C. Garc\u00eda, J. S\u00e1nchez, A. Llarena, C. D\u00edaz-Bertrana, J. Herrera, R-J. D\u00edaz, P. Ley, F. Pescador, M. Lemes<\/a> &nbsp;<\/p>\n<p><strong>Materiales:<\/strong><\/p>\n<p><strong>Publicaci\u00f3n Parte I: <\/strong><a href=\"https:\/\/fcmanrique.org\/wp-content\/uploads\/PERSPECTIVA-MANRIQUE_castellano_Varios-autores.pdf\" target=\"_blank\" rel=\"noopener\">Perspectiva Manrique (castellano)<\/a><\/p>\n<p><strong>Publicaci\u00f3n Parte II: <\/strong><a href=\"https:\/\/fcmanrique.org\/wp-content\/uploads\/PERSPECTIVA-MANRIQUE_Parte-2_English-version.pdf\" target=\"_blank\" rel=\"noopener\">Perspectiva Manrique (english version)<\/a><\/p>","protected":false},"featured_media":24575,"parent":0,"template":"","meta":{"_acf_changed":false,"ngg_post_thumbnail":0,"footnotes":""},"publicacion_coleccion":[60],"class_list":["post-24522","fcm_publicacion","type-fcm_publicacion","status-publish","has-post-thumbnail","hentry","publicacion_coleccion-ensayo"],"acf":[],"_links":{"self":[{"href":"https:\/\/fcmanrique.org\/it\/wp-json\/wp\/v2\/fcm_publicacion\/24522","targetHints":{"allow":["GET"]}}],"collection":[{"href":"https:\/\/fcmanrique.org\/it\/wp-json\/wp\/v2\/fcm_publicacion"}],"about":[{"href":"https:\/\/fcmanrique.org\/it\/wp-json\/wp\/v2\/types\/fcm_publicacion"}],"version-history":[{"count":14,"href":"https:\/\/fcmanrique.org\/it\/wp-json\/wp\/v2\/fcm_publicacion\/24522\/revisions"}],"predecessor-version":[{"id":26877,"href":"https:\/\/fcmanrique.org\/it\/wp-json\/wp\/v2\/fcm_publicacion\/24522\/revisions\/26877"}],"wp:featuredmedia":[{"embeddable":true,"href":"https:\/\/fcmanrique.org\/it\/wp-json\/wp\/v2\/media\/24575"}],"wp:attachment":[{"href":"https:\/\/fcmanrique.org\/it\/wp-json\/wp\/v2\/media?parent=24522"}],"wp:term":[{"taxonomy":"publicacion_coleccion","embeddable":true,"href":"https:\/\/fcmanrique.org\/it\/wp-json\/wp\/v2\/publicacion_coleccion?post=24522"}],"curies":[{"name":"wp","href":"https:\/\/api.w.org\/{rel}","templated":true}]}}

<p class="qtranxs-available-languages-message qtranxs-available-languages-message-it">Ci spiace, ma questo articolo è disponibile soltanto in <a href="https://fcmanrique.org/es/wp-json/wp/v2/fcm_publicacion/24522" class="qtranxs-available-language-link qtranxs-available-language-link-es" title="ES">ES</a>.</p><p><em><strong>Perspectiva Manrique</strong></em> aborda aspectos específicos tanto de la vertiente personal del artista como de su obra. El lector tiene la oportunidad de adentrarse en una serie de aproximaciones que forman un mosaico transversal mediante el cual se dibujan los rasgos más elocuentes de la singular personalidad y la polifacética producción de César Manrique.</p>
<p>Las reflexiones de escritores, profesores universitarios, artistas, arquitectos, críticos e investigadores relevantes de la cultura de Canarias aportan visiones sugerentes, heterogéneas e inéditas que desvelan el carácter poliédrico de un creador y de una obra tan actuales como originales.</p>
<p>Los autores de los textos plantearon las visiones plasmadas en este libro durante las <strong>jornadas tituladas “<a href="https://fcmanrique.org/fcm-c-acti-celebrada/perspectiva-manrique-dia-1/">Perspectiva Manrique”</a></strong>, que, en enero de 2020, se desarrollaron en el marco de la conmemoración del centenario del nacimiento de César Manrique organizado por la Fundación que lleva su nombre entre 2019 y 2020.</p>
<p>Los participantes centraron sus intervenciones en aspectos específicos del artista y su universo creativo, ya fuese la pintura, las obras paisajísticas, el activismo o la subjetividad del autor. A través de fogonazos analíticos, miradas originales y asociaciones intuitivas se subrayan atributos esenciales del sistema manriqueño o se apuntan lecturas sugerentes que amplían la comprensión de una obra rica y actual que no deja de interpelar a nuestra época.</p>
<p><strong>Más información sobre las jornadas: </strong><a href="https://fcmanrique.org/wp-content/uploads/fc-manrique-jornadas-perspectiva-manrique.pdf">Nota de prensa</a></p>
<p><strong>Programa completo de las jornadas: </strong><a href="https://fcmanrique.org/wp-content/uploads/DIPTICO_JORNADAS_PERSPECTIVA_3.pdf">Programa completo</a></p>
<p><strong>Crónica de las jornadas, día 1:</strong>&nbsp;<a href="https://fcmanrique.org/fcm-c-acti-celebrada/perspectiva-manrique-dia-1/" target="_blank" rel="noopener">L. Santana, L. Benavente, O. Guerra, J. Marrero, JM Fdez-Palacios, R. Mesa, M. Jorge, Y. Peralta, A. Bermúdez, A. Puente</a>&nbsp;</p>
<p><strong>Crónica de las jornadas, día 2: </strong><a href="https://fcmanrique.org/fcm-c-acti-celebrada/perspectiva-manrique-dia-2/" target="_blank" rel="noopener">A. Sánchez, L. Bengoechea, F. Sabaté, M. Trujillo, F. Menis, L. Palmero, C. Vega, D. De la Rosa, S. Robayna, E. Suárez</a></p>
<p><strong>Crónica de las jornadas, día 3:</strong>&nbsp;<a href="https://fcmanrique.org/fcm-c-acti-celebrada/perspectiva-manrique-dia-3/" target="_blank" rel="noopener">N. Palenzuela, C. García, J. Sánchez, A. Llarena, C. Díaz-Bertrana, J. Herrera, R-J. Díaz, P. Ley, F. Pescador, M. Lemes</a> &nbsp;</p>
<p><strong>Materiales:</strong></p>
<p><strong>Publicación Parte I: </strong><a href="https://fcmanrique.org/wp-content/uploads/PERSPECTIVA-MANRIQUE_castellano_Varios-autores.pdf" target="_blank" rel="noopener">Perspectiva Manrique (castellano)</a></p>
<p><strong>Publicación Parte II: </strong><a href="https://fcmanrique.org/wp-content/uploads/PERSPECTIVA-MANRIQUE_Parte-2_English-version.pdf" target="_blank" rel="noopener">Perspectiva Manrique (english version)</a></p>
