{"id":17961,"date":"2019-04-25T22:00:09","date_gmt":"2019-04-25T22:00:09","guid":{"rendered":"https:\/\/fcmanrique.org\/?post_type=fcm_video&#038;p=17961"},"modified":"2023-06-15T18:13:29","modified_gmt":"2023-06-15T18:13:29","slug":"conferencia-de-fernando-savater","status":"publish","type":"fcm_video","link":"https:\/\/fcmanrique.org\/it\/fcm-video\/conferencia-de-fernando-savater\/","title":{"rendered":"Fernando Savater. \u00abRegresando del progreso\u00bb"},"content":{"rendered":"<p class=\"qtranxs-available-languages-message qtranxs-available-languages-message-it\">Ci spiace, ma questo articolo \u00e8 disponibile soltanto in <a href=\"https:\/\/fcmanrique.org\/es\/wp-json\/wp\/v2\/fcm_video\/17961\" class=\"qtranxs-available-language-link qtranxs-available-language-link-es\" title=\"ES\">ES<\/a>.<\/p><p><strong>Ciclo de conferencias magistrales. Pensar los l\u00edmites de nuestro tiempo<\/strong><\/p>\n<p>En el marco de conferencias denominadas <em>Pensar los l\u00edmites de nuestro tiempo<\/em>, Fernando Savater, en la sede de la FCM de Taro de Tah\u00edche imparti\u00f3 una conferencia titulada <em>Regresando del progreso<\/em>.<\/p>\n<p><strong>Fernando Savater<\/strong> es fil\u00f3sofo, profesor de universidad, articulista y escritor de novelas y teatro. Ofreci\u00f3 una reflexi\u00f3n sobre la noci\u00f3n de progreso, considerada como portadora de una nueva fe y una esperanza casi religiosa en sus comienzos decimon\u00f3nicos para despu\u00e9s volverse m\u00e1s sombr\u00eda, hasta lo amenazador, en el siglo XX y, actualmente, ser de nuevo un concepto positivo pero mucho m\u00e1s moderado y cauteloso.<\/p>\n<p><strong>Leer la cr\u00f3nica de la conferencia:<\/strong> <a href=\"https:\/\/fcmanrique.org\/fcm-c-acti-celebrada\/savater-verdaderamente-la-simbiosis-arte-naturaleza-que-logro-manrique-a-mi-parecer-es-uno-de-los-casos-mas-extraordinarios-de-europa\/?lang=es\">https:\/\/fcmanrique.org\/fcm-c-acti-celebrada\/savater-verdaderamente-la-simbiosis-arte-naturaleza-que-logro-manrique-a-mi-parecer-es-uno-de-los-casos-mas-extraordinarios-de-europa\/?lang=es<\/a><\/p>\n<p><strong>M\u00e1s informaci\u00f3n:<\/strong>&nbsp;<a href=\"https:\/\/fcmanrique.org\/wp-content\/uploads\/fc-manrique-conferencia-magistral-fernando-savater.pdf\">Nota de prensa<\/a><\/p>","protected":false},"featured_media":23622,"parent":0,"template":"","meta":{"_acf_changed":false,"ngg_post_thumbnail":0,"footnotes":""},"video_coleccion":[97],"class_list":["post-17961","fcm_video","type-fcm_video","status-publish","has-post-thumbnail","hentry","video_coleccion-conferencia"],"acf":[],"_links":{"self":[{"href":"https:\/\/fcmanrique.org\/it\/wp-json\/wp\/v2\/fcm_video\/17961","targetHints":{"allow":["GET"]}}],"collection":[{"href":"https:\/\/fcmanrique.org\/it\/wp-json\/wp\/v2\/fcm_video"}],"about":[{"href":"https:\/\/fcmanrique.org\/it\/wp-json\/wp\/v2\/types\/fcm_video"}],"version-history":[{"count":34,"href":"https:\/\/fcmanrique.org\/it\/wp-json\/wp\/v2\/fcm_video\/17961\/revisions"}],"predecessor-version":[{"id":23533,"href":"https:\/\/fcmanrique.org\/it\/wp-json\/wp\/v2\/fcm_video\/17961\/revisions\/23533"}],"wp:featuredmedia":[{"embeddable":true,"href":"https:\/\/fcmanrique.org\/it\/wp-json\/wp\/v2\/media\/23622"}],"wp:attachment":[{"href":"https:\/\/fcmanrique.org\/it\/wp-json\/wp\/v2\/media?parent=17961"}],"wp:term":[{"taxonomy":"video_coleccion","embeddable":true,"href":"https:\/\/fcmanrique.org\/it\/wp-json\/wp\/v2\/video_coleccion?post=17961"}],"curies":[{"name":"wp","href":"https:\/\/api.w.org\/{rel}","templated":true}]}}

<p class="qtranxs-available-languages-message qtranxs-available-languages-message-it">Ci spiace, ma questo articolo è disponibile soltanto in <a href="https://fcmanrique.org/es/wp-json/wp/v2/fcm_video/17961" class="qtranxs-available-language-link qtranxs-available-language-link-es" title="ES">ES</a>.</p><p><strong>Ciclo de conferencias magistrales. Pensar los límites de nuestro tiempo</strong></p>
<p>En el marco de conferencias denominadas <em>Pensar los límites de nuestro tiempo</em>, Fernando Savater, en la sede de la FCM de Taro de Tahíche impartió una conferencia titulada <em>Regresando del progreso</em>.</p>
<p><strong>Fernando Savater</strong> es filósofo, profesor de universidad, articulista y escritor de novelas y teatro. Ofreció una reflexión sobre la noción de progreso, considerada como portadora de una nueva fe y una esperanza casi religiosa en sus comienzos decimonónicos para después volverse más sombría, hasta lo amenazador, en el siglo XX y, actualmente, ser de nuevo un concepto positivo pero mucho más moderado y cauteloso.</p>
<p><strong>Leer la crónica de la conferencia:</strong> <a href="https://fcmanrique.org/fcm-c-acti-celebrada/savater-verdaderamente-la-simbiosis-arte-naturaleza-que-logro-manrique-a-mi-parecer-es-uno-de-los-casos-mas-extraordinarios-de-europa/?lang=es">https://fcmanrique.org/fcm-c-acti-celebrada/savater-verdaderamente-la-simbiosis-arte-naturaleza-que-logro-manrique-a-mi-parecer-es-uno-de-los-casos-mas-extraordinarios-de-europa/?lang=es</a></p>
<p><strong>Más información:</strong>&nbsp;<a href="https://fcmanrique.org/wp-content/uploads/fc-manrique-conferencia-magistral-fernando-savater.pdf">Nota de prensa</a></p>
