{"id":19725,"date":"2019-06-19T08:57:26","date_gmt":"2019-06-19T08:57:26","guid":{"rendered":"https:\/\/fcmanrique.org\/?post_type=fcm_video&#038;p=19725"},"modified":"2023-06-15T18:13:28","modified_gmt":"2023-06-15T18:13:28","slug":"conversacion-ignacio-escolar-y-olga-rodriguez-javier-duran-y-jazael-ascanio-21-junio","status":"publish","type":"fcm_video","link":"https:\/\/fcmanrique.org\/it\/fcm-video\/conversacion-ignacio-escolar-y-olga-rodriguez-javier-duran-y-jazael-ascanio-21-junio\/","title":{"rendered":"Ignacio Escolar y Olga Rodr\u00edguez con Jazael Ascanio y Javier Dur\u00e1n . \u00abPeriodismo, democracia y posverdad\u00bb"},"content":{"rendered":"<p class=\"qtranxs-available-languages-message qtranxs-available-languages-message-it\">Ci spiace, ma questo articolo \u00e8 disponibile soltanto in <a href=\"https:\/\/fcmanrique.org\/es\/wp-json\/wp\/v2\/fcm_video\/19725\" class=\"qtranxs-available-language-link qtranxs-available-language-link-es\" title=\"ES\">ES<\/a>.<\/p><p><strong>Di\u00e1logos con periodistas. Democracia y periodismo en su laberinto<\/strong><\/p>\n<p>El di\u00e1logo entre Escolar y Rodr\u00edguez inaugurar\u00e1 el ciclo de di\u00e1logos con periodistas <em>Democracia y periodismo en su laberinto<\/em>, que se completar\u00e1 con otros dos encuentros: <em>Populismos y democracia<\/em>, con la participaci\u00f3n de Fernando Vallesp\u00edn; y <em>Presente y futuro del periodismo: digitalizaci\u00f3n, informaci\u00f3n, comunicaci\u00f3n y formaci\u00f3n de la opini\u00f3n p\u00fablica<\/em>, con la presencia de Leila Guerriero y Jes\u00fas Mara\u00f1a.<\/p>\n<p><strong>Ignacio Escolar<\/strong> es periodista, emprendedor y analista pol\u00edtico en radio y televisi\u00f3n. Es el fundador de eldiario.es, un medio que en pocos a\u00f1os se ha convertido en uno de los m\u00e1s le\u00eddos e influyentes en Espa\u00f1a por sus trabajos de investigaci\u00f3n, entre los que destacan las tarjetas black, los papeles de la Castellana o el m\u00e1ster de Cristina Cifuentes.<\/p>\n<p><strong>Olga Rodr\u00edguez<\/strong> es periodista y escritora, especializada en informaci\u00f3n internacional y Derechos Humanos. Ha cubierto algunos de los acontecimientos m\u00e1s importantes de los \u00faltimos 20 a\u00f1os en Oriente Pr\u00f3ximo y Medio, como la II Intifada Palestina, la invasi\u00f3n de Irak, el conflicto en Afganist\u00e1n, las revueltas \u00e1rabes o la crisis de los refugiados.<\/p>\n<p><strong>Leer la cr\u00f3nica de la conversaci\u00f3n:&nbsp;<\/strong><a href=\"https:\/\/fcmanrique.org\/fcm-c-acti-celebrada\/ignacio-escolar-la-situacion-de-los-medios-en-espana-es-hoy-mejor-que-hace-cinco-anos-porque-se-ha-encontrado-un-modelo-basado-en-la-confianza-del-lector\/?lang=es\">https:\/\/fcmanrique.org\/fcm-c-acti-celebrada\/ignacio-escolar-la-situacion-de-los-medios-en-espana-es-hoy-mejor-que-hace-cinco-anos-porque-se-ha-encontrado-un-modelo-basado-en-la-confianza-del-lector\/?lang=es<\/a><\/p>\n<p><strong>M\u00e1s informaci\u00f3n:&nbsp;<\/strong><a href=\"https:\/\/fcmanrique.org\/wp-content\/uploads\/fc-manrique-conversacion-ignacio-escolar-olga-rodriguez.pdf\">Nota de prensa<\/a><\/p>","protected":false},"featured_media":23632,"parent":0,"template":"","meta":{"_acf_changed":false,"ngg_post_thumbnail":0,"footnotes":""},"video_coleccion":[127],"class_list":["post-19725","fcm_video","type-fcm_video","status-publish","has-post-thumbnail","hentry","video_coleccion-conversacion"],"acf":[],"_links":{"self":[{"href":"https:\/\/fcmanrique.org\/it\/wp-json\/wp\/v2\/fcm_video\/19725","targetHints":{"allow":["GET"]}}],"collection":[{"href":"https:\/\/fcmanrique.org\/it\/wp-json\/wp\/v2\/fcm_video"}],"about":[{"href":"https:\/\/fcmanrique.org\/it\/wp-json\/wp\/v2\/types\/fcm_video"}],"version-history":[{"count":10,"href":"https:\/\/fcmanrique.org\/it\/wp-json\/wp\/v2\/fcm_video\/19725\/revisions"}],"predecessor-version":[{"id":23551,"href":"https:\/\/fcmanrique.org\/it\/wp-json\/wp\/v2\/fcm_video\/19725\/revisions\/23551"}],"wp:featuredmedia":[{"embeddable":true,"href":"https:\/\/fcmanrique.org\/it\/wp-json\/wp\/v2\/media\/23632"}],"wp:attachment":[{"href":"https:\/\/fcmanrique.org\/it\/wp-json\/wp\/v2\/media?parent=19725"}],"wp:term":[{"taxonomy":"video_coleccion","embeddable":true,"href":"https:\/\/fcmanrique.org\/it\/wp-json\/wp\/v2\/video_coleccion?post=19725"}],"curies":[{"name":"wp","href":"https:\/\/api.w.org\/{rel}","templated":true}]}}

Ignacio Escolar y Olga Rodríguez con Jazael Ascanio y Javier Durán . «Periodismo, democracia y posverdad»

<p class="qtranxs-available-languages-message qtranxs-available-languages-message-it">Ci spiace, ma questo articolo è disponibile soltanto in <a href="https://fcmanrique.org/es/wp-json/wp/v2/fcm_video/19725" class="qtranxs-available-language-link qtranxs-available-language-link-es" title="ES">ES</a>.</p><p><strong>Diálogos con periodistas. Democracia y periodismo en su laberinto</strong></p>
<p>El diálogo entre Escolar y Rodríguez inaugurará el ciclo de diálogos con periodistas <em>Democracia y periodismo en su laberinto</em>, que se completará con otros dos encuentros: <em>Populismos y democracia</em>, con la participación de Fernando Vallespín; y <em>Presente y futuro del periodismo: digitalización, información, comunicación y formación de la opinión pública</em>, con la presencia de Leila Guerriero y Jesús Maraña.</p>
<p><strong>Ignacio Escolar</strong> es periodista, emprendedor y analista político en radio y televisión. Es el fundador de eldiario.es, un medio que en pocos años se ha convertido en uno de los más leídos e influyentes en España por sus trabajos de investigación, entre los que destacan las tarjetas black, los papeles de la Castellana o el máster de Cristina Cifuentes.</p>
<p><strong>Olga Rodríguez</strong> es periodista y escritora, especializada en información internacional y Derechos Humanos. Ha cubierto algunos de los acontecimientos más importantes de los últimos 20 años en Oriente Próximo y Medio, como la II Intifada Palestina, la invasión de Irak, el conflicto en Afganistán, las revueltas árabes o la crisis de los refugiados.</p>
<p><strong>Leer la crónica de la conversación:&nbsp;</strong><a href="https://fcmanrique.org/fcm-c-acti-celebrada/ignacio-escolar-la-situacion-de-los-medios-en-espana-es-hoy-mejor-que-hace-cinco-anos-porque-se-ha-encontrado-un-modelo-basado-en-la-confianza-del-lector/?lang=es">https://fcmanrique.org/fcm-c-acti-celebrada/ignacio-escolar-la-situacion-de-los-medios-en-espana-es-hoy-mejor-que-hace-cinco-anos-porque-se-ha-encontrado-un-modelo-basado-en-la-confianza-del-lector/?lang=es</a></p>
<p><strong>Más información:&nbsp;</strong><a href="https://fcmanrique.org/wp-content/uploads/fc-manrique-conversacion-ignacio-escolar-olga-rodriguez.pdf">Nota de prensa</a></p>
