{"id":20115,"date":"2019-06-28T19:00:18","date_gmt":"2019-06-28T19:00:18","guid":{"rendered":"https:\/\/fcmanrique.org\/?post_type=fcm_video&#038;p=20115"},"modified":"2023-06-15T18:09:19","modified_gmt":"2023-06-15T18:09:19","slug":"curso-ante-el-antropoceno-cuando-la-humanidad-desborda-los-limites-biofisicos-del-planeta-28-de-junio-parte-2-2","status":"publish","type":"fcm_video","link":"https:\/\/fcmanrique.org\/it\/fcm-video\/curso-ante-el-antropoceno-cuando-la-humanidad-desborda-los-limites-biofisicos-del-planeta-28-de-junio-parte-2-2\/","title":{"rendered":"Ante el Antropoceno. \u00abAnte el Antropoceno, \u00bfqu\u00e9 hacer?\u00bb (Parte 2)"},"content":{"rendered":"<p class=\"qtranxs-available-languages-message qtranxs-available-languages-message-it\">Ci spiace, ma questo articolo \u00e8 disponibile soltanto in <a href=\"https:\/\/fcmanrique.org\/es\/wp-json\/wp\/v2\/fcm_video\/20115\" class=\"qtranxs-available-language-link qtranxs-available-language-link-es\" title=\"ES\">ES<\/a>.<\/p><p><em>Ante el Antropoceno. Cuando la humanidad desborda los l\u00edmites biof\u00edsicos del planeta<\/em><\/p>\n<p>Viernes, 28: <em>Ante el Antropoceno, \u00bfqu\u00e9 hacer?<\/em> Ponentes: Emilio Santiago Mui\u00f1o, Lolita Ch\u00e1vez, Yayo Herrero. Mesa redonda moderada por Irma Ferrer.<\/p>\n<p><em>\u201cHacia una antropolog\u00eda de la vulnerabilidad y los l\u00edmites\u201d.<\/em><\/p>\n<p><strong>Yayo Herrero<\/strong> es antrop\u00f3loga, Educadora Social e Ingeniera T\u00e9cnica Agr\u00edcola. Es profesora-colaboradora de la C\u00e1tedra Unesco de Educaci\u00f3n Ambiental y Desarrollo Sostenible en la UNED. Ha sido Directora General de la Fundaci\u00f3n FUHEM \u2013 que promueve la justicia social, la profundizaci\u00f3n de la democracia y la sostenibilidad ambiental. Actualmente es miembro de su Patronato. Ha sido coordinadora del \u00c1rea de Conocimiento en Red y Divulgaci\u00f3n del Centro Complutense de Estudios e Informaci\u00f3n Medioambiental, inscrito en la Fundaci\u00f3n General de la Universidad Complutense de Madrid. Ha sido Coordinadora Confederal de Ecologistas en Acci\u00f3n. Es coautora de m\u00e1s de una veintena de libros relacionados con la ecolog\u00eda social, el feminismo y las ciencias sociales.<\/p>\n<p><em>MESA REDONDA moderada por Irma Ferrer.<\/em><\/p>\n<p><strong>Irma Ferrer<\/strong> es licenciada en Derecho y ha ejercido como abogada en la defensa de diferentes causas medioambientales representando a colectivos ciudadanos, y a asociaciones de defensa de la naturaleza, &#8212; as\u00ed como en diferentes procedimientos contenciosos-administrativos y penales que tienen que ver con la corrupci\u00f3n urban\u00edstica (<em>Caso Uni\u00f3n, Caso Jable, Caso Stratvs, Caso Yate y Caso Costa Roja<\/em>, entre otros).<\/p>\n<p>Ha sido asesora de la Consejer\u00eda de Pol\u00edtica Territorial y Medio Ambiente del Cabildo Insular de Lanzarote y coordinadora del equipo de redacci\u00f3n del Plan Territorial Especial, dirigido por Fernando Prats. As\u00ed mismo, particip\u00f3 como letrada en la comisi\u00f3n municipal sobre el Plan General de Arrecife, en representaci\u00f3n de los movimientos sociales.<\/p>\n<p><strong>Leer la cr\u00f3nica del tercer d\u00eda del curso:<\/strong> <a href=\"https:\/\/fcmanrique.org\/fcm-c-acti-celebrada\/subversion-y-ternura-para-afrontar-una-declaracion-de-guerra-contra-la-vida\/?lang=es\">https:\/\/fcmanrique.org\/fcm-c-acti-celebrada\/subversion-y-ternura-para-afrontar-una-declaracion-de-guerra-contra-la-vida\/?lang=es<\/a><\/p>\n<p><strong>M\u00b4\u00e1s informaci\u00f3n:&nbsp;<\/strong><a href=\"https:\/\/fcmanrique.org\/wp-content\/uploads\/fc-manrique-programa-antropoceno.pdf\">Nota de prensa<\/a><\/p>","protected":false},"featured_media":23633,"parent":0,"template":"","meta":{"_acf_changed":false,"ngg_post_thumbnail":0,"footnotes":""},"video_coleccion":[136],"class_list":["post-20115","fcm_video","type-fcm_video","status-publish","has-post-thumbnail","hentry","video_coleccion-curso"],"acf":[],"_links":{"self":[{"href":"https:\/\/fcmanrique.org\/it\/wp-json\/wp\/v2\/fcm_video\/20115","targetHints":{"allow":["GET"]}}],"collection":[{"href":"https:\/\/fcmanrique.org\/it\/wp-json\/wp\/v2\/fcm_video"}],"about":[{"href":"https:\/\/fcmanrique.org\/it\/wp-json\/wp\/v2\/types\/fcm_video"}],"version-history":[{"count":8,"href":"https:\/\/fcmanrique.org\/it\/wp-json\/wp\/v2\/fcm_video\/20115\/revisions"}],"predecessor-version":[{"id":23642,"href":"https:\/\/fcmanrique.org\/it\/wp-json\/wp\/v2\/fcm_video\/20115\/revisions\/23642"}],"wp:featuredmedia":[{"embeddable":true,"href":"https:\/\/fcmanrique.org\/it\/wp-json\/wp\/v2\/media\/23633"}],"wp:attachment":[{"href":"https:\/\/fcmanrique.org\/it\/wp-json\/wp\/v2\/media?parent=20115"}],"wp:term":[{"taxonomy":"video_coleccion","embeddable":true,"href":"https:\/\/fcmanrique.org\/it\/wp-json\/wp\/v2\/video_coleccion?post=20115"}],"curies":[{"name":"wp","href":"https:\/\/api.w.org\/{rel}","templated":true}]}}

Ante el Antropoceno. «Ante el Antropoceno, ¿qué hacer?» (Parte 2)

<p class="qtranxs-available-languages-message qtranxs-available-languages-message-it">Ci spiace, ma questo articolo è disponibile soltanto in <a href="https://fcmanrique.org/es/wp-json/wp/v2/fcm_video/20115" class="qtranxs-available-language-link qtranxs-available-language-link-es" title="ES">ES</a>.</p><p><em>Ante el Antropoceno. Cuando la humanidad desborda los límites biofísicos del planeta</em></p>
<p>Viernes, 28: <em>Ante el Antropoceno, ¿qué hacer?</em> Ponentes: Emilio Santiago Muiño, Lolita Chávez, Yayo Herrero. Mesa redonda moderada por Irma Ferrer.</p>
<p><em>“Hacia una antropología de la vulnerabilidad y los límites”.</em></p>
<p><strong>Yayo Herrero</strong> es antropóloga, Educadora Social e Ingeniera Técnica Agrícola. Es profesora-colaboradora de la Cátedra Unesco de Educación Ambiental y Desarrollo Sostenible en la UNED. Ha sido Directora General de la Fundación FUHEM – que promueve la justicia social, la profundización de la democracia y la sostenibilidad ambiental. Actualmente es miembro de su Patronato. Ha sido coordinadora del Área de Conocimiento en Red y Divulgación del Centro Complutense de Estudios e Información Medioambiental, inscrito en la Fundación General de la Universidad Complutense de Madrid. Ha sido Coordinadora Confederal de Ecologistas en Acción. Es coautora de más de una veintena de libros relacionados con la ecología social, el feminismo y las ciencias sociales.</p>
<p><em>MESA REDONDA moderada por Irma Ferrer.</em></p>
<p><strong>Irma Ferrer</strong> es licenciada en Derecho y ha ejercido como abogada en la defensa de diferentes causas medioambientales representando a colectivos ciudadanos, y a asociaciones de defensa de la naturaleza, &#8212; así como en diferentes procedimientos contenciosos-administrativos y penales que tienen que ver con la corrupción urbanística (<em>Caso Unión, Caso Jable, Caso Stratvs, Caso Yate y Caso Costa Roja</em>, entre otros).</p>
<p>Ha sido asesora de la Consejería de Política Territorial y Medio Ambiente del Cabildo Insular de Lanzarote y coordinadora del equipo de redacción del Plan Territorial Especial, dirigido por Fernando Prats. Así mismo, participó como letrada en la comisión municipal sobre el Plan General de Arrecife, en representación de los movimientos sociales.</p>
<p><strong>Leer la crónica del tercer día del curso:</strong> <a href="https://fcmanrique.org/fcm-c-acti-celebrada/subversion-y-ternura-para-afrontar-una-declaracion-de-guerra-contra-la-vida/?lang=es">https://fcmanrique.org/fcm-c-acti-celebrada/subversion-y-ternura-para-afrontar-una-declaracion-de-guerra-contra-la-vida/?lang=es</a></p>
<p><strong>M´ás información:&nbsp;</strong><a href="https://fcmanrique.org/wp-content/uploads/fc-manrique-programa-antropoceno.pdf">Nota de prensa</a></p>
