{"id":21791,"date":"2020-01-30T19:00:24","date_gmt":"2020-01-30T19:00:24","guid":{"rendered":"https:\/\/fcmanrique.org\/?post_type=fcm_video&#038;p=21791"},"modified":"2023-06-15T18:08:36","modified_gmt":"2023-06-15T18:08:36","slug":"conferencia-estrella-de-diego-a-proposito-del-exito-cesar-manrique-agitador-cultural-30-enero","status":"publish","type":"fcm_video","link":"https:\/\/fcmanrique.org\/it\/fcm-video\/conferencia-estrella-de-diego-a-proposito-del-exito-cesar-manrique-agitador-cultural-30-enero\/","title":{"rendered":"Estrella de Diego. \u00abA prop\u00f3sito del \u00e9xito. C\u00e9sar Manrique agitador cultural\u00bb"},"content":{"rendered":"<p class=\"qtranxs-available-languages-message qtranxs-available-languages-message-it\">Ci spiace, ma questo articolo \u00e8 disponibile soltanto in <a href=\"https:\/\/fcmanrique.org\/es\/wp-json\/wp\/v2\/fcm_video\/21791\" class=\"qtranxs-available-language-link qtranxs-available-language-link-es\" title=\"ES\">ES<\/a>.<\/p><p><strong>Ciclo de conferencias. C\u00e9sar Manrique y sus contextos<\/strong><\/p>\n<p>Esta conferencia se incluye dentro del ciclo \u201cC\u00e9sar Manrique y sus contextos\u201d, en el que ya han participado Juan Vicente Aliaga, Carme Pin\u00f3s y Sim\u00f3n March\u00e1n,&nbsp; y que continuar\u00e1 con otras intervenciones como la de Patricia Molins el 10 de marzo o la de Jos\u00e9 Luis de la Nuez Santana el 16 de abril.<\/p>\n<p><strong>Estrella de Diego<\/strong> es ensayista, Catedr\u00e1tica de la Universidad Complutense de Madrid y Acad\u00e9mica de n\u00famero de la Academia de Bellas Artes de San Fernando de Madrid. As\u00ed mismo, es columnista habitual del diario&nbsp;<em>El Pa\u00eds<\/em>.<\/p>\n<p><strong>Leer la cr\u00f3nica de la conferencia:<\/strong>&nbsp;<a href=\"https:\/\/fcmanrique.org\/fcm-c-acti-celebrada\/estrella-de-diego\/?lang=es\">https:\/\/fcmanrique.org\/fcm-c-acti-celebrada\/estrella-de-diego\/?lang=es<\/a><\/p>\n<p><strong>M\u00e1s informaci\u00f3n:<\/strong>&nbsp;<a href=\"https:\/\/fcmanrique.org\/wp-content\/uploads\/fc-manrique-conferencia-estrella-de-diego.pdf\">Nota de prensa<\/a><\/p>","protected":false},"featured_media":23656,"parent":0,"template":"","meta":{"_acf_changed":false,"ngg_post_thumbnail":0,"footnotes":""},"video_coleccion":[97],"class_list":["post-21791","fcm_video","type-fcm_video","status-publish","has-post-thumbnail","hentry","video_coleccion-conferencia"],"acf":[],"_links":{"self":[{"href":"https:\/\/fcmanrique.org\/it\/wp-json\/wp\/v2\/fcm_video\/21791","targetHints":{"allow":["GET"]}}],"collection":[{"href":"https:\/\/fcmanrique.org\/it\/wp-json\/wp\/v2\/fcm_video"}],"about":[{"href":"https:\/\/fcmanrique.org\/it\/wp-json\/wp\/v2\/types\/fcm_video"}],"version-history":[{"count":16,"href":"https:\/\/fcmanrique.org\/it\/wp-json\/wp\/v2\/fcm_video\/21791\/revisions"}],"predecessor-version":[{"id":23531,"href":"https:\/\/fcmanrique.org\/it\/wp-json\/wp\/v2\/fcm_video\/21791\/revisions\/23531"}],"wp:featuredmedia":[{"embeddable":true,"href":"https:\/\/fcmanrique.org\/it\/wp-json\/wp\/v2\/media\/23656"}],"wp:attachment":[{"href":"https:\/\/fcmanrique.org\/it\/wp-json\/wp\/v2\/media?parent=21791"}],"wp:term":[{"taxonomy":"video_coleccion","embeddable":true,"href":"https:\/\/fcmanrique.org\/it\/wp-json\/wp\/v2\/video_coleccion?post=21791"}],"curies":[{"name":"wp","href":"https:\/\/api.w.org\/{rel}","templated":true}]}}

Estrella de Diego. «A propósito del éxito. César Manrique agitador cultural»

<p class="qtranxs-available-languages-message qtranxs-available-languages-message-it">Ci spiace, ma questo articolo è disponibile soltanto in <a href="https://fcmanrique.org/es/wp-json/wp/v2/fcm_video/21791" class="qtranxs-available-language-link qtranxs-available-language-link-es" title="ES">ES</a>.</p><p><strong>Ciclo de conferencias. César Manrique y sus contextos</strong></p>
<p>Esta conferencia se incluye dentro del ciclo “César Manrique y sus contextos”, en el que ya han participado Juan Vicente Aliaga, Carme Pinós y Simón Marchán,&nbsp; y que continuará con otras intervenciones como la de Patricia Molins el 10 de marzo o la de José Luis de la Nuez Santana el 16 de abril.</p>
<p><strong>Estrella de Diego</strong> es ensayista, Catedrática de la Universidad Complutense de Madrid y Académica de número de la Academia de Bellas Artes de San Fernando de Madrid. Así mismo, es columnista habitual del diario&nbsp;<em>El País</em>.</p>
<p><strong>Leer la crónica de la conferencia:</strong>&nbsp;<a href="https://fcmanrique.org/fcm-c-acti-celebrada/estrella-de-diego/?lang=es">https://fcmanrique.org/fcm-c-acti-celebrada/estrella-de-diego/?lang=es</a></p>
<p><strong>Más información:</strong>&nbsp;<a href="https://fcmanrique.org/wp-content/uploads/fc-manrique-conferencia-estrella-de-diego.pdf">Nota de prensa</a></p>
