{"id":26783,"date":"2025-05-19T10:36:28","date_gmt":"2025-05-19T10:36:28","guid":{"rendered":"https:\/\/fcmanrique.org\/?post_type=fcm_video&#038;p=26783"},"modified":"2025-05-28T07:32:07","modified_gmt":"2025-05-28T07:32:07","slug":"de-la-imagen-tradicional-a-la-ia-parte-iii","status":"publish","type":"fcm_video","link":"https:\/\/fcmanrique.org\/it\/fcm-video\/de-la-imagen-tradicional-a-la-ia-parte-iii\/","title":{"rendered":"De la imagen tradicional a la IA &#8211; Parte III"},"content":{"rendered":"<p class=\"qtranxs-available-languages-message qtranxs-available-languages-message-it\">Ci spiace, ma questo articolo \u00e8 disponibile soltanto in <a href=\"https:\/\/fcmanrique.org\/es\/wp-json\/wp\/v2\/fcm_video\/26783\" class=\"qtranxs-available-language-link qtranxs-available-language-link-es\" title=\"ES\">ES<\/a>.<\/p><p><strong>Taller<\/strong><\/p>\n<p>La Fundaci\u00f3n C\u00e9sar Manrique (FCM) organiz\u00f3 el taller titulado \u201cDe la imagen tradicional a la IA. Creaci\u00f3n de imagen y v\u00eddeo con inteligencia artificial\u201d, que fue impartido por United Unknown \u2014un colectivo que utiliza el activismo visual y la s\u00e1tira pol\u00edtica como herramienta cr\u00edtica masiva\u2014, el pasado martes 13 de mayo de 2025, en la sala Jos\u00e9 Saramago de La Plazuela (Arrecife).<\/p>\n<p>El taller, gir\u00f3 en torno a tres grandes bloques: Qu\u00e9 es y c\u00f3mo funciona la IA, as\u00ed como varios ejemplos de proyectos que han usado la IA en su producci\u00f3n; Herramientas de generaci\u00f3n de im\u00e1genes y v\u00eddeo; y Desaf\u00edos \u00e9ticos y la cultura del Remix.<\/p>\n<p><strong>Cr\u00f3nica de la conferencia: <\/strong><a href=\"https:\/\/fcmanrique.org\/fcm-actividad\/united-unknown-con-las-nuevas-tecnologias-hay-mas-medios-para-manipular-de-forma-convincente\/?cpg=0\" target=\"_blank\" rel=\"noopener\"> Cr\u00f3nica<\/a><\/p>\n<p><strong>M\u00e1s informaci\u00f3n:<\/strong> <a href=\"https:\/\/fcmanrique.org\/wp-content\/uploads\/fcmanrique-np-taller-united-unknown.pdf\" target=\"_blank\" rel=\"noopener\">Nota de prensa<\/a><\/p>","protected":false},"featured_media":26780,"parent":0,"template":"","meta":{"_acf_changed":false,"ngg_post_thumbnail":0,"footnotes":""},"video_coleccion":[154],"class_list":["post-26783","fcm_video","type-fcm_video","status-publish","has-post-thumbnail","hentry","video_coleccion-taller"],"acf":[],"_links":{"self":[{"href":"https:\/\/fcmanrique.org\/it\/wp-json\/wp\/v2\/fcm_video\/26783","targetHints":{"allow":["GET"]}}],"collection":[{"href":"https:\/\/fcmanrique.org\/it\/wp-json\/wp\/v2\/fcm_video"}],"about":[{"href":"https:\/\/fcmanrique.org\/it\/wp-json\/wp\/v2\/types\/fcm_video"}],"version-history":[{"count":4,"href":"https:\/\/fcmanrique.org\/it\/wp-json\/wp\/v2\/fcm_video\/26783\/revisions"}],"predecessor-version":[{"id":26847,"href":"https:\/\/fcmanrique.org\/it\/wp-json\/wp\/v2\/fcm_video\/26783\/revisions\/26847"}],"wp:featuredmedia":[{"embeddable":true,"href":"https:\/\/fcmanrique.org\/it\/wp-json\/wp\/v2\/media\/26780"}],"wp:attachment":[{"href":"https:\/\/fcmanrique.org\/it\/wp-json\/wp\/v2\/media?parent=26783"}],"wp:term":[{"taxonomy":"video_coleccion","embeddable":true,"href":"https:\/\/fcmanrique.org\/it\/wp-json\/wp\/v2\/video_coleccion?post=26783"}],"curies":[{"name":"wp","href":"https:\/\/api.w.org\/{rel}","templated":true}]}}

<p class="qtranxs-available-languages-message qtranxs-available-languages-message-it">Ci spiace, ma questo articolo è disponibile soltanto in <a href="https://fcmanrique.org/es/wp-json/wp/v2/fcm_video/26783" class="qtranxs-available-language-link qtranxs-available-language-link-es" title="ES">ES</a>.</p><p><strong>Taller</strong></p>
<p>La Fundación César Manrique (FCM) organizó el taller titulado “De la imagen tradicional a la IA. Creación de imagen y vídeo con inteligencia artificial”, que fue impartido por United Unknown —un colectivo que utiliza el activismo visual y la sátira política como herramienta crítica masiva—, el pasado martes 13 de mayo de 2025, en la sala José Saramago de La Plazuela (Arrecife).</p>
<p>El taller, giró en torno a tres grandes bloques: Qué es y cómo funciona la IA, así como varios ejemplos de proyectos que han usado la IA en su producción; Herramientas de generación de imágenes y vídeo; y Desafíos éticos y la cultura del Remix.</p>
<p><strong>Crónica de la conferencia: </strong><a href="https://fcmanrique.org/fcm-actividad/united-unknown-con-las-nuevas-tecnologias-hay-mas-medios-para-manipular-de-forma-convincente/?cpg=0" target="_blank" rel="noopener"> Crónica</a></p>
<p><strong>Más información:</strong> <a href="https://fcmanrique.org/wp-content/uploads/fcmanrique-np-taller-united-unknown.pdf" target="_blank" rel="noopener">Nota de prensa</a></p>
