{"id":27010,"date":"2025-09-30T09:40:24","date_gmt":"2025-09-30T09:40:24","guid":{"rendered":"https:\/\/fcmanrique.org\/?post_type=fcm_video&#038;p=27010"},"modified":"2025-10-09T08:57:09","modified_gmt":"2025-10-09T08:57:09","slug":"presentacion-libro-jose-maria-palacio","status":"publish","type":"fcm_video","link":"https:\/\/fcmanrique.org\/it\/fcm-video\/presentacion-libro-jose-maria-palacio\/","title":{"rendered":"Presentaci\u00f3n del libro \u00abLos bosques term\u00f3filos. Canarias, Madeira y Cabo Verde\u00bb"},"content":{"rendered":"<p class=\"qtranxs-available-languages-message qtranxs-available-languages-message-it\">Ci spiace, ma questo articolo \u00e8 disponibile soltanto in <a href=\"https:\/\/fcmanrique.org\/es\/wp-json\/wp\/v2\/fcm_video\/27010\" class=\"qtranxs-available-language-link qtranxs-available-language-link-es\" title=\"ES\">ES<\/a>.<\/p><p><br \/>\n<strong>Presentaci\u00f3n. Libro<\/strong><\/p>\n<p>La Fundaci\u00f3n C\u00e9sar Manrique (FCM) present\u00f3 el pasado jueves 2 de octubre de 2025, la publicaci\u00f3n titulada &#8220;Los bosques term\u00f3filos. Canarias, Madeira y Cabo Verde&#8221;. Consiste en un exhaustivo trabajo de investigaci\u00f3n coordinado por el catedr\u00e1tico de Ecolog\u00eda de la Universidad de La Laguna, Jos\u00e9 Mar\u00eda Fern\u00e1ndez-Palacios, en el que participa un grupo de doce investigadores de diferentes universidades y que est\u00e1 editado por Macaronesia Editorial. El acto tuvo lugar en la sala Jos\u00e9 Saramago (Arrecife) y fue retransmitido en directo a trav\u00e9s de la web y el canal de Youtube de la FCM.<\/p>\n<p><strong>Cr\u00f3nica de la conferencia:<\/strong>&nbsp;<a href=\"https:\/\/fcmanrique.org\/fcm-actividad\/jose-maria-fernandez-palacios-los-bosques-termofilos-son-el-aspecto-mediterraneo-del-archipielago-canario\/?cpg=0\" target=\"_blank\" rel=\"noopener\">Cr\u00f3nica<\/a><\/p>\n<p><strong>M\u00e1s informaci\u00f3n:<\/strong>&nbsp;<a href=\"https:\/\/fcmanrique.org\/wp-content\/uploads\/np-11.25.-Presentacion-libro-Los-bosques-termofilos.pdf\" target=\"_blank\" rel=\"noopener\">Nota de prensa<\/a><\/p>\n<p><\/p>","protected":false},"featured_media":27238,"parent":0,"template":"","meta":{"_acf_changed":false,"ngg_post_thumbnail":0,"footnotes":""},"video_coleccion":[145],"class_list":["post-27010","fcm_video","type-fcm_video","status-publish","has-post-thumbnail","hentry","video_coleccion-presentacion-libro"],"acf":[],"_links":{"self":[{"href":"https:\/\/fcmanrique.org\/it\/wp-json\/wp\/v2\/fcm_video\/27010","targetHints":{"allow":["GET"]}}],"collection":[{"href":"https:\/\/fcmanrique.org\/it\/wp-json\/wp\/v2\/fcm_video"}],"about":[{"href":"https:\/\/fcmanrique.org\/it\/wp-json\/wp\/v2\/types\/fcm_video"}],"version-history":[{"count":27,"href":"https:\/\/fcmanrique.org\/it\/wp-json\/wp\/v2\/fcm_video\/27010\/revisions"}],"predecessor-version":[{"id":27188,"href":"https:\/\/fcmanrique.org\/it\/wp-json\/wp\/v2\/fcm_video\/27010\/revisions\/27188"}],"wp:featuredmedia":[{"embeddable":true,"href":"https:\/\/fcmanrique.org\/it\/wp-json\/wp\/v2\/media\/27238"}],"wp:attachment":[{"href":"https:\/\/fcmanrique.org\/it\/wp-json\/wp\/v2\/media?parent=27010"}],"wp:term":[{"taxonomy":"video_coleccion","embeddable":true,"href":"https:\/\/fcmanrique.org\/it\/wp-json\/wp\/v2\/video_coleccion?post=27010"}],"curies":[{"name":"wp","href":"https:\/\/api.w.org\/{rel}","templated":true}]}}

Presentación del libro «Los bosques termófilos. Canarias, Madeira y Cabo Verde»

<p class="qtranxs-available-languages-message qtranxs-available-languages-message-it">Ci spiace, ma questo articolo è disponibile soltanto in <a href="https://fcmanrique.org/es/wp-json/wp/v2/fcm_video/27010" class="qtranxs-available-language-link qtranxs-available-language-link-es" title="ES">ES</a>.</p><p><br />
<strong>Presentación. Libro</strong></p>
<p>La Fundación César Manrique (FCM) presentó el pasado jueves 2 de octubre de 2025, la publicación titulada &#8220;Los bosques termófilos. Canarias, Madeira y Cabo Verde&#8221;. Consiste en un exhaustivo trabajo de investigación coordinado por el catedrático de Ecología de la Universidad de La Laguna, José María Fernández-Palacios, en el que participa un grupo de doce investigadores de diferentes universidades y que está editado por Macaronesia Editorial. El acto tuvo lugar en la sala José Saramago (Arrecife) y fue retransmitido en directo a través de la web y el canal de Youtube de la FCM.</p>
<p><strong>Crónica de la conferencia:</strong>&nbsp;<a href="https://fcmanrique.org/fcm-actividad/jose-maria-fernandez-palacios-los-bosques-termofilos-son-el-aspecto-mediterraneo-del-archipielago-canario/?cpg=0" target="_blank" rel="noopener">Crónica</a></p>
<p><strong>Más información:</strong>&nbsp;<a href="https://fcmanrique.org/wp-content/uploads/np-11.25.-Presentacion-libro-Los-bosques-termofilos.pdf" target="_blank" rel="noopener">Nota de prensa</a></p>
<p></p>
